{"id":1326,"date":"2019-08-13T20:00:36","date_gmt":"2019-08-13T20:00:36","guid":{"rendered":"https:\/\/joukkosieessa.fi\/?page_id=1326"},"modified":"2020-04-25T21:11:45","modified_gmt":"2020-04-25T21:11:45","slug":"sodan-aika","status":"publish","type":"page","link":"https:\/\/joukkosieessa.fi\/index.php\/sodan-aika\/","title":{"rendered":"Sodan aika"},"content":{"rendered":"<div id='full_slider_1'  class='avia-fullwidth-slider main_color avia-shadow   avia-builder-el-0  el_before_av_one_full  avia-builder-el-first   container_wrap sidebar_right'  >\n<style type=\"text\/css\" data-created_by=\"avia_inline_auto\" id=\"style-css-av-k2u964ut-5163915c96be24279fc55ab1f2ed7c78\">\n#top #wrap_all .avia-slideshow .av-slideshow-caption.av-k2u964ut-5163915c96be24279fc55ab1f2ed7c78__0 .avia-caption-title{\nfont-size:24px;\n}\n<\/style>\n<div  class='avia-slideshow av-k2u964ut-5163915c96be24279fc55ab1f2ed7c78 avia-slideshow-featured av_slideshow_full avia-slide-slider av-slideshow-ui av-control-default av-slideshow-manual av-loop-once av-loop-manual-endless av-default-height-applied   avia-slideshow-1' data-slideshow-options=\"{&quot;animation&quot;:&quot;slide&quot;,&quot;autoplay&quot;:false,&quot;loop_autoplay&quot;:&quot;once&quot;,&quot;interval&quot;:5,&quot;loop_manual&quot;:&quot;manual-endless&quot;,&quot;autoplay_stopper&quot;:false,&quot;noNavigation&quot;:false,&quot;bg_slider&quot;:false,&quot;keep_padding&quot;:false,&quot;hoverpause&quot;:false,&quot;show_slide_delay&quot;:0}\"  itemprop=\"image\" itemscope=\"itemscope\" itemtype=\"https:\/\/schema.org\/ImageObject\" ><ul class='avia-slideshow-inner ' style='padding-bottom: 28.666666666667%;'><li  class='avia-slideshow-slide av-k2u964ut-5163915c96be24279fc55ab1f2ed7c78__0  av-single-slide slide-1 slide-odd'><div data-rel='slideshow-1' class='avia-slide-wrap '   ><div class='av-slideshow-caption av-k2u964ut-5163915c96be24279fc55ab1f2ed7c78__0 caption_fullwidth caption_bottom'><div class=\"container caption_container\"><div class=\"slideshow_caption\"><div class=\"slideshow_inner_caption\"><div class=\"slideshow_align_caption\"><h2 class='avia-caption-title '  itemprop=\"name\" >SODAN AIKA<\/h2><\/div><\/div><\/div><\/div><\/div><img fetchpriority=\"high\" class=\"wp-image-1751 avia-img-lazy-loading-not-1751\"  src='https:\/\/joukkosieessa.fi\/wp-content\/uploads\/2019\/11\/JoukE_Helsingin_pommitukset-1500x430.png' width='1500' height='430' title='JoukE_Helsingin_pommitukset' alt=''  itemprop=\"thumbnailUrl\"   \/><\/div><\/li><\/ul><\/div><\/div><div id='after_full_slider_1'  class='main_color av_default_container_wrap container_wrap sidebar_right'  ><div class='container av-section-cont-open' ><div class='template-page content  av-content-small alpha units'><div class='post-entry post-entry-type-page post-entry-1326'><div class='entry-content-wrapper clearfix'>\n\n<style type=\"text\/css\" data-created_by=\"avia_inline_auto\" id=\"style-css-av-8oedum-4a8f9068561d68eb8dac8e60ba227ec3\">\n.flex_column.av-8oedum-4a8f9068561d68eb8dac8e60ba227ec3{\nborder-radius:0px 0px 0px 0px;\npadding:0px 0px 0px 0px;\n}\n<\/style>\n<div  class='flex_column av-8oedum-4a8f9068561d68eb8dac8e60ba227ec3 av_one_full  avia-builder-el-1  el_after_av_slideshow_full  el_before_av_one_full  avia-builder-el-first  first flex_column_div av-zero-column-padding  '     ><style type=\"text\/css\" data-created_by=\"avia_inline_auto\" id=\"style-css-av-k2u8r9zq-195680c9b4f16fedccb9a4a29156755a\">\n#top .av-special-heading.av-k2u8r9zq-195680c9b4f16fedccb9a4a29156755a{\npadding-bottom:10px;\n}\nbody .av-special-heading.av-k2u8r9zq-195680c9b4f16fedccb9a4a29156755a .av-special-heading-tag .heading-char{\nfont-size:25px;\n}\n.av-special-heading.av-k2u8r9zq-195680c9b4f16fedccb9a4a29156755a .av-subheading{\nfont-size:15px;\n}\n<\/style>\n<div  class='av-special-heading av-k2u8r9zq-195680c9b4f16fedccb9a4a29156755a av-special-heading-h2  avia-builder-el-2  avia-builder-el-no-sibling '><h2 class='av-special-heading-tag'  itemprop=\"headline\"  >SODAN AIKA<\/h2><div class=\"special-heading-border\"><div class=\"special-heading-inner-border\"><\/div><\/div><\/div><\/div>\n\n<style type=\"text\/css\" data-created_by=\"avia_inline_auto\" id=\"style-css-av-876qr2-ab14d1f7ce253b599540b27a061f2cf7\">\n.flex_column.av-876qr2-ab14d1f7ce253b599540b27a061f2cf7{\nborder-radius:0px 0px 0px 0px;\npadding:0px 0px 0px 0px;\n}\n<\/style>\n<div  class='flex_column av-876qr2-ab14d1f7ce253b599540b27a061f2cf7 av_one_full  avia-builder-el-3  el_after_av_one_full  el_before_av_one_full  first flex_column_div av-zero-column-padding  column-top-margin'     ><p>\n<style type=\"text\/css\" data-created_by=\"avia_inline_auto\" id=\"style-css-av-av_heading-86585913fdc719c431399f5dc57da627\">\n#top .av-special-heading.av-av_heading-86585913fdc719c431399f5dc57da627{\npadding-bottom:10px;\n}\nbody .av-special-heading.av-av_heading-86585913fdc719c431399f5dc57da627 .av-special-heading-tag .heading-char{\nfont-size:25px;\n}\n.av-special-heading.av-av_heading-86585913fdc719c431399f5dc57da627 .av-subheading{\nfont-size:15px;\n}\n<\/style>\n<div  class='av-special-heading av-av_heading-86585913fdc719c431399f5dc57da627 av-special-heading-h4  avia-builder-el-4  el_before_av_textblock  avia-builder-el-first '><h4 class='av-special-heading-tag'  itemprop=\"headline\"  >TALVISOTA<\/h4><div class=\"special-heading-border\"><div class=\"special-heading-inner-border\"><\/div><\/div><\/div><br \/>\n<section  class='av_textblock_section av-k2u9r0iw-3fee830d592e15d2bb5f4ed76155ca3b '   itemscope=\"itemscope\" itemtype=\"https:\/\/schema.org\/CreativeWork\" ><div class='avia_textblock'  itemprop=\"text\" ><p>Talvisota syttyi 30.11.1939 Neuvostoliiton hy\u00f6k\u00e4tess\u00e4 Suomeen. Sodan ensimm\u00e4isell\u00e4 viikolla joulukuussa 1939 k\u00e4yd\u00e4\u00e4n suojajoukkotaistelut, jolloin suomalaiset vet\u00e4ytyv\u00e4t Kannaksella p\u00e4\u00e4asemaan Kuolemaj\u00e4rvi \u2013 Summa \u2013 Muolaa \u2013 Kiviniemi \u2013 Suvanto \u2013 Taipale \u2013 tasalle ja It\u00e4-Karjalassa Tolvaj\u00e4rvi \u2013 Kollaa &#8211; Kitil\u00e4 \u2013 tasalle. Itsen\u00e4isyysp\u00e4iv\u00e4n\u00e4 alkavat taistelut Taipaleessa.<\/p>\n<p>Tolvaj\u00e4rven suuntaan perustetaan Ryhm\u00e4 Talvela ja Suomussalmen suuntaan Ryhm\u00e4 Siilasvuo. Seuraavan viikon aikana vihollinen pys\u00e4ytet\u00e4\u00e4n Kollaalla, Tolvaj\u00e4rvell\u00e4 ja Suomussalmella. Joulukuun puoliv\u00e4liss\u00e4 vihollinen yritt\u00e4\u00e4 ensimm\u00e4isen kerran murtaa Summan puolustuksen siin\u00e4 onnistumatta. II Armeijakunta tekee 23.12. ep\u00e4onnistuneen vastahy\u00f6kk\u00e4yksen Kannaksella.<\/p>\n<\/div><\/section><\/p><\/div>\n<style type=\"text\/css\" data-created_by=\"avia_inline_auto\" id=\"style-css-av-jity6-5be3eab96032e2665c0d12018330f21e\">\n.flex_column.av-jity6-5be3eab96032e2665c0d12018330f21e{\nborder-radius:0px 0px 0px 0px;\npadding:0px 0px 0px 0px;\n}\n<\/style>\n<div  class='flex_column av-jity6-5be3eab96032e2665c0d12018330f21e av_one_full  avia-builder-el-6  el_after_av_one_full  el_before_av_one_full  first flex_column_div av-zero-column-padding  column-top-margin'     ><p>\n<style type=\"text\/css\" data-created_by=\"avia_inline_auto\" id=\"style-css-av-k2u8r9zq-8784dc39fb19318c18a39da018a81658\">\n#top .av-special-heading.av-k2u8r9zq-8784dc39fb19318c18a39da018a81658{\npadding-bottom:10px;\n}\nbody .av-special-heading.av-k2u8r9zq-8784dc39fb19318c18a39da018a81658 .av-special-heading-tag .heading-char{\nfont-size:25px;\n}\n.av-special-heading.av-k2u8r9zq-8784dc39fb19318c18a39da018a81658 .av-subheading{\nfont-size:15px;\n}\n<\/style>\n<div  class='av-special-heading av-k2u8r9zq-8784dc39fb19318c18a39da018a81658 av-special-heading-h4  avia-builder-el-7  el_before_av_textblock  avia-builder-el-first '><h4 class='av-special-heading-tag'  itemprop=\"headline\"  >V\u00c4LIRAUHA<\/h4><div class=\"special-heading-border\"><div class=\"special-heading-inner-border\"><\/div><\/div><\/div><br \/>\n<section  class='av_textblock_section av-k2ua1q43-cc32f1afe416f9b394fbf9baa4988e32 '   itemscope=\"itemscope\" itemtype=\"https:\/\/schema.org\/CreativeWork\" ><div class='avia_textblock'  itemprop=\"text\" ><p>V\u00e4lirauha\u00a0on\u00a0Suomen historian\u00a0ajanjakso\u00a0talvisodan\u00a0p\u00e4\u00e4tt\u00e4neest\u00e4\u00a0Moskovan rauhasta\u00a0(13. maaliskuuta 1940)\u00a0jatkosodan\u00a0alkuun (25. kes\u00e4kuuta 1941).<\/p>\n<p>Kyseist\u00e4 aikaa leimasi ep\u00e4vakaa maailmanpoliittinen tilanne sek\u00e4 yleisesti\u00a0Euroopassa\u00a0ett\u00e4 erityisesti Baltian maissa ja Neuvostoliiton Suomeen kohdistama ajoittainen poliittinen painostus. Samoin my\u00f6s l\u00e4nsivaltojen poliittinen ja sotilaallinen heikkeneminen vuoden 1940 aikana, kuten my\u00f6s muun muassa\u00a0Ranskan,\u00a0Norjan\u00a0ja\u00a0Tanskan valtaus, sek\u00e4 Suomen aktiivinen hakeutuminen yh\u00e4 enemm\u00e4n\u00a0Saksan\u00a0liittolaiseksi.<\/p>\n<\/div><\/section><\/p><\/div><\/p>\n\n<style type=\"text\/css\" data-created_by=\"avia_inline_auto\" id=\"style-css-av-49lndq-31d8f69db2698c35a67e913db873f35e\">\n.flex_column.av-49lndq-31d8f69db2698c35a67e913db873f35e{\nborder-radius:0px 0px 0px 0px;\npadding:0px 0px 0px 0px;\n}\n<\/style>\n<div  class='flex_column av-49lndq-31d8f69db2698c35a67e913db873f35e av_one_full  avia-builder-el-9  el_after_av_one_full  el_before_av_one_full  first flex_column_div av-zero-column-padding  column-top-margin'     ><p>\n<style type=\"text\/css\" data-created_by=\"avia_inline_auto\" id=\"style-css-av-k2u8r9zq-ba9ddca2875ac175b504a4e60083f41c\">\n#top .av-special-heading.av-k2u8r9zq-ba9ddca2875ac175b504a4e60083f41c{\npadding-bottom:10px;\n}\nbody .av-special-heading.av-k2u8r9zq-ba9ddca2875ac175b504a4e60083f41c .av-special-heading-tag .heading-char{\nfont-size:25px;\n}\n.av-special-heading.av-k2u8r9zq-ba9ddca2875ac175b504a4e60083f41c .av-subheading{\nfont-size:15px;\n}\n<\/style>\n<div  class='av-special-heading av-k2u8r9zq-ba9ddca2875ac175b504a4e60083f41c av-special-heading-h4  avia-builder-el-10  el_before_av_textblock  avia-builder-el-first '><h4 class='av-special-heading-tag'  itemprop=\"headline\"  >JATKOSOTA<\/h4><div class=\"special-heading-border\"><div class=\"special-heading-inner-border\"><\/div><\/div><\/div><br \/>\n<section  class='av_textblock_section av-k2u9uo87-996b01ff338819bb7552a0d05e095713 '   itemscope=\"itemscope\" itemtype=\"https:\/\/schema.org\/CreativeWork\" ><div class='avia_textblock'  itemprop=\"text\" ><p>Kes\u00e4-hein\u00e4kuu 1941: Puolustusvoimat saatetaan 10.\u201322.6. sodan ajan kokoonpanoon. Neuvostoliiton lentokoneet pommittavat useita kaupunkeja 25.6. ja Suomi julistaa sodan seuraavana p\u00e4iv\u00e4n\u00e4.<\/p>\n<p>Pohjois-Suomessa saksalaisille alistetut 6. Divisioona ja III Armeijakunta aloittavat hein\u00e4kuun alkupuolella hy\u00f6kk\u00e4yksen Alakurtin sek\u00e4 Kiestingin \u2013 Uhtuan suuntaan. Rukaj\u00e4rven suunnassa 14. Divisioona aloittaa etenemisen vallaten 24.7. Omelian. Laatokan pohjoispuolella Karjalan Armeija aloittaa etenemisen 10.7. saavuttaen 23.7. Tuulosjoen, johon pys\u00e4ytt\u00e4\u00e4 tilap\u00e4isesti hy\u00f6kk\u00e4yksen.<\/p>\n<p>Vihollinen yritt\u00e4\u00e4 26.7. vallata Hangon l\u00e4nsipuolella olevan Bengtsk\u00e4rin saaren, jonka omistuksesta k\u00e4yd\u00e4\u00e4n ankara taistelu. Laatokan luoteispuolella alkaa taistelu Tyrj\u00e4n kyl\u00e4st\u00e4.<\/p>\n<\/div><\/section><\/p><\/div>\n\n<style type=\"text\/css\" data-created_by=\"avia_inline_auto\" id=\"style-css-av-2ftw6m-3befc94e3eeaee1f9b73feb22208970f\">\n.flex_column.av-2ftw6m-3befc94e3eeaee1f9b73feb22208970f{\nborder-radius:0px 0px 0px 0px;\npadding:0px 0px 0px 0px;\n}\n<\/style>\n<div  class='flex_column av-2ftw6m-3befc94e3eeaee1f9b73feb22208970f av_one_full  avia-builder-el-12  el_after_av_one_full  avia-builder-el-last  first flex_column_div av-zero-column-padding  column-top-margin'     ><p>\n<style type=\"text\/css\" data-created_by=\"avia_inline_auto\" id=\"style-css-av-k2u8r9zq-8edb01763a1c68baadad204a3e5d6763\">\n#top .av-special-heading.av-k2u8r9zq-8edb01763a1c68baadad204a3e5d6763{\npadding-bottom:10px;\n}\nbody .av-special-heading.av-k2u8r9zq-8edb01763a1c68baadad204a3e5d6763 .av-special-heading-tag .heading-char{\nfont-size:25px;\n}\n.av-special-heading.av-k2u8r9zq-8edb01763a1c68baadad204a3e5d6763 .av-subheading{\nfont-size:15px;\n}\n<\/style>\n<div  class='av-special-heading av-k2u8r9zq-8edb01763a1c68baadad204a3e5d6763 av-special-heading-h4  avia-builder-el-13  el_before_av_textblock  avia-builder-el-first '><h4 class='av-special-heading-tag'  itemprop=\"headline\"  >LAPIN SOTA<\/h4><div class=\"special-heading-border\"><div class=\"special-heading-inner-border\"><\/div><\/div><\/div><br \/>\n<section  class='av_textblock_section av-k2u9xbc2-6751d95e009af239739d25f23d137c8e '   itemscope=\"itemscope\" itemtype=\"https:\/\/schema.org\/CreativeWork\" ><div class='avia_textblock'  itemprop=\"text\" ><p>Aselepo Suomen ja Neuvostoliiton v\u00e4lill\u00e4 astuu voimaan 4.\/5.9. Lapin sota alkaa 15.9. saksalaisten yritt\u00e4ess\u00e4 vallata Suursaaren. Moskovan v\u00e4lirauhasopimus solmitaan 19.9. Suomalaiset nousevat 1.10. maihin Torniossa, jossa, samoin kuin Kemiss\u00e4, k\u00e4yd\u00e4\u00e4n kiivaita taisteluja viikon ajan. Lokakuun aikana suomalaiset valtaavat Rovaniemen, Sodankyl\u00e4n ja Muonion.<\/p>\n<p>Ryhm\u00e4 Lagus saavuttaa Utsjoen marraskuun lopussa. Puolustusvoimat saatetaan rauhan ajan vahvuuteen 3.12. menness\u00e4. Ryhm\u00e4 Puroma saavuttaa tammikuun -45 puoliv\u00e4liss\u00e4 Kilpisj\u00e4rven tasan, johon eteneminen pys\u00e4ytet\u00e4\u00e4n. Saksalaiset aloittavat vet\u00e4ytymisen Kilpisj\u00e4rvelt\u00e4 huhtikuun alussa ja poistuvat omaehtoisesti Norjan puolelle 27.4.1945, jolloin Lapin sota p\u00e4\u00e4ttyy<\/p>\n<\/div><\/section><\/p><\/div>\n","protected":false},"excerpt":{"rendered":"","protected":false},"author":1,"featured_media":0,"parent":0,"menu_order":2,"comment_status":"closed","ping_status":"closed","template":"","meta":{"footnotes":""},"class_list":["post-1326","page","type-page","status-publish","hentry"],"_links":{"self":[{"href":"https:\/\/joukkosieessa.fi\/index.php\/wp-json\/wp\/v2\/pages\/1326","targetHints":{"allow":["GET"]}}],"collection":[{"href":"https:\/\/joukkosieessa.fi\/index.php\/wp-json\/wp\/v2\/pages"}],"about":[{"href":"https:\/\/joukkosieessa.fi\/index.php\/wp-json\/wp\/v2\/types\/page"}],"author":[{"embeddable":true,"href":"https:\/\/joukkosieessa.fi\/index.php\/wp-json\/wp\/v2\/users\/1"}],"replies":[{"embeddable":true,"href":"https:\/\/joukkosieessa.fi\/index.php\/wp-json\/wp\/v2\/comments?post=1326"}],"version-history":[{"count":14,"href":"https:\/\/joukkosieessa.fi\/index.php\/wp-json\/wp\/v2\/pages\/1326\/revisions"}],"predecessor-version":[{"id":3913,"href":"https:\/\/joukkosieessa.fi\/index.php\/wp-json\/wp\/v2\/pages\/1326\/revisions\/3913"}],"wp:attachment":[{"href":"https:\/\/joukkosieessa.fi\/index.php\/wp-json\/wp\/v2\/media?parent=1326"}],"curies":[{"name":"wp","href":"https:\/\/api.w.org\/{rel}","templated":true}]}}