{"id":1912,"date":"2020-01-05T16:47:29","date_gmt":"2020-01-05T16:47:29","guid":{"rendered":"https:\/\/joukkosieessa.fi\/?page_id=1912"},"modified":"2020-01-05T16:48:13","modified_gmt":"2020-01-05T16:48:13","slug":"sodan-paivamaarat-1941","status":"publish","type":"page","link":"https:\/\/joukkosieessa.fi\/index.php\/sodan-paivamaarat\/sodan-paivamaarat-1941\/","title":{"rendered":"Sodan p\u00e4iv\u00e4m\u00e4\u00e4r\u00e4t 1941"},"content":{"rendered":"<div id='full_slider_1'  class='avia-fullwidth-slider main_color avia-shadow   avia-builder-el-0  el_before_av_one_full  avia-builder-el-first   container_wrap sidebar_right'  >\n<style type=\"text\/css\" data-created_by=\"avia_inline_auto\" id=\"style-css-av-akhp-b6f614b8154ad80be0284d699659eb53\">\n#top .avia-slideshow .av-slideshow-caption.av-akhp-b6f614b8154ad80be0284d699659eb53__0 .avia-caption-content{\nfont-size:14px;\n}\n#top .avia-slideshow .av-slideshow-caption.av-akhp-b6f614b8154ad80be0284d699659eb53__0 .avia-caption-content p{\nfont-size:14px;\n}\n<\/style>\n<div  class='avia-slideshow av-akhp-b6f614b8154ad80be0284d699659eb53 avia-slideshow-featured av_slideshow_full avia-slide-slider av-slideshow-ui av-control-default av-slideshow-manual av-loop-once av-loop-manual-endless av-default-height-applied   avia-slideshow-1' data-slideshow-options=\"{&quot;animation&quot;:&quot;slide&quot;,&quot;autoplay&quot;:false,&quot;loop_autoplay&quot;:&quot;once&quot;,&quot;interval&quot;:5,&quot;loop_manual&quot;:&quot;manual-endless&quot;,&quot;autoplay_stopper&quot;:false,&quot;noNavigation&quot;:false,&quot;bg_slider&quot;:false,&quot;keep_padding&quot;:false,&quot;hoverpause&quot;:false,&quot;show_slide_delay&quot;:0}\"  itemprop=\"image\" itemscope=\"itemscope\" itemtype=\"https:\/\/schema.org\/ImageObject\" ><ul class='avia-slideshow-inner ' style='padding-bottom: 28.666666666667%;'><li  class='avia-slideshow-slide av-akhp-b6f614b8154ad80be0284d699659eb53__0  av-single-slide slide-1 slide-odd'><div data-rel='slideshow-1' class='avia-slide-wrap '   ><div class='av-slideshow-caption av-akhp-b6f614b8154ad80be0284d699659eb53__0 caption_fullwidth caption_bottom caption_bottom_framed caption_framed'><div class=\"container caption_container\"><div class=\"slideshow_caption\"><div class=\"slideshow_inner_caption\"><div class=\"slideshow_align_caption\"><div class='avia-caption-content '  itemprop=\"description\" ><p>L\u00f6nnrotinkatu Helsingiss\u00e4 ilmapommituksen j\u00e4ljilt\u00e4 30.11.1939.<\/p>\n<\/div><\/div><\/div><\/div><\/div><\/div><img fetchpriority=\"high\" class=\"wp-image-1807 avia-img-lazy-loading-not-1807\"  src='https:\/\/joukkosieessa.fi\/wp-content\/uploads\/2019\/12\/talvisota_11_39-1500x430.png' width='1500' height='430' title='talvisota_11_39' alt=''  itemprop=\"thumbnailUrl\"   \/><\/div><\/li><\/ul><\/div><\/div><div id='after_full_slider_1'  class='main_color av_default_container_wrap container_wrap sidebar_right'  ><div class='container av-section-cont-open' ><div class='template-page content  av-content-small alpha units'><div class='post-entry post-entry-type-page post-entry-1912'><div class='entry-content-wrapper clearfix'>\n\n<style type=\"text\/css\" data-created_by=\"avia_inline_auto\" id=\"style-css-av-79f1-1280664b05e2eaf6fd9346541c87cb15\">\n.flex_column.av-79f1-1280664b05e2eaf6fd9346541c87cb15{\nborder-radius:0px 0px 0px 0px;\npadding:0px 0px 0px 0px;\n}\n<\/style>\n<div  class='flex_column av-79f1-1280664b05e2eaf6fd9346541c87cb15 av_one_full  avia-builder-el-1  el_after_av_slideshow_full  el_before_av_one_full  avia-builder-el-first  first flex_column_div av-zero-column-padding  '     ><style type=\"text\/css\" data-created_by=\"avia_inline_auto\" id=\"style-css-av-k518g84z-05ee96225b4a507c07660fe4f34e1540\">\n#top .av-special-heading.av-k518g84z-05ee96225b4a507c07660fe4f34e1540{\nmargin:0 0 -5px 0;\npadding-bottom:0;\n}\nbody .av-special-heading.av-k518g84z-05ee96225b4a507c07660fe4f34e1540 .av-special-heading-tag .heading-char{\nfont-size:25px;\n}\n.av-special-heading.av-k518g84z-05ee96225b4a507c07660fe4f34e1540 .av-subheading{\nfont-size:15px;\n}\n<\/style>\n<div  class='av-special-heading av-k518g84z-05ee96225b4a507c07660fe4f34e1540 av-special-heading-h1  avia-builder-el-2  avia-builder-el-no-sibling '><h1 class='av-special-heading-tag'  itemprop=\"headline\"  >Sodan p\u00e4iv\u00e4m\u00e4\u00e4r\u00e4t 1941<\/h1><div class=\"special-heading-border\"><div class=\"special-heading-inner-border\"><\/div><\/div><\/div><\/div>\n<style type=\"text\/css\" data-created_by=\"avia_inline_auto\" id=\"style-css-av-4k1r-3ed26eaf4f9e1fe5afee569a008105ec\">\n.flex_column.av-4k1r-3ed26eaf4f9e1fe5afee569a008105ec{\nborder-radius:0px 0px 0px 0px;\npadding:0px 0px 10px 10px;\n}\n<\/style>\n<div  class='flex_column av-4k1r-3ed26eaf4f9e1fe5afee569a008105ec av_one_full  avia-builder-el-3  el_after_av_one_full  avia-builder-el-last  first flex_column_div  column-top-margin'     ><style type=\"text\/css\" data-created_by=\"avia_inline_auto\" id=\"style-css-av-3o2n-f8ecf9facd2b0c750a152e7b87905b4d\">\n#top .av_textblock_section.av-3o2n-f8ecf9facd2b0c750a152e7b87905b4d .avia_textblock{\nfont-size:15px;\n}\n<\/style>\n<section  class='av_textblock_section av-3o2n-f8ecf9facd2b0c750a152e7b87905b4d '   itemscope=\"itemscope\" itemtype=\"https:\/\/schema.org\/CreativeWork\" ><div class='avia_textblock'  itemprop=\"text\" ><table>\n<tbody>\n<tr>\n<td width=\"80\">10.6.<\/td>\n<td colspan=\"3\" width=\"441\">Rauhanajan joukkojen p\u00e4\u00e4osa (rajakomppaniat, 13 prikaatia sek\u00e4 Petsamon erillisosasto) sotavahvuiseksi; linnoitusjoukot sek\u00e4 Pohjois-Suomessa perustettavat alueelliset ilmatorjuntayksik\u00f6t ja ilmavalvontaelimet ylim\u00e4\u00e4r\u00e4isiin harjoituksiin.<\/td>\n<\/tr>\n<tr>\n<td>12.6.<\/td>\n<td colspan=\"3\">Ratsuv\u00e4kiprikaati sodanajan kokoonpanoon.<\/td>\n<\/tr>\n<tr>\n<td>15.6.<\/td>\n<td colspan=\"3\">Merivoimat (ml. suurin osa merivoimille alistettavista maavoimien joukoista) sodanuhkakokoonpanoon; k\u00e4sky perustaa Pohjois-Suomen joukot alistettuna V AK:n (III AK:n) johdossa saksalaiselle armeijan esikunnalle.<\/td>\n<\/tr>\n<tr>\n<td>16.6.<\/td>\n<td colspan=\"3\">Ilmavoimat sodanajan kokoonpanoon.<\/td>\n<\/tr>\n<tr>\n<td>17.6.<\/td>\n<td colspan=\"3\">Kutsu ylim\u00e4\u00e4r\u00e4isiin harjoituksiin; Merivoimat t\u00e4yteen valmiuteen<\/td>\n<\/tr>\n<tr>\n<td>18.6.<\/td>\n<td colspan=\"3\">Ensimm\u00e4inen liikekannallepanop\u00e4iv\u00e4.<\/td>\n<\/tr>\n<tr>\n<td>22.6.<\/td>\n<td colspan=\"3\">Saksa hy\u00f6kk\u00e4\u00e4 Neuvostoliittoon; JR14 Ahvenanmaalle<\/td>\n<\/tr>\n<tr>\n<td>25.6.<\/td>\n<td colspan=\"3\">NL:n ilmavoimat pommittavat 19:\u00e4\u00e4 paikkakuntaa Suomessa<\/td>\n<\/tr>\n<tr>\n<td>26.6.<\/td>\n<td colspan=\"3\">Sodanjulistus; Kentt\u00e4armeija:<\/td>\n<\/tr>\n<tr>\n<td><\/td>\n<td><\/td>\n<td colspan=\"2\">6.D alistettu saksalaiselle XXXVI AK:lle (Salla)<\/td>\n<\/tr>\n<tr>\n<td><\/td>\n<td><\/td>\n<td colspan=\"2\">III AK (3.D) AOK Norwegenin johdossa (Kiestinki \u2013 Uhtua)<\/td>\n<\/tr>\n<tr>\n<td><\/td>\n<td><\/td>\n<td colspan=\"2\">14.D P\u00e4\u00e4majan johdossa (Rukaj\u00e4rvi)<\/td>\n<\/tr>\n<tr>\n<td><\/td>\n<td><\/td>\n<td colspan=\"2\">Karjalan Armeija (Laatokan Karjala)<\/td>\n<\/tr>\n<tr>\n<td><\/td>\n<td><\/td>\n<td><\/td>\n<td>1.D, 1.JPr<\/td>\n<\/tr>\n<tr>\n<td><\/td>\n<td><\/td>\n<td><\/td>\n<td>Ryhm\u00e4 Oinonen (2.JPr, RvPr)<\/td>\n<\/tr>\n<tr>\n<td><\/td>\n<td><\/td>\n<td><\/td>\n<td>VII AK (5.D, 11.D, 7.D, 19.D)<\/td>\n<\/tr>\n<tr>\n<td><\/td>\n<td><\/td>\n<td colspan=\"2\">II AK (2.D, 15.D, 18.D) (Joutseno \u2013 Pyh\u00e4j\u00e4rvi)<\/td>\n<\/tr>\n<tr>\n<td><\/td>\n<td><\/td>\n<td colspan=\"2\">V AK (10.D) (Vainikkala \u2013 Joutseno)<\/td>\n<\/tr>\n<tr>\n<td><\/td>\n<td><\/td>\n<td colspan=\"2\">IV AK (4.D, 8.D, 12.D) (Virolahti &#8211; Vainikkala)<\/td>\n<\/tr>\n<tr>\n<td><\/td>\n<td><\/td>\n<td colspan=\"2\">17.D Merivoimien johdossa (Hankoniemi)<\/td>\n<\/tr>\n<tr>\n<td>30.6.<\/td>\n<td colspan=\"3\">V AK lakkautetaan ja 10.D IV AK:aan; KarA:aan uusi VI AK (5.D, 11.D, 1.JPr)<\/td>\n<\/tr>\n<tr>\n<td>1.7.<\/td>\n<td colspan=\"3\">III AK aloittaa hy\u00f6kk\u00e4yksen Kiestingin \u2013 Uhtuan suuntaan, 3.D jakaantuneena kahteen osaan (Ryhm\u00e4 J ja Ryhm\u00e4 F)<\/td>\n<\/tr>\n<tr>\n<td>4.7.<\/td>\n<td colspan=\"3\">14.D aloittaa hy\u00f6kk\u00e4yksen kohti Repolaa<\/td>\n<\/tr>\n<tr>\n<td>10.7.<\/td>\n<td colspan=\"3\">Karjalan armeijan hy\u00f6kk\u00e4ys alkaa Ristim\u00e4ell\u00e4 (VI AK)<\/td>\n<\/tr>\n<tr>\n<td>12.7.<\/td>\n<td colspan=\"3\">Ryhm\u00e4 Oinonen valtaa Tolvaj\u00e4rven<\/td>\n<\/tr>\n<tr>\n<td>13.\u201324.7.<\/td>\n<td colspan=\"3\">Omelian mottitaistelut (14.D)<\/td>\n<\/tr>\n<tr>\n<td>14.7.<\/td>\n<td colspan=\"3\">1.JPr valtaa Loimolan<\/td>\n<\/tr>\n<tr>\n<td>16.7.<\/td>\n<td colspan=\"3\">VI AK valtaa Koirinojan;<\/td>\n<\/tr>\n<tr>\n<td>17.\u201322.7.<\/td>\n<td colspan=\"3\">N\u00e4\u00e4t\u00e4ojan aseman taistelut (JR56\/1.D)<\/td>\n<\/tr>\n<tr>\n<td>21.7.<\/td>\n<td colspan=\"3\">5.D valtaa Salmin<\/td>\n<\/tr>\n<tr>\n<td>23.7.<\/td>\n<td colspan=\"3\">Karjalan Armeijan hy\u00f6kk\u00e4ys pys\u00e4htyy Tuulosjoelle<\/td>\n<\/tr>\n<tr>\n<td>24.7.<\/td>\n<td colspan=\"3\">14.D valtaa Omelian<\/td>\n<\/tr>\n<tr>\n<td>25.7.<\/td>\n<td colspan=\"3\">10.D Ylip\u00e4\u00e4llik\u00f6n reserviksi; Os Lagus perustetaan (1.JPr [+PsP] ja JR44)<\/td>\n<\/tr>\n<tr>\n<td>26.7.<\/td>\n<td colspan=\"3\">Bengtsk\u00e4rin taistelu<\/td>\n<\/tr>\n<tr>\n<td>26.7. \u2013 5.8.<\/td>\n<td colspan=\"3\">Okanm\u00e4en taistelu (19.D)<\/td>\n<\/tr>\n<tr>\n<td>31.7.<\/td>\n<td colspan=\"3\">Ryhm\u00e4 F:n (III AK) hy\u00f6kk\u00e4ys pys\u00e4htyy Kiskisj\u00e4rven kannakselle<\/td>\n<\/tr>\n<tr>\n<td>31.7.\u20134.8.<\/td>\n<td colspan=\"3\">Tyrj\u00e4n taistelu (JR7)<\/td>\n<\/tr>\n<tr>\n<td>1.8.<\/td>\n<td colspan=\"3\">Hy\u00f6kk\u00e4ys Kannaksella alkaa (II AK)<\/td>\n<\/tr>\n<tr>\n<td>2.8.<\/td>\n<td colspan=\"3\">2.D katkaisee Elisenvaaran \u2013 Lahdenpohjan rautatien Akkaharjussa<\/td>\n<\/tr>\n<tr>\n<td>3.8.<\/td>\n<td colspan=\"2\">10.D II AK:lle<\/td>\n<td><\/td>\n<\/tr>\n<tr>\n<td>7.8.<\/td>\n<td colspan=\"3\">JR7 valtaa Lahdenpohjan; Ryhm\u00e4 J saavuttaa Kiestingin<\/td>\n<\/tr>\n<tr>\n<td>8.8.<\/td>\n<td colspan=\"3\">10.D valtaa Hiitolan ja Kaukolan<\/td>\n<\/tr>\n<tr>\n<td>12.8.<\/td>\n<td colspan=\"3\">14.D valtaa Ontrosenvaaran<\/td>\n<\/tr>\n<tr>\n<td>13.\u201317.8.<\/td>\n<td colspan=\"3\">I AKE perustetaan Sortavalan valtausta varten (2., 7. ja 19.D); 17.D Hangosta Aunukseen; VII AKE Sortavalasta Aunukseen (1. ja 11.D); VI AK (1.JPr, 5.D, 17.D)<\/td>\n<\/tr>\n<tr>\n<td>14.8.<\/td>\n<td colspan=\"3\">III AK:n organisaatiomuutos: Ryhma J \u00e0 Div J; Ryhma F \u00e0 3.D<\/td>\n<\/tr>\n<tr>\n<td>15.8.<\/td>\n<td colspan=\"3\">7.D valtaa Sortavalan<\/td>\n<\/tr>\n<tr>\n<td>17.8.<\/td>\n<td colspan=\"3\">18.D ylitt\u00e4\u00e4 Vuoksen<\/td>\n<\/tr>\n<tr>\n<td>19.\u201321.8.<\/td>\n<td colspan=\"3\">Suvilahden valtaus (11.D)<\/td>\n<\/tr>\n<tr>\n<td>20.8.<\/td>\n<td colspan=\"3\">I AK saavuttaa Rautalahden Laatokan rannalla<\/td>\n<\/tr>\n<tr>\n<td>20.8. \u2013 8.9.<\/td>\n<td colspan=\"3\">Kiestingin mottitaistelut (Div J)<\/td>\n<\/tr>\n<tr>\n<td>21.8.<\/td>\n<td colspan=\"3\">JR36 (15.D) ja JR2 (10.D) valtaavat K\u00e4kisalmen; 11.D valtaa Suvilahden<\/td>\n<\/tr>\n<tr>\n<td>22.8.<\/td>\n<td colspan=\"3\">IV AK aloittaa hy\u00f6kk\u00e4yksen Kannaksen l\u00e4nsiosassa<\/td>\n<\/tr>\n<tr>\n<td>23.8.<\/td>\n<td colspan=\"3\">15.D etenee Taipaleenjoelle<\/td>\n<\/tr>\n<tr>\n<td>24.8.<\/td>\n<td colspan=\"3\">8.D aloittaa Viipurinlahden ylimenon; 19.D Sortavalasta R\u00e4is\u00e4l\u00e4\u00e4n<\/td>\n<\/tr>\n<tr>\n<td>25.-31.8.<\/td>\n<td colspan=\"3\">Sotj\u00e4rven \u2013S\u00e4\u00e4m\u00e4j\u00e4rven taistelut (11.D)<\/td>\n<\/tr>\n<tr>\n<td>29.8.<\/td>\n<td colspan=\"3\">Viipurin valtaus (IV AK); 6.D saavuttaa Alakurtin<\/td>\n<\/tr>\n<tr>\n<td>30.8.<\/td>\n<td colspan=\"3\">7.D Sortavalasta Tulemaj\u00e4rvelle KarA:n johtoon;<\/td>\n<\/tr>\n<tr>\n<td>1.9.<\/td>\n<td colspan=\"3\">Porlammen motin valtaus;<\/td>\n<\/tr>\n<tr>\n<td>1.9.<\/td>\n<td colspan=\"2\">Kentt\u00e4armeija<\/td>\n<td><\/td>\n<\/tr>\n<tr>\n<td><\/td>\n<td><\/td>\n<td colspan=\"2\">6.D XXXVI AK:n johdossa Salla<\/td>\n<\/tr>\n<tr>\n<td><\/td>\n<td><\/td>\n<td colspan=\"2\">III AK (3.D, Div J) AOK Norwegenin johdossa Kiestinki &#8211; Uhtua<\/td>\n<\/tr>\n<tr>\n<td><\/td>\n<td><\/td>\n<td colspan=\"2\">14.D P\u00e4\u00e4majan johdossa Rukaj\u00e4rvi<\/td>\n<\/tr>\n<tr>\n<td><\/td>\n<td><\/td>\n<td colspan=\"2\">163.D P\u00e4\u00e4majan reservi<\/td>\n<\/tr>\n<tr>\n<td><\/td>\n<td><\/td>\n<td colspan=\"2\">4.D Ylip\u00e4\u00e4llik\u00f6n reservi Kannaksella<\/td>\n<\/tr>\n<tr>\n<td><\/td>\n<td><\/td>\n<td colspan=\"2\">Karjalan Armeija<\/td>\n<\/tr>\n<tr>\n<td><\/td>\n<td><\/td>\n<td><\/td>\n<td>7.D<\/td>\n<\/tr>\n<tr>\n<td><\/td>\n<td><\/td>\n<td><\/td>\n<td>Ryhm\u00e4 O (2.JPR, RvPr)<\/td>\n<\/tr>\n<tr>\n<td><\/td>\n<td><\/td>\n<td><\/td>\n<td>VII AK (1.D, 11.D)<\/td>\n<\/tr>\n<tr>\n<td><\/td>\n<td><\/td>\n<td><\/td>\n<td>VI AK (17.D, 5.D, 1.JPr)<\/td>\n<\/tr>\n<tr>\n<td><\/td>\n<td><\/td>\n<td colspan=\"2\">IV AK (12.D, 8.D) L\u00e4nsi-Kannaksella<\/td>\n<\/tr>\n<tr>\n<td><\/td>\n<td><\/td>\n<td colspan=\"2\">II AK (18.D, 2.D) Keski-Kannaksella<\/td>\n<\/tr>\n<tr>\n<td><\/td>\n<td><\/td>\n<td colspan=\"2\">I AK (10.D, 15.D, 19.D) It\u00e4-Kannaksella<\/td>\n<\/tr>\n<tr>\n<td>2.9.<\/td>\n<td colspan=\"3\">18.D saavuttaa Mainilan; JR53 vet\u00e4ytyy Kapustnajan motista;<\/td>\n<\/tr>\n<tr>\n<td>3. \u2013 7.9.<\/td>\n<td colspan=\"3\">Vanha raja saavutetaan Kannaksella, hy\u00f6kk\u00e4ys pys\u00e4ytet\u00e4\u00e4n<\/td>\n<\/tr>\n<tr>\n<td>4.9.<\/td>\n<td colspan=\"3\">Tuuloksen ylimeno (VI AK)<\/td>\n<\/tr>\n<tr>\n<td>5.9.<\/td>\n<td colspan=\"3\">1.JPr saavuttaa Aunuksen kaupungin<\/td>\n<\/tr>\n<tr>\n<td>6.9.<\/td>\n<td colspan=\"3\">7.D rintamavastuuseen (VI AK)<\/td>\n<\/tr>\n<tr>\n<td>7.9.<\/td>\n<td colspan=\"3\">Syv\u00e4ri saavutetaan Lotinapellossa (Os Lagus)<\/td>\n<\/tr>\n<tr>\n<td>8.9.<\/td>\n<td colspan=\"3\">Osasto Marttinen saavuttaa Syv\u00e4rin aseman; 11.D valtaa Pr\u00e4\u00e4s\u00e4n<\/td>\n<\/tr>\n<tr>\n<td>9.9.<\/td>\n<td colspan=\"3\">8.D Kannakselta Aunukseen<\/td>\n<\/tr>\n<tr>\n<td>13.9.<\/td>\n<td colspan=\"3\">Psl Ilmarinen uppoaa miinaanajossa Ut\u00f6n edustalla<\/td>\n<\/tr>\n<tr>\n<td>16.-21.9.<\/td>\n<td colspan=\"3\">Ryhm\u00e4 Oinonen torjuu vihollisen voimakkaan vastahy\u00f6kk\u00e4yksen Onkamuksen alueella<\/td>\n<\/tr>\n<tr>\n<td>16.-21.9.<\/td>\n<td colspan=\"3\">Villavaaran valtaus (4.D)<\/td>\n<\/tr>\n<tr>\n<td>17.9.<\/td>\n<td colspan=\"3\">14.D:n hy\u00f6kk\u00e4ys pys\u00e4htyy Ontajoelle<\/td>\n<\/tr>\n<tr>\n<td>19.9.<\/td>\n<td colspan=\"3\">6.D:n hy\u00f6kk\u00e4ys pys\u00e4htyy Vermanjoelle, JR12 siirret\u00e4\u00e4n Kiestingin \u2013 Louhen suunnalle<\/td>\n<\/tr>\n<tr>\n<td>27.9.<\/td>\n<td colspan=\"3\">II AKE ja 4.D siirto Kannakselta Aunukseen<\/td>\n<\/tr>\n<tr>\n<td>1.10.<\/td>\n<td colspan=\"3\">Petroskoin valtaus (11.D)<\/td>\n<\/tr>\n<tr>\n<td>15.10.<\/td>\n<td colspan=\"3\">II AK (4.D, 8.D, Ryhm\u00e4 O ja Prikaati K) aloittaa Maasel\u00e4n valtausoperaation<\/td>\n<\/tr>\n<tr>\n<td>18.10.<\/td>\n<td colspan=\"3\">3.Pr perustetaan JR33 rungolle;<\/td>\n<\/tr>\n<tr>\n<td>20.10.-5.11.<\/td>\n<td colspan=\"3\">K\u00e4pp\u00e4sel\u00e4n valtaus (8.D)<\/td>\n<\/tr>\n<tr>\n<td>3.11.<\/td>\n<td colspan=\"3\">Kontupohjan valtaus (R Oinonen)<\/td>\n<\/tr>\n<tr>\n<td>10.11.<\/td>\n<td colspan=\"3\">Ryhm\u00e4 O miehitt\u00e4\u00e4 \u00c4\u00e4nisniemen<\/td>\n<\/tr>\n<tr>\n<td>10.11.<\/td>\n<td colspan=\"2\">Kentt\u00e4armeija<\/td>\n<td><\/td>\n<\/tr>\n<tr>\n<td><\/td>\n<td><\/td>\n<td colspan=\"2\">\u00a06.D XXXVI AK:n johdossa Salla<\/td>\n<\/tr>\n<tr>\n<td><\/td>\n<td><\/td>\n<td colspan=\"2\">III AK (3.D, Div J) AOK Norwegenin johdossa Kiestinki &#8211; Uhtua<\/td>\n<\/tr>\n<tr>\n<td><\/td>\n<td><\/td>\n<td colspan=\"2\">14.D P\u00e4\u00e4majan johdossa Rukaj\u00e4rvi<\/td>\n<\/tr>\n<tr>\n<td><\/td>\n<td><\/td>\n<td colspan=\"2\">Karjalan Armeija<\/td>\n<\/tr>\n<tr>\n<td><\/td>\n<td><\/td>\n<td><\/td>\n<td>11.D<\/td>\n<\/tr>\n<tr>\n<td><\/td>\n<td><\/td>\n<td><\/td>\n<td>VII AK (1.D, Ryhm\u00e4 Oinonen [RvPr, 2.JPr]<\/td>\n<\/tr>\n<tr>\n<td><\/td>\n<td><\/td>\n<td><\/td>\n<td>VI AK (163.D, 5.D, 7.D, 17.D)<\/td>\n<\/tr>\n<tr>\n<td><\/td>\n<td><\/td>\n<td><\/td>\n<td>II AK (4.D, 8.D, 1.JPr)<\/td>\n<\/tr>\n<tr>\n<td><\/td>\n<td><\/td>\n<td colspan=\"2\">IV AK (12.D, 2.D, 18.D)<\/td>\n<\/tr>\n<tr>\n<td><\/td>\n<td><\/td>\n<td colspan=\"2\">I AK (10.D, 15.D, 19.D)<\/td>\n<\/tr>\n<tr>\n<td>28.11.<\/td>\n<td colspan=\"3\">Ya Porkkalan miinaanajo Koiviston salmessa<\/td>\n<\/tr>\n<tr>\n<td>3.12.<\/td>\n<td colspan=\"3\">Hangon miehitys<\/td>\n<\/tr>\n<tr>\n<td>5.12.<\/td>\n<td colspan=\"3\">Karhum\u00e4en valtaus (II AK ja VII AK)<\/td>\n<\/tr>\n<tr>\n<td>6.12.<\/td>\n<td colspan=\"3\">1.JPr valtaa Poventsan<\/td>\n<\/tr>\n<tr>\n<td>8.12.<\/td>\n<td colspan=\"3\">Stalinin kanavan sulkujen r\u00e4j\u00e4ytys ja Poventsan tulva<\/td>\n<\/tr>\n<tr>\n<td>12.12.<\/td>\n<td colspan=\"3\">Suursaaren 1. valtaus (2.RPr)<\/td>\n<\/tr>\n<tr>\n<td>14.12.-10.1.<\/td>\n<td colspan=\"3\">Goran taistelu Syv\u00e4rill\u00e4 (7.D)<\/td>\n<\/tr>\n<\/tbody>\n<\/table>\n<\/div><\/section><br \/>\n\n<style type=\"text\/css\" data-created_by=\"avia_inline_auto\" id=\"style-css-av-k47j6vg7-d3fd1f40b5858f4982ee5b8d5d9dc574\">\n#top .avia_search_element.av-k47j6vg7-d3fd1f40b5858f4982ee5b8d5d9dc574 .av_searchform_wrapper{\nborder-radius:0px 0px 0px 0px;\n}\n#top .avia_search_element.av-k47j6vg7-d3fd1f40b5858f4982ee5b8d5d9dc574 #s.av-input-field{\nborder-radius:0px 0px 0px 0px;\n}\n#top .avia_search_element.av-k47j6vg7-d3fd1f40b5858f4982ee5b8d5d9dc574 .av_searchsubmit_wrapper{\nborder-radius:0px 0px 0px 0px;\n}\n#top .avia_search_element.av-k47j6vg7-d3fd1f40b5858f4982ee5b8d5d9dc574 #searchsubmit{\nborder-radius:0px 0px 0px 0px;\n}\n.ajax_search_response.av-k47j6vg7-d3fd1f40b5858f4982ee5b8d5d9dc574{\npadding:0px 0px 0px 0px;\nmargin:0px 0px 0px 0px;\n}\n<\/style>\n<div  class='avia_search_element av-k47j6vg7-d3fd1f40b5858f4982ee5b8d5d9dc574  avia-builder-el-5  el_after_av_textblock  avia-builder-el-last '><form action='https:\/\/joukkosieessa.fi\/' id='searchform_element' method='get' class='' data-element_id='av-k47j6vg7-d3fd1f40b5858f4982ee5b8d5d9dc574' ><div class='av_searchform_wrapper'><input type='text' value='' id='s' name='s' placeholder='Haku artikkeleista...' class='av-input-field av-input-hasicon' \/><span class='av-input-field-icon av-search-icon avia-font-entypo-fontello'>\ue803<\/span><div class='av_searchsubmit_wrapper '><input type='submit' value='HAE' id='searchsubmit' class='button ' \/><\/div><input type='hidden' name='numberposts' value='5' \/><input type='hidden' name='post_type' value='post' \/><input type='hidden' name='results_hide_fields' value='' \/><\/div><\/form><\/div><\/p><\/div><\/p>\n","protected":false},"excerpt":{"rendered":"","protected":false},"author":1,"featured_media":0,"parent":51,"menu_order":3,"comment_status":"closed","ping_status":"closed","template":"","meta":{"footnotes":""},"class_list":["post-1912","page","type-page","status-publish","hentry"],"_links":{"self":[{"href":"https:\/\/joukkosieessa.fi\/index.php\/wp-json\/wp\/v2\/pages\/1912","targetHints":{"allow":["GET"]}}],"collection":[{"href":"https:\/\/joukkosieessa.fi\/index.php\/wp-json\/wp\/v2\/pages"}],"about":[{"href":"https:\/\/joukkosieessa.fi\/index.php\/wp-json\/wp\/v2\/types\/page"}],"author":[{"embeddable":true,"href":"https:\/\/joukkosieessa.fi\/index.php\/wp-json\/wp\/v2\/users\/1"}],"replies":[{"embeddable":true,"href":"https:\/\/joukkosieessa.fi\/index.php\/wp-json\/wp\/v2\/comments?post=1912"}],"version-history":[{"count":1,"href":"https:\/\/joukkosieessa.fi\/index.php\/wp-json\/wp\/v2\/pages\/1912\/revisions"}],"predecessor-version":[{"id":1913,"href":"https:\/\/joukkosieessa.fi\/index.php\/wp-json\/wp\/v2\/pages\/1912\/revisions\/1913"}],"up":[{"embeddable":true,"href":"https:\/\/joukkosieessa.fi\/index.php\/wp-json\/wp\/v2\/pages\/51"}],"wp:attachment":[{"href":"https:\/\/joukkosieessa.fi\/index.php\/wp-json\/wp\/v2\/media?parent=1912"}],"curies":[{"name":"wp","href":"https:\/\/api.w.org\/{rel}","templated":true}]}}