{"id":1957,"date":"2020-01-05T20:46:38","date_gmt":"2020-01-05T20:46:38","guid":{"rendered":"https:\/\/joukkosieessa.fi\/?page_id=1957"},"modified":"2020-09-21T08:43:13","modified_gmt":"2020-09-21T08:43:13","slug":"kesa-heinakuu-1942","status":"publish","type":"page","link":"https:\/\/joukkosieessa.fi\/index.php\/sodan-aika\/jatkosota\/asemasota\/kesa-heinakuu-1942\/","title":{"rendered":"Kes\u00e4-, hein\u00e4kuu 1942"},"content":{"rendered":"<div id='full_slider_1'  class='avia-fullwidth-slider main_color avia-shadow   avia-builder-el-0  el_before_av_one_full  avia-builder-el-first   container_wrap sidebar_right'  >\n<style type=\"text\/css\" data-created_by=\"avia_inline_auto\" id=\"style-css-av-akhp-b6f614b8154ad80be0284d699659eb53\">\n#top .avia-slideshow .av-slideshow-caption.av-akhp-b6f614b8154ad80be0284d699659eb53__0 .avia-caption-content{\nfont-size:14px;\n}\n#top .avia-slideshow .av-slideshow-caption.av-akhp-b6f614b8154ad80be0284d699659eb53__0 .avia-caption-content p{\nfont-size:14px;\n}\n<\/style>\n<div  class='avia-slideshow av-akhp-b6f614b8154ad80be0284d699659eb53 avia-slideshow-featured av_slideshow_full avia-slide-slider av-slideshow-ui av-control-default av-slideshow-manual av-loop-once av-loop-manual-endless av-default-height-applied   avia-slideshow-1' data-slideshow-options=\"{&quot;animation&quot;:&quot;slide&quot;,&quot;autoplay&quot;:false,&quot;loop_autoplay&quot;:&quot;once&quot;,&quot;interval&quot;:5,&quot;loop_manual&quot;:&quot;manual-endless&quot;,&quot;autoplay_stopper&quot;:false,&quot;noNavigation&quot;:false,&quot;bg_slider&quot;:false,&quot;keep_padding&quot;:false,&quot;hoverpause&quot;:false,&quot;show_slide_delay&quot;:0}\"  itemprop=\"image\" itemscope=\"itemscope\" itemtype=\"https:\/\/schema.org\/ImageObject\" ><ul class='avia-slideshow-inner ' style='padding-bottom: 28.666666666667%;'><li  class='avia-slideshow-slide av-akhp-b6f614b8154ad80be0284d699659eb53__0  av-single-slide slide-1 slide-odd'><div data-rel='slideshow-1' class='avia-slide-wrap '   ><div class='av-slideshow-caption av-akhp-b6f614b8154ad80be0284d699659eb53__0 caption_fullwidth caption_bottom caption_bottom_framed caption_framed'><div class=\"container caption_container\"><div class=\"slideshow_caption\"><div class=\"slideshow_inner_caption\"><div class=\"slideshow_align_caption\"><div class='avia-caption-content '  itemprop=\"description\" ><p>Jumalanpalvelus ulkona, taustalla Neuvostoliiton linjat. Lempaala 4.6.1942<\/p>\n<\/div><\/div><\/div><\/div><\/div><\/div><img fetchpriority=\"high\" class=\"wp-image-3419 avia-img-lazy-loading-not-3419\"  src='https:\/\/joukkosieessa.fi\/wp-content\/uploads\/2020\/03\/90123-3-1500x430.jpg' width='1500' height='430' title='90123' alt=''  itemprop=\"thumbnailUrl\"   \/><\/div><\/li><\/ul><\/div><\/div><div id='after_full_slider_1'  class='main_color av_default_container_wrap container_wrap sidebar_right'  ><div class='container av-section-cont-open' ><div class='template-page content  av-content-small alpha units'><div class='post-entry post-entry-type-page post-entry-1957'><div class='entry-content-wrapper clearfix'>\n\n<style type=\"text\/css\" data-created_by=\"avia_inline_auto\" id=\"style-css-av-4k1r-3ed26eaf4f9e1fe5afee569a008105ec\">\n.flex_column.av-4k1r-3ed26eaf4f9e1fe5afee569a008105ec{\nborder-radius:0px 0px 0px 0px;\npadding:0px 0px 10px 10px;\n}\n<\/style>\n<div  class='flex_column av-4k1r-3ed26eaf4f9e1fe5afee569a008105ec av_one_full  avia-builder-el-1  el_after_av_slideshow_full  el_before_av_one_half  avia-builder-el-first  first flex_column_div  '     ><p>\n<style type=\"text\/css\" data-created_by=\"avia_inline_auto\" id=\"style-css-av-av_heading-1fcba4d8f8d3e1d52558b95783484f9a\">\n#top .av-special-heading.av-av_heading-1fcba4d8f8d3e1d52558b95783484f9a{\nmargin:0 0 -5px 0;\npadding-bottom:0;\n}\nbody .av-special-heading.av-av_heading-1fcba4d8f8d3e1d52558b95783484f9a .av-special-heading-tag .heading-char{\nfont-size:25px;\n}\n.av-special-heading.av-av_heading-1fcba4d8f8d3e1d52558b95783484f9a .av-subheading{\nfont-size:15px;\n}\n<\/style>\n<div  class='av-special-heading av-av_heading-1fcba4d8f8d3e1d52558b95783484f9a av-special-heading-h1  avia-builder-el-2  el_before_av_textblock  avia-builder-el-first '><h1 class='av-special-heading-tag'  itemprop=\"headline\"  >Kes\u00e4-, hein\u00e4kuu 1942<\/h1><div class=\"special-heading-border\"><div class=\"special-heading-inner-border\"><\/div><\/div><\/div><br \/>\n\n<style type=\"text\/css\" data-created_by=\"avia_inline_auto\" id=\"style-css-av-3o2n-f8ecf9facd2b0c750a152e7b87905b4d\">\n#top .av_textblock_section.av-3o2n-f8ecf9facd2b0c750a152e7b87905b4d .avia_textblock{\nfont-size:15px;\n}\n<\/style>\n<section  class='av_textblock_section av-3o2n-f8ecf9facd2b0c750a152e7b87905b4d '   itemscope=\"itemscope\" itemtype=\"https:\/\/schema.org\/CreativeWork\" ><div class='avia_textblock'  itemprop=\"text\" ><p>Vihollinen hy\u00f6kk\u00e4\u00e4 vahvoin voimin Maasel\u00e4n kannaksella, jossa taisteluja k\u00e4yd\u00e4\u00e4n toista viikkoa.<\/p>\n<\/div><\/section><br \/>\n\n<style type=\"text\/css\" data-created_by=\"avia_inline_auto\" id=\"style-css-av-kfca86co-e8b28265e364c1ef6c2abd85e45a7946\">\n#top .av-special-heading.av-kfca86co-e8b28265e364c1ef6c2abd85e45a7946{\nmargin:0 0 10px 0;\npadding-bottom:10px;\n}\nbody .av-special-heading.av-kfca86co-e8b28265e364c1ef6c2abd85e45a7946 .av-special-heading-tag .heading-char{\nfont-size:25px;\n}\n.av-special-heading.av-kfca86co-e8b28265e364c1ef6c2abd85e45a7946 .av-subheading{\nfont-size:15px;\n}\n<\/style>\n<div  class='av-special-heading av-kfca86co-e8b28265e364c1ef6c2abd85e45a7946 av-special-heading-h2  avia-builder-el-4  el_after_av_textblock  el_before_av_textblock '><h2 class='av-special-heading-tag'  itemprop=\"headline\"  >MENEHTYNEET KADETTIUPSEERIT JA KADETIT<\/h2><div class=\"special-heading-border\"><div class=\"special-heading-inner-border\"><\/div><\/div><\/div><br \/>\n\n<style type=\"text\/css\" data-created_by=\"avia_inline_auto\" id=\"style-css-av-3o2n-f8ecf9facd2b0c750a152e7b87905b4d\">\n#top .av_textblock_section.av-3o2n-f8ecf9facd2b0c750a152e7b87905b4d .avia_textblock{\nfont-size:15px;\n}\n<\/style>\n<section  class='av_textblock_section av-3o2n-f8ecf9facd2b0c750a152e7b87905b4d '   itemscope=\"itemscope\" itemtype=\"https:\/\/schema.org\/CreativeWork\" ><div class='avia_textblock'  itemprop=\"text\" ><p><img loading=\"lazy\" decoding=\"async\" class=\"wp-image-3058 alignright\" src=\"https:\/\/joukkosieessa.fi\/wp-content\/uploads\/2020\/02\/Kivi_Eero-220x300.jpg\" alt=\"\" width=\"110\" height=\"150\" srcset=\"https:\/\/joukkosieessa.fi\/wp-content\/uploads\/2020\/02\/Kivi_Eero-220x300.jpg 220w, https:\/\/joukkosieessa.fi\/wp-content\/uploads\/2020\/02\/Kivi_Eero-768x1045.jpg 768w, https:\/\/joukkosieessa.fi\/wp-content\/uploads\/2020\/02\/Kivi_Eero-757x1030.jpg 757w, https:\/\/joukkosieessa.fi\/wp-content\/uploads\/2020\/02\/Kivi_Eero-1102x1500.jpg 1102w, https:\/\/joukkosieessa.fi\/wp-content\/uploads\/2020\/02\/Kivi_Eero-518x705.jpg 518w, https:\/\/joukkosieessa.fi\/wp-content\/uploads\/2020\/02\/Kivi_Eero-450x612.jpg 450w, https:\/\/joukkosieessa.fi\/wp-content\/uploads\/2020\/02\/Kivi_Eero.jpg 1370w\" sizes=\"auto, (max-width: 110px) 100vw, 110px\" \/><\/p>\n<h4>329. Kapteeni Eero Kivi, 15.kadk, 1016<\/h4>\n<ul>\n<li><strong>Salaus- ja viestiliikennetoimiston p\u00e4\u00e4llikk\u00f6, PM<\/strong><\/li>\n<li><strong>Haavoittui Pitk\u00e4ranta, Impilahti 2.6.1942, kuoli 68.SotaS Sortavala 10.8.1942<\/strong><\/li>\n<\/ul>\n<p>Kapteeni Kivi, joka oli tarkastamassa armeijakuntien ja divisioonien salakielij\u00e4rjestelyj\u00e4, haavoittui vaikeasti selk\u00e4rankaan Pitk\u00e4rannan\u00a0ilmapommituksessa 2.6.42 ja kuoli sotasairaalassa 10.8.42.<br \/>\nKivi ylennettiin sairaalassa ollessaan majuriksi 25.7.42.<\/p>\n<hr \/>\n<p><img loading=\"lazy\" decoding=\"async\" class=\"wp-image-2826 alignright\" src=\"https:\/\/joukkosieessa.fi\/wp-content\/uploads\/2020\/02\/rautaristi-197x300.jpg\" alt=\"\" width=\"120\" height=\"183\" srcset=\"https:\/\/joukkosieessa.fi\/wp-content\/uploads\/2020\/02\/rautaristi-197x300.jpg 197w, https:\/\/joukkosieessa.fi\/wp-content\/uploads\/2020\/02\/rautaristi-462x705.jpg 462w, https:\/\/joukkosieessa.fi\/wp-content\/uploads\/2020\/02\/rautaristi-450x686.jpg 450w, https:\/\/joukkosieessa.fi\/wp-content\/uploads\/2020\/02\/rautaristi.jpg 469w\" sizes=\"auto, (max-width: 120px) 100vw, 120px\" \/><\/p>\n<h4>330. Kadetti, reservin v\u00e4nrikki Erik V\u00e4likangas, 26.kadk, &#8211;<\/h4>\n<ul>\n<li><strong>Ohjaaja, 1.Ltue\/LeLv32\/LeR1<\/strong><\/li>\n<li><strong>Kuoli ruokamyrkytykseen Nurmoila \u2013 Helsinki 6.6.1942<\/strong><\/li>\n<\/ul>\n<p>Kadetti V\u00e4likangas sai ruokamyrkytyksen Nurmoilassa 6.6.42 ja kuoli lentokoneessa kello 1600 \u2013\u00a01700, kun h\u00e4nt\u00e4 oltiin evakuoimassa Helsinkiin sairaalaan.<\/p>\n<hr \/>\n<p><img loading=\"lazy\" decoding=\"async\" class=\"wp-image-2826 alignright\" src=\"https:\/\/joukkosieessa.fi\/wp-content\/uploads\/2020\/02\/rautaristi-197x300.jpg\" alt=\"\" width=\"120\" height=\"183\" srcset=\"https:\/\/joukkosieessa.fi\/wp-content\/uploads\/2020\/02\/rautaristi-197x300.jpg 197w, https:\/\/joukkosieessa.fi\/wp-content\/uploads\/2020\/02\/rautaristi-462x705.jpg 462w, https:\/\/joukkosieessa.fi\/wp-content\/uploads\/2020\/02\/rautaristi-450x686.jpg 450w, https:\/\/joukkosieessa.fi\/wp-content\/uploads\/2020\/02\/rautaristi.jpg 469w\" sizes=\"auto, (max-width: 120px) 100vw, 120px\" \/><\/p>\n<h4>331. Kadetti, reservin v\u00e4nrikki Teuvo Piiparinen, 26.kadk, &#8211;<\/h4>\n<ul>\n<li><strong>Ohjaaja, 2.Ltue\/LeLv26\/LeR3<\/strong><\/li>\n<li><strong>Katosi Lempaalanj\u00e4rvi, Lempaala 11.6.1942 (kuoli\u00a0<\/strong><\/li>\n<li><strong>sotavankeudessa 1942\/1944?)<\/strong><\/li>\n<\/ul>\n<p>Kadetti Piiparinen oli 11.6.42 kello 0600 mukana nelj\u00e4n Fiat-koneen partiossa Kannaksella Lempaalanj\u00e4rven it\u00e4puolella. Yritt\u00e4ess\u00e4\u00e4n tavoittaa yksin\u00e4ist\u00e4 viholliskonetta Kasimovon kent\u00e4n alueella partio joutui hajalleen eik\u00e4 Piiparisen FA-14 palannut kotikent\u00e4lle. My\u00f6hemmin saatujen sotavankitietojen mukaan Piiparinen on saattanut joutua vangiksi ja tullut ammutuksi. Toisen tiedon mukaan Piiparinen olisi kuollut sotasairaalassa Leningradissa 1944.<\/p>\n<hr \/>\n<p><img loading=\"lazy\" decoding=\"async\" class=\"wp-image-2524 alignright\" src=\"https:\/\/joukkosieessa.fi\/wp-content\/uploads\/2020\/01\/Muukkonen-Antero-150294-216x300.jpg\" alt=\"\" width=\"118\" height=\"164\" srcset=\"https:\/\/joukkosieessa.fi\/wp-content\/uploads\/2020\/01\/Muukkonen-Antero-150294-216x300.jpg 216w, https:\/\/joukkosieessa.fi\/wp-content\/uploads\/2020\/01\/Muukkonen-Antero-150294.jpg 297w\" sizes=\"auto, (max-width: 118px) 100vw, 118px\" \/><\/p>\n<h4>332. Majuri Antero Muukkonen, 2.kadk, 92<\/h4>\n<ul>\n<li><strong>Viestikomentaja, DE (6.D\/PM)<\/strong><\/li>\n<li><strong>Kuoli sairaskohtaukseen Kajaani 12.6.1942<\/strong><\/li>\n<\/ul>\n<p>Majuri Muukkonen kuoli sairaskohtaukseen ty\u00f6paikallaan 6. Divisioonan esikunnassa Kajaanissa 12.6.42.<\/p>\n<hr \/>\n<p><img loading=\"lazy\" decoding=\"async\" class=\"wp-image-2108 alignright\" src=\"https:\/\/joukkosieessa.fi\/wp-content\/uploads\/2020\/01\/Nickels_Ingmar-243x300.jpg\" alt=\"\" width=\"118\" height=\"146\" srcset=\"https:\/\/joukkosieessa.fi\/wp-content\/uploads\/2020\/01\/Nickels_Ingmar-243x300.jpg 243w, https:\/\/joukkosieessa.fi\/wp-content\/uploads\/2020\/01\/Nickels_Ingmar-768x947.jpg 768w, https:\/\/joukkosieessa.fi\/wp-content\/uploads\/2020\/01\/Nickels_Ingmar-835x1030.jpg 835w, https:\/\/joukkosieessa.fi\/wp-content\/uploads\/2020\/01\/Nickels_Ingmar-1216x1500.jpg 1216w, https:\/\/joukkosieessa.fi\/wp-content\/uploads\/2020\/01\/Nickels_Ingmar-572x705.jpg 572w, https:\/\/joukkosieessa.fi\/wp-content\/uploads\/2020\/01\/Nickels_Ingmar-450x555.jpg 450w, https:\/\/joukkosieessa.fi\/wp-content\/uploads\/2020\/01\/Nickels_Ingmar.jpg 1643w\" sizes=\"auto, (max-width: 118px) 100vw, 118px\" \/><\/p>\n<h4>333. Kapteeni Ingmar Nickels, 22.kadk, 1642<\/h4>\n<ul>\n<li><strong>Komppanian p\u00e4\u00e4llikk\u00f6, 7.K\/II\/3.Pr (MaaR)<\/strong><\/li>\n<li><strong>Haavoittui Krivi, Maaselk\u00e4 21.6.1942, kuoli 33.KS 21.6.42<\/strong><\/li>\n<\/ul>\n<p>Kapteeni Nickels haavoittui Krivin aseman pohjoispuolella 21.6.42 kello 1315 komentopaikkansa edess\u00e4 vaikeasti kranaatin sirpaleista ja kuoli heti kentt\u00e4sairaalaan saavuttuaan kello 1555.<\/p>\n<hr \/>\n<p><img loading=\"lazy\" decoding=\"async\" class=\"wp-image-2109 alignright\" src=\"https:\/\/joukkosieessa.fi\/wp-content\/uploads\/2020\/01\/Kuusava_Risto-238x300.jpg\" alt=\"\" width=\"118\" height=\"149\" srcset=\"https:\/\/joukkosieessa.fi\/wp-content\/uploads\/2020\/01\/Kuusava_Risto-238x300.jpg 238w, https:\/\/joukkosieessa.fi\/wp-content\/uploads\/2020\/01\/Kuusava_Risto-768x967.jpg 768w, https:\/\/joukkosieessa.fi\/wp-content\/uploads\/2020\/01\/Kuusava_Risto-818x1030.jpg 818w, https:\/\/joukkosieessa.fi\/wp-content\/uploads\/2020\/01\/Kuusava_Risto-1191x1500.jpg 1191w, https:\/\/joukkosieessa.fi\/wp-content\/uploads\/2020\/01\/Kuusava_Risto-560x705.jpg 560w, https:\/\/joukkosieessa.fi\/wp-content\/uploads\/2020\/01\/Kuusava_Risto-450x567.jpg 450w, https:\/\/joukkosieessa.fi\/wp-content\/uploads\/2020\/01\/Kuusava_Risto.jpg 1615w\" sizes=\"auto, (max-width: 118px) 100vw, 118px\" \/><\/p>\n<h4>334. Luutnantti Risto Kuusava, 24.kadk, 1856<\/h4>\n<ul>\n<li><strong>Ohjaaja, 2.Ltue\/LeLv42\/LeR4<\/strong><\/li>\n<li><strong>Kaatui Peninsaari, Suomenlahti 29.6.1942<\/strong><\/li>\n<\/ul>\n<p>Luutnantti Kuusavan ohjaama Blenheim BL-132 oli my\u00f6h\u00e4\u00e4n illalla 29.6.42 pommittamassa Lavansaaren suunnalla havaittuja aluksia. Suorittaessaan\u00a0pommitusta noin 700 metrist\u00e4 kone sai todenn\u00e4k\u00f6isesti alusten ilmatorjunnasta osuman ja sy\u00f6ksyi mereen Peninsaaren pohjoispuolella koko miehist\u00f6n saadessa surmansa. Kuusavan ruumis j\u00e4i kent\u00e4lle.<\/p>\n<hr \/>\n<p><img loading=\"lazy\" decoding=\"async\" class=\"wp-image-2110 alignright\" src=\"https:\/\/joukkosieessa.fi\/wp-content\/uploads\/2020\/01\/Kurkineva_Yrj%C3%B6-233x300.jpg\" alt=\"\" width=\"118\" height=\"152\" \/><\/p>\n<h4>335. Luutnantti Yrj\u00f6 Kurkineva, 7.kadk, 402<\/h4>\n<ul>\n<li><strong>Toipilas (komppanian p\u00e4\u00e4llikk\u00f6, KKK\/JvKoulKesk2)<\/strong><\/li>\n<li><strong>Kuoli sairauteen 55.SotaS Kangasala 5.7.1942<\/strong><\/li>\n<\/ul>\n<p>Luutnantti Kurkineva kuoli keuhkotautiin 5.7.42 oltuaan hoidettavana sotasairaalassa 14.4.42 alkaen.<\/p>\n<hr \/>\n<p><img loading=\"lazy\" decoding=\"async\" class=\"wp-image-2826 alignright\" src=\"https:\/\/joukkosieessa.fi\/wp-content\/uploads\/2020\/02\/rautaristi-197x300.jpg\" alt=\"\" width=\"120\" height=\"183\" srcset=\"https:\/\/joukkosieessa.fi\/wp-content\/uploads\/2020\/02\/rautaristi-197x300.jpg 197w, https:\/\/joukkosieessa.fi\/wp-content\/uploads\/2020\/02\/rautaristi-462x705.jpg 462w, https:\/\/joukkosieessa.fi\/wp-content\/uploads\/2020\/02\/rautaristi-450x686.jpg 450w, https:\/\/joukkosieessa.fi\/wp-content\/uploads\/2020\/02\/rautaristi.jpg 469w\" sizes=\"auto, (max-width: 120px) 100vw, 120px\" \/><\/p>\n<h4>336. Kadetti, reservin v\u00e4nrikki Unto Hersti, 15.mek, &#8211;<\/h4>\n<ul>\n<li><strong>Joukkueen johtaja, EsikK\/ISuomRPr<\/strong><\/li>\n<li><strong>Kaatui Someri, Suomenlahti 8.7.1942<\/strong><\/li>\n<\/ul>\n<p>Vihollinen aloitti heti puoleny\u00f6n j\u00e4lkeen 7.\/8.7.1942 hy\u00f6kk\u00e4yksen Somerin saaren valtaamiseksi saaden nopeasti vallattua saaren it\u00e4p\u00e4\u00e4n, mutta puolustajat onnistuivat pys\u00e4ytt\u00e4m\u00e4\u00e4n vihollisen saaren keskell\u00e4 olevalle kapealle kannakselle. Rannikkoprikaatin esikuntakomppaniasta ja linnakkeistojen henkil\u00f6st\u00f6st\u00e4 koottiin t\u00e4ll\u00f6in vajaan komppanian vahvuinen reserviosasto, joka kuljetettiin saaren l\u00e4nsiosaan aamup\u00e4iv\u00e4n aikana. Lyhyen tulivalmistelun j\u00e4lkeen osasto aloitti vastaiskun kello 1310 onnistuen l\u00e4p\u00e4isem\u00e4\u00e4n kannaksen, mutta joukkueen johtajana toiminut kadetti Hersti kaatui heti sen j\u00e4lkeen.<\/p>\n<hr \/>\n<p><img loading=\"lazy\" decoding=\"async\" class=\"wp-image-2111 alignright\" src=\"https:\/\/joukkosieessa.fi\/wp-content\/uploads\/2020\/01\/Toffer_Caj-241x300.jpg\" alt=\"\" width=\"118\" height=\"147\" srcset=\"https:\/\/joukkosieessa.fi\/wp-content\/uploads\/2020\/01\/Toffer_Caj-241x300.jpg 241w, https:\/\/joukkosieessa.fi\/wp-content\/uploads\/2020\/01\/Toffer_Caj-768x957.jpg 768w, https:\/\/joukkosieessa.fi\/wp-content\/uploads\/2020\/01\/Toffer_Caj-826x1030.jpg 826w, https:\/\/joukkosieessa.fi\/wp-content\/uploads\/2020\/01\/Toffer_Caj-1204x1500.jpg 1204w, https:\/\/joukkosieessa.fi\/wp-content\/uploads\/2020\/01\/Toffer_Caj-566x705.jpg 566w, https:\/\/joukkosieessa.fi\/wp-content\/uploads\/2020\/01\/Toffer_Caj-450x561.jpg 450w, https:\/\/joukkosieessa.fi\/wp-content\/uploads\/2020\/01\/Toffer_Caj.jpg 1648w\" sizes=\"auto, (max-width: 118px) 100vw, 118px\" \/><\/p>\n<h4>337. Kapteeni, Mannerheim-ristin ritari Caj Toffer, 19.kadk, 1340<\/h4>\n<ul>\n<li><strong>Komppanian p\u00e4\u00e4llikk\u00f6, 12.K\/III\/JR7 (2.D\/KanR)<\/strong><\/li>\n<li><strong>Kaatui Ohta, Lempaala 20.\/21.7.1942<\/strong><\/li>\n<\/ul>\n<p>Vihollinen hy\u00f6kk\u00e4si 20.7.42 kello 0630 kiivaan tykist\u00f6n tulivalmistelun j\u00e4lkeen Ohdan etel\u00e4lohkolla Jalkav\u00e4kirykmentti 7:n 9. komppanian miehitt\u00e4m\u00e4\u00e4n Sevastopolin tukikohtaan saaden sen p\u00e4\u00e4osiltaan haltuunsa. Komppanian p\u00e4\u00e4llik\u00f6n haavoituttua hy\u00f6kk\u00e4yst\u00e4 torjuttaessa, pataljoonan komentaja m\u00e4\u00e4r\u00e4si konekiv\u00e4\u00e4rikomppanian p\u00e4\u00e4llik\u00f6n, kapteeni Tofferin, ottamaan komppanian johtoonsa. Vihollisen hy\u00f6k\u00e4tess\u00e4 ja suomalaisten vastahy\u00f6k\u00e4tess\u00e4 tukikohta vaihtoi p\u00e4iv\u00e4n aikana omistajaa viisi kertaa.<\/p>\n<p>Tofferin johtama kolmas vastahy\u00f6kk\u00e4ys alkoi kello 2335 ja Sevastopol saatiin l\u00e4hes kokonaan vallattua, mutta Toffer haavoittui vaikeasti kranaatinsirpaleista p\u00e4\u00e4h\u00e4n ja rintaan v\u00e4h\u00e4n ennen puolta y\u00f6t\u00e4 menehtyen 21.7. aamuy\u00f6ll\u00e4 pataljoonan joukkosidontapaikalla.<\/p>\n<p>Toffer nimitettiin Mannerheim-ristin ritariksi kuolemansa j\u00e4lkeen.<\/p>\n<hr \/>\n<div id=\"attachment_3529\" style=\"width: 391px\" class=\"wp-caption aligncenter\"><img loading=\"lazy\" decoding=\"async\" aria-describedby=\"caption-attachment-3529\" class=\"wp-image-3529\" src=\"https:\/\/joukkosieessa.fi\/wp-content\/uploads\/2020\/03\/Jatkosota12-226x300.jpg\" alt=\"\" width=\"381\" height=\"506\" srcset=\"https:\/\/joukkosieessa.fi\/wp-content\/uploads\/2020\/03\/Jatkosota12-226x300.jpg 226w, https:\/\/joukkosieessa.fi\/wp-content\/uploads\/2020\/03\/Jatkosota12-531x705.jpg 531w, https:\/\/joukkosieessa.fi\/wp-content\/uploads\/2020\/03\/Jatkosota12-450x598.jpg 450w, https:\/\/joukkosieessa.fi\/wp-content\/uploads\/2020\/03\/Jatkosota12.jpg 678w\" sizes=\"auto, (max-width: 381px) 100vw, 381px\" \/><p id=\"caption-attachment-3529\" class=\"wp-caption-text\">Sa-kuva 100642: Kapteeni Raevaara, yksi rohkeimpia ja ansiokkaimpia komppanianp\u00e4\u00e4llik\u00f6it\u00e4. Rukaj\u00e4rvi 1942.07.22<\/p><\/div>\n<p>Kapteeni Raimo Raevaara (22.kadk), alkuper\u00e4isen kuvatekstin mukaan \u201dyksi rohkeimpia ja ansiokkaimpia komppanianp\u00e4\u00e4llik\u00f6it\u00e4\u201d Jalkav\u00e4kirykmentti 10:ss\u00e4 kuvattuna Rukaj\u00e4rvell\u00e4 hein\u00e4kuussa 1942. Raevaara kaatui vuotta my\u00f6hemmin 14.11.1943 tarkka-ampujan luodista. H\u00e4nen veljens\u00e4 Esko (21.kadk) oli kaatunut hein\u00e4kuussa 1941.<\/p>\n<hr \/>\n<p><img loading=\"lazy\" decoding=\"async\" class=\"wp-image-2112 alignright\" src=\"https:\/\/joukkosieessa.fi\/wp-content\/uploads\/2020\/01\/Perttula_V%C3%A4in%C3%B6-215x300.jpg\" alt=\"\" width=\"118\" height=\"165\" \/><\/p>\n<h4>338. Luutnantti V\u00e4in\u00f6 Perttula, 24.kadk, 1908<\/h4>\n<ul>\n<li><strong>Komppanian p\u00e4\u00e4llikk\u00f6, 11.K\/IV\/12.Pr (MaaR)<\/strong><\/li>\n<li><strong>Katosi Tsajajoki, Vuottaj\u00e4rvi, Maaselk\u00e4 31.7.1942<\/strong><\/li>\n<\/ul>\n<p>Vihollisen 1. Partisaaniprikaatin 600-miehinen osasto eteni suomalaisten selustaan Ontaj\u00e4rven \u2013 Seesj\u00e4rven v\u00e4litse hein\u00e4kuun puoliv\u00e4liss\u00e4 -42. Partisaaniprikaati oli edennyt 30.7. Vuottaj\u00e4rven tasalle, jolloin 12. Prikaatin IV Pataljoona yritti ly\u00f6d\u00e4 sen Tsajajoen mutkan alueella. Yritys ei onnistunut, sill\u00e4 vihollinen l\u00f6i vastaiskuilla suomalaiset osin hajalle.<\/p>\n<p>Luutnantti Perttula katosi 31.7. taisteluissa kello 0400 \u2013 0600 v\u00e4lisen\u00e4 aikana Tsajajoen l\u00e4nsipuolella.<\/p>\n<\/div><\/section><br \/>\n\n<style type=\"text\/css\" data-created_by=\"avia_inline_auto\" id=\"style-css-av-av_heading-8e3e8157497ce173d4ac4fc67b0a1b2a\">\n#top .av-special-heading.av-av_heading-8e3e8157497ce173d4ac4fc67b0a1b2a{\npadding-bottom:10px;\n}\nbody .av-special-heading.av-av_heading-8e3e8157497ce173d4ac4fc67b0a1b2a .av-special-heading-tag .heading-char{\nfont-size:25px;\n}\n.av-special-heading.av-av_heading-8e3e8157497ce173d4ac4fc67b0a1b2a .av-subheading{\nfont-size:15px;\n}\n<\/style>\n<div  class='av-special-heading av-av_heading-8e3e8157497ce173d4ac4fc67b0a1b2a av-special-heading-h3  avia-builder-el-6  el_after_av_textblock  el_before_av_textblock '><h3 class='av-special-heading-tag'  itemprop=\"headline\"  >L\u00c4HTEET<\/h3><div class=\"special-heading-border\"><div class=\"special-heading-inner-border\"><\/div><\/div><\/div><br \/>\n<section  class='av_textblock_section av-k7ntbin2-19d0d5eb7ae9d7e32772ffc381d9a9d8 '   itemscope=\"itemscope\" itemtype=\"https:\/\/schema.org\/CreativeWork\" ><div class='avia_textblock'  itemprop=\"text\" ><p>L\u00e4hteet esitetty kirjassa ja sen s\u00e4hk\u00f6isess\u00e4 versiossa (PDF) joka on ladattavissa Kadettikunnan ja t\u00e4m\u00e4n sivuston verkkosivuilta.<\/p>\n<\/div><\/section><br \/>\n\n<style type=\"text\/css\" data-created_by=\"avia_inline_auto\" id=\"style-css-av-k47j6vg7-d3fd1f40b5858f4982ee5b8d5d9dc574\">\n#top .avia_search_element.av-k47j6vg7-d3fd1f40b5858f4982ee5b8d5d9dc574 .av_searchform_wrapper{\nborder-radius:0px 0px 0px 0px;\n}\n#top .avia_search_element.av-k47j6vg7-d3fd1f40b5858f4982ee5b8d5d9dc574 #s.av-input-field{\nborder-radius:0px 0px 0px 0px;\n}\n#top .avia_search_element.av-k47j6vg7-d3fd1f40b5858f4982ee5b8d5d9dc574 .av_searchsubmit_wrapper{\nborder-radius:0px 0px 0px 0px;\n}\n#top .avia_search_element.av-k47j6vg7-d3fd1f40b5858f4982ee5b8d5d9dc574 #searchsubmit{\nborder-radius:0px 0px 0px 0px;\n}\n.ajax_search_response.av-k47j6vg7-d3fd1f40b5858f4982ee5b8d5d9dc574{\npadding:0px 0px 0px 0px;\nmargin:0px 0px 0px 0px;\n}\n<\/style>\n<div  class='avia_search_element av-k47j6vg7-d3fd1f40b5858f4982ee5b8d5d9dc574  avia-builder-el-8  el_after_av_textblock  avia-builder-el-last '><form action='https:\/\/joukkosieessa.fi\/' id='searchform_element' method='get' class='' data-element_id='av-k47j6vg7-d3fd1f40b5858f4982ee5b8d5d9dc574' ><div class='av_searchform_wrapper'><input type='text' value='' id='s' name='s' placeholder='Haku artikkeleista...' class='av-input-field av-input-hasicon' \/><span class='av-input-field-icon av-search-icon avia-font-entypo-fontello'>\ue803<\/span><div class='av_searchsubmit_wrapper '><input type='submit' value='HAE' id='searchsubmit' class='button ' \/><\/div><input type='hidden' name='numberposts' value='5' \/><input type='hidden' name='post_type' value='post' \/><input type='hidden' name='results_hide_fields' value='' \/><\/div><\/form><\/div><\/p><\/div>\n<style type=\"text\/css\" data-created_by=\"avia_inline_auto\" id=\"style-css-av-1bu6t-936f7977aa5d979da69902680d4665a6\">\n.flex_column.av-1bu6t-936f7977aa5d979da69902680d4665a6{\nborder-radius:0px 0px 0px 0px;\npadding:0px 0px 0px 0px;\n}\n<\/style>\n<div  class='flex_column av-1bu6t-936f7977aa5d979da69902680d4665a6 av_one_half  avia-builder-el-9  el_after_av_one_full  el_before_av_one_half  first flex_column_div av-zero-column-padding  column-top-margin'     ><div  class='avia-button-wrap av-k7nq0s7c-581f235d090255774e38b14109bdfc05-wrap avia-button-left  avia-builder-el-10  avia-builder-el-no-sibling '><a href='https:\/\/joukkosieessa.fi\/index.php\/sodan-aika\/jatkosota\/asemasota\/huhti-toukokuu-1942\/'  class='avia-button av-k7nq0s7c-581f235d090255774e38b14109bdfc05 avia-icon_select-no avia-size-small avia-position-left avia-color-theme-color-highlight'  ><span class='avia_iconbox_title' >Huhti-, toukokuu 1942<\/span><\/a><\/div><\/div><\/p>\n\n<style type=\"text\/css\" data-created_by=\"avia_inline_auto\" id=\"style-css-av-2hikb9-809201c89d62b21428f4c810e3c1c7c1\">\n.flex_column.av-2hikb9-809201c89d62b21428f4c810e3c1c7c1{\nborder-radius:0px 0px 0px 0px;\npadding:0px 0px 0px 0px;\n}\n<\/style>\n<div  class='flex_column av-2hikb9-809201c89d62b21428f4c810e3c1c7c1 av_one_half  avia-builder-el-11  el_after_av_one_half  avia-builder-el-last  flex_column_div av-zero-column-padding  column-top-margin'     ><div  class='avia-button-wrap av-k7nq1719-97a78a8d8f722c0fa670ea1193a0bc7a-wrap avia-button-right  avia-builder-el-12  avia-builder-el-no-sibling '><a href='https:\/\/joukkosieessa.fi\/index.php\/sodan-aika\/jatkosota\/asemasota\/elo-syyskuu-1942\/'  class='avia-button av-k7nq1719-97a78a8d8f722c0fa670ea1193a0bc7a avia-icon_select-no avia-size-small avia-position-right avia-color-theme-color-highlight'  ><span class='avia_iconbox_title' >Elo-, syyskuu 1942<\/span><\/a><\/div><\/div>\n","protected":false},"excerpt":{"rendered":"","protected":false},"author":1,"featured_media":0,"parent":1952,"menu_order":3,"comment_status":"closed","ping_status":"closed","template":"","meta":{"footnotes":""},"class_list":["post-1957","page","type-page","status-publish","hentry"],"_links":{"self":[{"href":"https:\/\/joukkosieessa.fi\/index.php\/wp-json\/wp\/v2\/pages\/1957","targetHints":{"allow":["GET"]}}],"collection":[{"href":"https:\/\/joukkosieessa.fi\/index.php\/wp-json\/wp\/v2\/pages"}],"about":[{"href":"https:\/\/joukkosieessa.fi\/index.php\/wp-json\/wp\/v2\/types\/page"}],"author":[{"embeddable":true,"href":"https:\/\/joukkosieessa.fi\/index.php\/wp-json\/wp\/v2\/users\/1"}],"replies":[{"embeddable":true,"href":"https:\/\/joukkosieessa.fi\/index.php\/wp-json\/wp\/v2\/comments?post=1957"}],"version-history":[{"count":22,"href":"https:\/\/joukkosieessa.fi\/index.php\/wp-json\/wp\/v2\/pages\/1957\/revisions"}],"predecessor-version":[{"id":3966,"href":"https:\/\/joukkosieessa.fi\/index.php\/wp-json\/wp\/v2\/pages\/1957\/revisions\/3966"}],"up":[{"embeddable":true,"href":"https:\/\/joukkosieessa.fi\/index.php\/wp-json\/wp\/v2\/pages\/1952"}],"wp:attachment":[{"href":"https:\/\/joukkosieessa.fi\/index.php\/wp-json\/wp\/v2\/media?parent=1957"}],"curies":[{"name":"wp","href":"https:\/\/api.w.org\/{rel}","templated":true}]}}