{"id":1989,"date":"2020-01-06T12:48:12","date_gmt":"2020-01-06T12:48:12","guid":{"rendered":"https:\/\/joukkosieessa.fi\/?page_id=1989"},"modified":"2020-09-21T08:46:01","modified_gmt":"2020-09-21T08:46:01","slug":"touko-kesakuu-1943","status":"publish","type":"page","link":"https:\/\/joukkosieessa.fi\/index.php\/sodan-aika\/jatkosota\/asemasota\/touko-kesakuu-1943\/","title":{"rendered":"Touko-, kes\u00e4kuu 1943"},"content":{"rendered":"<div id='full_slider_1'  class='avia-fullwidth-slider main_color avia-shadow   avia-builder-el-0  el_before_av_one_full  avia-builder-el-first   container_wrap sidebar_right'  >\n<style type=\"text\/css\" data-created_by=\"avia_inline_auto\" id=\"style-css-av-akhp-b6f614b8154ad80be0284d699659eb53\">\n#top .avia-slideshow .av-slideshow-caption.av-akhp-b6f614b8154ad80be0284d699659eb53__0 .avia-caption-content{\nfont-size:14px;\n}\n#top .avia-slideshow .av-slideshow-caption.av-akhp-b6f614b8154ad80be0284d699659eb53__0 .avia-caption-content p{\nfont-size:14px;\n}\n<\/style>\n<div  class='avia-slideshow av-akhp-b6f614b8154ad80be0284d699659eb53 avia-slideshow-featured av_slideshow_full avia-slide-slider av-slideshow-ui av-control-default av-slideshow-manual av-loop-once av-loop-manual-endless av-default-height-applied   avia-slideshow-1' data-slideshow-options=\"{&quot;animation&quot;:&quot;slide&quot;,&quot;autoplay&quot;:false,&quot;loop_autoplay&quot;:&quot;once&quot;,&quot;interval&quot;:5,&quot;loop_manual&quot;:&quot;manual-endless&quot;,&quot;autoplay_stopper&quot;:false,&quot;noNavigation&quot;:false,&quot;bg_slider&quot;:false,&quot;keep_padding&quot;:false,&quot;hoverpause&quot;:false,&quot;show_slide_delay&quot;:0}\"  itemprop=\"image\" itemscope=\"itemscope\" itemtype=\"https:\/\/schema.org\/ImageObject\" ><ul class='avia-slideshow-inner ' style='padding-bottom: 24.863387978142%;'><li  class='avia-slideshow-slide av-akhp-b6f614b8154ad80be0284d699659eb53__0  av-single-slide slide-1 slide-odd'><div data-rel='slideshow-1' class='avia-slide-wrap '   ><div class='av-slideshow-caption av-akhp-b6f614b8154ad80be0284d699659eb53__0 caption_fullwidth caption_bottom caption_bottom_framed caption_framed'><div class=\"container caption_container\"><div class=\"slideshow_caption\"><div class=\"slideshow_inner_caption\"><div class=\"slideshow_align_caption\"><div class='avia-caption-content '  itemprop=\"description\" ><p>26. KADETTIKURSSIN NIMITT\u00c4MISTILAISUUS PRESIDENTINLINNASSA 4.6.1943. KURSSILTA VALMISTUI 398<br \/>\nUPSEERIA (SEK\u00c4 KOEAJAN J\u00c4LKEEN VIEL\u00c4 KAHDEKSAN), JOISTA 29 KAATUI JA 13 (SEK\u00c4 YKSI KOEAJALLA OLLUT) KUOLI MUUSTA KUIN<br \/>\nVIHOLLISTOIMINNASTA JOHTUVASTA SYYST\u00c4 SODAN AIKANA JA LAPIN MIINANRAIVAUKSESSA.<\/p>\n<\/div><\/div><\/div><\/div><\/div><\/div><img fetchpriority=\"high\" class=\"wp-image-3453 avia-img-lazy-loading-not-3453\"  src='https:\/\/joukkosieessa.fi\/wp-content\/uploads\/2020\/03\/Asemasota_Elokuu_1943_2-1.jpg' width='1464' height='364' title='Asemasota_Elokuu_1943_2' alt=''  itemprop=\"thumbnailUrl\"   \/><\/div><\/li><\/ul><\/div><\/div><div id='after_full_slider_1'  class='main_color av_default_container_wrap container_wrap sidebar_right'  ><div class='container av-section-cont-open' ><div class='template-page content  av-content-small alpha units'><div class='post-entry post-entry-type-page post-entry-1989'><div class='entry-content-wrapper clearfix'>\n\n<style type=\"text\/css\" data-created_by=\"avia_inline_auto\" id=\"style-css-av-4k1r-3ed26eaf4f9e1fe5afee569a008105ec\">\n.flex_column.av-4k1r-3ed26eaf4f9e1fe5afee569a008105ec{\nborder-radius:0px 0px 0px 0px;\npadding:0px 0px 10px 10px;\n}\n<\/style>\n<div  class='flex_column av-4k1r-3ed26eaf4f9e1fe5afee569a008105ec av_one_full  avia-builder-el-1  el_after_av_slideshow_full  el_before_av_one_half  avia-builder-el-first  first flex_column_div  '     ><p>\n<style type=\"text\/css\" data-created_by=\"avia_inline_auto\" id=\"style-css-av-av_heading-3c74de498ade847627f471d889ac368e\">\n#top .av-special-heading.av-av_heading-3c74de498ade847627f471d889ac368e{\nmargin:0 0 -5px 0;\npadding-bottom:0;\n}\nbody .av-special-heading.av-av_heading-3c74de498ade847627f471d889ac368e .av-special-heading-tag .heading-char{\nfont-size:25px;\n}\n.av-special-heading.av-av_heading-3c74de498ade847627f471d889ac368e .av-subheading{\nfont-size:15px;\n}\n<\/style>\n<div  class='av-special-heading av-av_heading-3c74de498ade847627f471d889ac368e av-special-heading-h1  avia-builder-el-2  el_before_av_heading  avia-builder-el-first '><h1 class='av-special-heading-tag'  itemprop=\"headline\"  >Touko-, kes\u00e4kuu 1943<\/h1><div class=\"special-heading-border\"><div class=\"special-heading-inner-border\"><\/div><\/div><\/div><br \/>\n\n<style type=\"text\/css\" data-created_by=\"avia_inline_auto\" id=\"style-css-av-kfcabtfu-04c4f9503ded6264d02c53165e63f999\">\n#top .av-special-heading.av-kfcabtfu-04c4f9503ded6264d02c53165e63f999{\nmargin:0 0 10px 0;\npadding-bottom:10px;\n}\nbody .av-special-heading.av-kfcabtfu-04c4f9503ded6264d02c53165e63f999 .av-special-heading-tag .heading-char{\nfont-size:25px;\n}\n.av-special-heading.av-kfcabtfu-04c4f9503ded6264d02c53165e63f999 .av-subheading{\nfont-size:15px;\n}\n<\/style>\n<div  class='av-special-heading av-kfcabtfu-04c4f9503ded6264d02c53165e63f999 av-special-heading-h2  avia-builder-el-3  el_after_av_heading  el_before_av_textblock '><h2 class='av-special-heading-tag'  itemprop=\"headline\"  >MENEHTYNEET KADETTIUPSEERIT JA KADETIT<\/h2><div class=\"special-heading-border\"><div class=\"special-heading-inner-border\"><\/div><\/div><\/div><br \/>\n\n<style type=\"text\/css\" data-created_by=\"avia_inline_auto\" id=\"style-css-av-3o2n-f8ecf9facd2b0c750a152e7b87905b4d\">\n#top .av_textblock_section.av-3o2n-f8ecf9facd2b0c750a152e7b87905b4d .avia_textblock{\nfont-size:15px;\n}\n<\/style>\n<section  class='av_textblock_section av-3o2n-f8ecf9facd2b0c750a152e7b87905b4d '   itemscope=\"itemscope\" itemtype=\"https:\/\/schema.org\/CreativeWork\" ><div class='avia_textblock'  itemprop=\"text\" ><p><img loading=\"lazy\" decoding=\"async\" class=\"wp-image-2125 alignright\" src=\"https:\/\/joukkosieessa.fi\/wp-content\/uploads\/2020\/01\/T%C3%B6rr%C3%B6nen_Ilkka-228x300.jpg\" alt=\"\" width=\"118\" height=\"155\" \/><\/p>\n<h4><strong>366. Kapteeni Ilkka T\u00f6rr\u00f6nen, 24.kadk, 1963<\/strong><\/h4>\n<ul>\n<li><strong>Lentueen p\u00e4\u00e4llikk\u00f6, 2.Ltue\/LeLv24\/LeR3<\/strong><\/li>\n<li><strong>Katosi Someri, Suomenlahti 2.5.1943<\/strong><\/li>\n<\/ul>\n<p>Kapteeni T\u00f6rr\u00f6nen osallistui 2.5.43 kello 1030 kahdeksantoista Brewster-koneen ja kolmenkymmenen vihollish\u00e4vitt\u00e4j\u00e4n kesken k\u00e4ytyyn ilmataisteluun\u00a0Haapasaaren ja Somerin etel\u00e4puolella. Ilmataistelun aikana T\u00f6rr\u00f6sen BW-380 katosi. T\u00f6rr\u00f6sen kone mahdollisesti sy\u00f6ksyi maahan Oranienbaumin l\u00e4hell\u00e4.<\/p>\n<hr \/>\n<p><img loading=\"lazy\" decoding=\"async\" class=\"wp-image-2127 alignright\" src=\"https:\/\/joukkosieessa.fi\/wp-content\/uploads\/2020\/01\/Saalasti_Tauno-242x300.jpg\" alt=\"\" width=\"118\" height=\"146\" srcset=\"https:\/\/joukkosieessa.fi\/wp-content\/uploads\/2020\/01\/Saalasti_Tauno-242x300.jpg 242w, https:\/\/joukkosieessa.fi\/wp-content\/uploads\/2020\/01\/Saalasti_Tauno-768x953.jpg 768w, https:\/\/joukkosieessa.fi\/wp-content\/uploads\/2020\/01\/Saalasti_Tauno-830x1030.jpg 830w, https:\/\/joukkosieessa.fi\/wp-content\/uploads\/2020\/01\/Saalasti_Tauno-1209x1500.jpg 1209w, https:\/\/joukkosieessa.fi\/wp-content\/uploads\/2020\/01\/Saalasti_Tauno-568x705.jpg 568w, https:\/\/joukkosieessa.fi\/wp-content\/uploads\/2020\/01\/Saalasti_Tauno-450x558.jpg 450w, https:\/\/joukkosieessa.fi\/wp-content\/uploads\/2020\/01\/Saalasti_Tauno.jpg 1465w\" sizes=\"auto, (max-width: 118px) 100vw, 118px\" \/><\/p>\n<h4><strong>367. Luutnantti Tauno Saalasti, 25.kadk, 2130<\/strong><\/h4>\n<ul>\n<li><strong>Ohjaaja, 2.Ltue\/LeLv34\/LeR3<\/strong><\/li>\n<li><strong>Kaatui Lavansaari, Suomenlahti 21.5.1943<\/strong><\/li>\n<\/ul>\n<p>Luutnantti Saalastin Messerschmitt MT-228 t\u00f6rm\u00e4si ilmataistelussa Lavansaaren alueella 21.5.43 kello 1528 vihollisen h\u00e4vitt\u00e4j\u00e4\u00e4n. Molemmat koneet\u00a0putosivat mereen Lavansaaren pohjoisk\u00e4rjest\u00e4 seitsem\u00e4n kilometri\u00e4 l\u00e4nteen. Saalastin ruumista ei koskaan l\u00f6ydetty, vaan se j\u00e4i kent\u00e4lle.<\/p>\n<hr \/>\n<p><strong><img loading=\"lazy\" decoding=\"async\" class=\"wp-image-3077 alignright\" style=\"font-weight: 400;\" src=\"https:\/\/joukkosieessa.fi\/wp-content\/uploads\/2020\/02\/Lauri_Kaarlo-1-243x300.jpg\" alt=\"\" width=\"121\" height=\"149\" srcset=\"https:\/\/joukkosieessa.fi\/wp-content\/uploads\/2020\/02\/Lauri_Kaarlo-1-243x300.jpg 243w, https:\/\/joukkosieessa.fi\/wp-content\/uploads\/2020\/02\/Lauri_Kaarlo-1.jpg 449w\" sizes=\"auto, (max-width: 121px) 100vw, 121px\" \/><\/strong><\/p>\n<h4><strong>368. Majuri Kaarlo Lauri, 4.kadk, 181<\/strong><\/h4>\n<ul>\n<li><strong>P\u00e4\u00e4llikk\u00f6, JvKoulKesk23<\/strong><\/li>\n<li><strong>Kuoli ratsastusonnettomuudessa Orivesi 15.6.1943<\/strong><\/li>\n<\/ul>\n<p>Majuri Lauri kuoli 15.6.43 tapaturmaisesti ollessaan ratsastusmatkalla Orivedell\u00e4.<\/p>\n<hr \/>\n<p><img loading=\"lazy\" decoding=\"async\" class=\"wp-image-2128 alignright\" src=\"https:\/\/joukkosieessa.fi\/wp-content\/uploads\/2020\/01\/Ketonen_Olavi-244x300.jpg\" alt=\"\" width=\"118\" height=\"145\" srcset=\"https:\/\/joukkosieessa.fi\/wp-content\/uploads\/2020\/01\/Ketonen_Olavi-244x300.jpg 244w, https:\/\/joukkosieessa.fi\/wp-content\/uploads\/2020\/01\/Ketonen_Olavi-768x943.jpg 768w, https:\/\/joukkosieessa.fi\/wp-content\/uploads\/2020\/01\/Ketonen_Olavi-839x1030.jpg 839w, https:\/\/joukkosieessa.fi\/wp-content\/uploads\/2020\/01\/Ketonen_Olavi-1221x1500.jpg 1221w, https:\/\/joukkosieessa.fi\/wp-content\/uploads\/2020\/01\/Ketonen_Olavi-574x705.jpg 574w, https:\/\/joukkosieessa.fi\/wp-content\/uploads\/2020\/01\/Ketonen_Olavi-450x553.jpg 450w, https:\/\/joukkosieessa.fi\/wp-content\/uploads\/2020\/01\/Ketonen_Olavi.jpg 1578w\" sizes=\"auto, (max-width: 118px) 100vw, 118px\" \/><\/p>\n<h4><strong>369. Luutnantti Olavi Ketonen, 26.kadk, 2240<\/strong><\/h4>\n<ul>\n<li><strong>Ohjaajaoppilas, T\u00e4ydLeLv35\/T\u00e4ydLeR<\/strong><\/li>\n<li><strong>Kuoli lento-onnettomuudessa Vesivehmaa 18.6.1943<\/strong><\/li>\n<\/ul>\n<p>Luutnantti Ketonen oli 18.6.43 kello 1740 suorittamassa Vesivehmaan kent\u00e4n pohjoispuolella taitolentoharjoitusta Pyry PY-38-koneella, kun se tuntemattomasta syyst\u00e4 l\u00e4hti silmukan laelta pystysy\u00f6ksyyn, jossa tuli maahan saakka. Kone pirstoutui t\u00e4ysin Ketosen kuollessa heti.<\/p>\n<hr \/>\n<div id=\"attachment_3536\" style=\"width: 401px\" class=\"wp-caption aligncenter\"><img loading=\"lazy\" decoding=\"async\" aria-describedby=\"caption-attachment-3536\" class=\"wp-image-3536\" src=\"https:\/\/joukkosieessa.fi\/wp-content\/uploads\/2020\/03\/Luokkakuva3-231x300.jpg\" alt=\"\" width=\"391\" height=\"508\" srcset=\"https:\/\/joukkosieessa.fi\/wp-content\/uploads\/2020\/03\/Luokkakuva3-231x300.jpg 231w, https:\/\/joukkosieessa.fi\/wp-content\/uploads\/2020\/03\/Luokkakuva3-543x705.jpg 543w, https:\/\/joukkosieessa.fi\/wp-content\/uploads\/2020\/03\/Luokkakuva3-450x584.jpg 450w, https:\/\/joukkosieessa.fi\/wp-content\/uploads\/2020\/03\/Luokkakuva3.jpg 700w\" sizes=\"auto, (max-width: 391px) 100vw, 391px\" \/><p id=\"caption-attachment-3536\" class=\"wp-caption-text\">Sa-kuva 128761: Upseeriksi ylent\u00e4mistilaisuus Presidentin linnassa (Maa SK)<\/p><\/div>\n<p>Kadettikurssi nimitt\u00e4mistilaisuus presidentinlinnassa 4.6.1943. Kurssilta valmistui 398 upseeria (sek\u00e4 koeajan j\u00e4lkeen viel\u00e4 kahdeksan), joista 29 kaatui ja 14 kuoli muusta kuin vihollistoiminnasta johtuvasta syyst\u00e4 sodan aikana ja Lapin miinanraivauksessa. Alkuper\u00e4iselt\u00e4, kes\u00e4ll\u00e4 1941 alkaneelta ja liikekannallepanossa keskeytetylt\u00e4 kurssilta oli lis\u00e4ksi kaatunut 26 kadettia ennen kurssin uudelleen aloittamista kes\u00e4ll\u00e4 1942.<\/p>\n<p><em>\u00a0<\/em><em>\u00a0<\/em><\/p>\n<div id=\"attachment_3856\" style=\"width: 459px\" class=\"wp-caption aligncenter\"><img loading=\"lazy\" decoding=\"async\" aria-describedby=\"caption-attachment-3856\" class=\"wp-image-3856 \" style=\"margin-top: 0px; margin-bottom: 0px;\" src=\"https:\/\/joukkosieessa.fi\/wp-content\/uploads\/2020\/03\/138479-300x208.jpg\" alt=\"\" width=\"449\" height=\"311\" srcset=\"https:\/\/joukkosieessa.fi\/wp-content\/uploads\/2020\/03\/138479-300x208.jpg 300w, https:\/\/joukkosieessa.fi\/wp-content\/uploads\/2020\/03\/138479-1030x713.jpg 1030w, https:\/\/joukkosieessa.fi\/wp-content\/uploads\/2020\/03\/138479-768x532.jpg 768w, https:\/\/joukkosieessa.fi\/wp-content\/uploads\/2020\/03\/138479-1536x1064.jpg 1536w, https:\/\/joukkosieessa.fi\/wp-content\/uploads\/2020\/03\/138479-2048x1418.jpg 2048w, https:\/\/joukkosieessa.fi\/wp-content\/uploads\/2020\/03\/138479-1500x1039.jpg 1500w, https:\/\/joukkosieessa.fi\/wp-content\/uploads\/2020\/03\/138479-705x488.jpg 705w, https:\/\/joukkosieessa.fi\/wp-content\/uploads\/2020\/03\/138479-450x312.jpg 450w\" sizes=\"auto, (max-width: 449px) 100vw, 449px\" \/><p id=\"caption-attachment-3856\" class=\"wp-caption-text\">Merisotakoulun vanhemman kurssin korotustilaisuus. Kurssilaiskuoro.<\/p><\/div>\n<p>Merikadettikurssi kuvattuna valmistumisp\u00e4iv\u00e4n\u00e4\u00e4n Merisotakoulussa 30.9.1943. Kurssi lienee kaikkein poikkeuksellisin sodan aikaisista kursseista: Kurssi alkoi 30.5.1941 vahvuudella 18, mutta keskeytettiin 18.6.1941 liikekannallepanossa ja kadetit m\u00e4\u00e4r\u00e4ttiin joukkoihin. Kurssi aloitettiin uudelleen niin sanotulla kadettikokelasjaksolla 9.2.\u201315.5.1942 vahvuudella 17+21, jonka j\u00e4lkeen kadetit ja kadettikokelaat olivat joukko-osastopalveluksessa 2.12.1942 saakka, jolloin kurssi varsinaisesti alkoi Merisotakoulussa.<\/p>\n<p>Kurssi p\u00e4\u00e4ttyi ja kadetit nimitettiin virkaan 30.9.1943, mutta kurssi jatkoi v\u00e4litt\u00f6m\u00e4sti t\u00e4ydennyskurssilla 2.1.1944 saakka, jolloin vasta upseerit siirtyiv\u00e4t joukkoihin. Alkuper\u00e4iselt\u00e4 kurssilta kaatui yksi kadetti Bengtsk\u00e4rin taistelussa ja uudelleen aloitetulta kurssilta kaatui yksi kadettikokelas Somerin taistelussa. Kurssilla jossain v\u00e4liss\u00e4 olleesta 39 kadetista valmistui vain 24, ja heist\u00e4 kaksi hukkui valmistumisen j\u00e4lkeen ja yksi kaatui Koiviston saarilla kes\u00e4kuussa 1944, kaikki rannikkotykist\u00f6linjalta.<\/p>\n<hr \/>\n<p><img loading=\"lazy\" decoding=\"async\" class=\"wp-image-2129 alignright\" src=\"https:\/\/joukkosieessa.fi\/wp-content\/uploads\/2020\/01\/Pukero_Pentti-238x300.jpg\" alt=\"\" width=\"118\" height=\"149\" srcset=\"https:\/\/joukkosieessa.fi\/wp-content\/uploads\/2020\/01\/Pukero_Pentti-238x300.jpg 238w, https:\/\/joukkosieessa.fi\/wp-content\/uploads\/2020\/01\/Pukero_Pentti-768x967.jpg 768w, https:\/\/joukkosieessa.fi\/wp-content\/uploads\/2020\/01\/Pukero_Pentti-818x1030.jpg 818w, https:\/\/joukkosieessa.fi\/wp-content\/uploads\/2020\/01\/Pukero_Pentti-1191x1500.jpg 1191w, https:\/\/joukkosieessa.fi\/wp-content\/uploads\/2020\/01\/Pukero_Pentti-560x705.jpg 560w, https:\/\/joukkosieessa.fi\/wp-content\/uploads\/2020\/01\/Pukero_Pentti-450x567.jpg 450w, https:\/\/joukkosieessa.fi\/wp-content\/uploads\/2020\/01\/Pukero_Pentti.jpg 1429w\" sizes=\"auto, (max-width: 118px) 100vw, 118px\" \/><\/p>\n<h4><strong>370. Luutnantti Pentti Pukero, 23.kadk, 1746<\/strong><\/h4>\n<ul>\n<li><strong>Komppanian p\u00e4\u00e4llikk\u00f6, 5.K\/II\/JR52 (14.D)<\/strong><\/li>\n<li><strong>Kaatui Rukaj\u00e4rvi 26.6.1943<\/strong><\/li>\n<\/ul>\n<p>Vihollinen valtasi 26.6.43 kello 0900 noin yhdeks\u00e4n kilometri\u00e4 koilliseen Rukaj\u00e4rven kyl\u00e4st\u00e4 sijaitsevan Pallo-tukikohdan, jolloin Jalkav\u00e4kirykmentti\u00a052:n reservin\u00e4 ollut II Pataljoona sai teht\u00e4v\u00e4n vallata tukikohta takaisin. Pataljoonan ollessa kello 1410 hy\u00f6kk\u00e4ysasemassa noin 100 metri\u00e4 tukikohdan lounaispuolella, vihollinen ampui tuli-iskun 5. komppanian ryhmitykseen. Yksi kranaatti iski keskelle komppanian komentoryhm\u00e4\u00e4 ja luutnantti Pukero kaatui kranaatin sirpaleen osumasta alavartaloon.<\/p>\n<hr \/>\n<p><img loading=\"lazy\" decoding=\"async\" class=\"wp-image-2586 alignright\" src=\"https:\/\/joukkosieessa.fi\/wp-content\/uploads\/2020\/01\/Peltola-Toivo-August-180107-223x300.jpg\" alt=\"\" width=\"118\" height=\"159\" srcset=\"https:\/\/joukkosieessa.fi\/wp-content\/uploads\/2020\/01\/Peltola-Toivo-August-180107-223x300.jpg 223w, https:\/\/joukkosieessa.fi\/wp-content\/uploads\/2020\/01\/Peltola-Toivo-August-180107.jpg 307w\" sizes=\"auto, (max-width: 118px) 100vw, 118px\" \/><\/p>\n<h4><strong>371. Komentajakapteeni Toivo Peltola, 4.mek, 51 me<\/strong><\/h4>\n<ul>\n<li><strong>Toimistop\u00e4\u00e4llikk\u00f6, miinatoimisto (LaivE\/Meriv)<\/strong><\/li>\n<li><strong>Itsemurha 10.SotaS Tampere 28.6.1943<\/strong><\/li>\n<\/ul>\n<p>Komentajakapteeni Peltola teki itsemurhan 28.6.43.<\/p>\n<p><a href=\"#_ednref1\" name=\"_edn1\"><\/a><\/p>\n<\/div><\/section><br \/>\n\n<style type=\"text\/css\" data-created_by=\"avia_inline_auto\" id=\"style-css-av-av_heading-5499b5c920e3bd77c1b5b84f0a9a30a8\">\n#top .av-special-heading.av-av_heading-5499b5c920e3bd77c1b5b84f0a9a30a8{\nmargin:0 0 10px 0;\npadding-bottom:10px;\n}\nbody .av-special-heading.av-av_heading-5499b5c920e3bd77c1b5b84f0a9a30a8 .av-special-heading-tag .heading-char{\nfont-size:25px;\n}\n.av-special-heading.av-av_heading-5499b5c920e3bd77c1b5b84f0a9a30a8 .av-subheading{\nfont-size:15px;\n}\n<\/style>\n<div  class='av-special-heading av-av_heading-5499b5c920e3bd77c1b5b84f0a9a30a8 av-special-heading-h2  avia-builder-el-5  el_after_av_textblock  el_before_av_textblock '><h2 class='av-special-heading-tag'  itemprop=\"headline\"  >L\u00e4hteet<\/h2><div class=\"special-heading-border\"><div class=\"special-heading-inner-border\"><\/div><\/div><\/div><br \/>\n<section  class='av_textblock_section av-k7ntf3yv-07e2bac634ce6b7636027ebb62b15ffa '   itemscope=\"itemscope\" itemtype=\"https:\/\/schema.org\/CreativeWork\" ><div class='avia_textblock'  itemprop=\"text\" ><p>L\u00e4hteet esitetty kirjassa ja sen s\u00e4hk\u00f6isess\u00e4 versiossa (PDF) joka on ladattavissa Kadettikunnan ja t\u00e4m\u00e4n sivuston verkkosivuilta.<\/p>\n<\/div><\/section><br \/>\n\n<style type=\"text\/css\" data-created_by=\"avia_inline_auto\" id=\"style-css-av-k47j6vg7-d3fd1f40b5858f4982ee5b8d5d9dc574\">\n#top .avia_search_element.av-k47j6vg7-d3fd1f40b5858f4982ee5b8d5d9dc574 .av_searchform_wrapper{\nborder-radius:0px 0px 0px 0px;\n}\n#top .avia_search_element.av-k47j6vg7-d3fd1f40b5858f4982ee5b8d5d9dc574 #s.av-input-field{\nborder-radius:0px 0px 0px 0px;\n}\n#top .avia_search_element.av-k47j6vg7-d3fd1f40b5858f4982ee5b8d5d9dc574 .av_searchsubmit_wrapper{\nborder-radius:0px 0px 0px 0px;\n}\n#top .avia_search_element.av-k47j6vg7-d3fd1f40b5858f4982ee5b8d5d9dc574 #searchsubmit{\nborder-radius:0px 0px 0px 0px;\n}\n.ajax_search_response.av-k47j6vg7-d3fd1f40b5858f4982ee5b8d5d9dc574{\npadding:0px 0px 0px 0px;\nmargin:0px 0px 0px 0px;\n}\n<\/style>\n<div  class='avia_search_element av-k47j6vg7-d3fd1f40b5858f4982ee5b8d5d9dc574  avia-builder-el-7  el_after_av_textblock  avia-builder-el-last '><form action='https:\/\/joukkosieessa.fi\/' id='searchform_element' method='get' class='' data-element_id='av-k47j6vg7-d3fd1f40b5858f4982ee5b8d5d9dc574' ><div class='av_searchform_wrapper'><input type='text' value='' id='s' name='s' placeholder='Haku artikkeleista...' class='av-input-field av-input-hasicon' \/><span class='av-input-field-icon av-search-icon avia-font-entypo-fontello'>\ue803<\/span><div class='av_searchsubmit_wrapper '><input type='submit' value='HAE' id='searchsubmit' class='button ' \/><\/div><input type='hidden' name='numberposts' value='5' \/><input type='hidden' name='post_type' value='post' \/><input type='hidden' name='results_hide_fields' value='' \/><\/div><\/form><\/div><\/p><\/div>\n<style type=\"text\/css\" data-created_by=\"avia_inline_auto\" id=\"style-css-av-4qey0l-b6d9c77fdb2090ae8b4019c56e7fbd55\">\n.flex_column.av-4qey0l-b6d9c77fdb2090ae8b4019c56e7fbd55{\nborder-radius:0px 0px 0px 0px;\npadding:0px 0px 0px 0px;\n}\n<\/style>\n<div  class='flex_column av-4qey0l-b6d9c77fdb2090ae8b4019c56e7fbd55 av_one_half  avia-builder-el-8  el_after_av_one_full  el_before_av_one_half  first flex_column_div av-zero-column-padding  column-top-margin'     ><div  class='avia-button-wrap av-k7nqdgz6-f589838821038b29f3b817d00293b2c4-wrap avia-button-left  avia-builder-el-9  avia-builder-el-no-sibling '><a href='https:\/\/joukkosieessa.fi\/index.php\/sodan-aika\/jatkosota\/asemasota\/maalis-huhtikuu-1943\/'  class='avia-button av-k7nqdgz6-f589838821038b29f3b817d00293b2c4 avia-icon_select-no avia-size-small avia-position-left avia-color-theme-color-highlight'  ><span class='avia_iconbox_title' >Maalis-, huhtikuu 1943<\/span><\/a><\/div><\/div><\/p>\n\n<style type=\"text\/css\" data-created_by=\"avia_inline_auto\" id=\"style-css-av-2afxo5-86a55fb34d5ce9fbd047282a154ee07e\">\n.flex_column.av-2afxo5-86a55fb34d5ce9fbd047282a154ee07e{\nborder-radius:0px 0px 0px 0px;\npadding:0px 0px 0px 0px;\n}\n<\/style>\n<div  class='flex_column av-2afxo5-86a55fb34d5ce9fbd047282a154ee07e av_one_half  avia-builder-el-10  el_after_av_one_half  avia-builder-el-last  flex_column_div av-zero-column-padding  column-top-margin'     ><div  class='avia-button-wrap av-k7nqdxe3-978455a0d1e4b87ea3dbf2374f480685-wrap avia-button-right  avia-builder-el-11  avia-builder-el-no-sibling '><a href='https:\/\/joukkosieessa.fi\/index.php\/sodan-aika\/jatkosota\/asemasota\/heina-elokuu-1943\/'  class='avia-button av-k7nqdxe3-978455a0d1e4b87ea3dbf2374f480685 avia-icon_select-no avia-size-small avia-position-right avia-color-theme-color-highlight'  ><span class='avia_iconbox_title' >Hein\u00e4-, elokuu 1943<\/span><\/a><\/div><\/div>\n","protected":false},"excerpt":{"rendered":"","protected":false},"author":1,"featured_media":0,"parent":1952,"menu_order":10,"comment_status":"closed","ping_status":"closed","template":"","meta":{"footnotes":""},"class_list":["post-1989","page","type-page","status-publish","hentry"],"_links":{"self":[{"href":"https:\/\/joukkosieessa.fi\/index.php\/wp-json\/wp\/v2\/pages\/1989","targetHints":{"allow":["GET"]}}],"collection":[{"href":"https:\/\/joukkosieessa.fi\/index.php\/wp-json\/wp\/v2\/pages"}],"about":[{"href":"https:\/\/joukkosieessa.fi\/index.php\/wp-json\/wp\/v2\/types\/page"}],"author":[{"embeddable":true,"href":"https:\/\/joukkosieessa.fi\/index.php\/wp-json\/wp\/v2\/users\/1"}],"replies":[{"embeddable":true,"href":"https:\/\/joukkosieessa.fi\/index.php\/wp-json\/wp\/v2\/comments?post=1989"}],"version-history":[{"count":17,"href":"https:\/\/joukkosieessa.fi\/index.php\/wp-json\/wp\/v2\/pages\/1989\/revisions"}],"predecessor-version":[{"id":3976,"href":"https:\/\/joukkosieessa.fi\/index.php\/wp-json\/wp\/v2\/pages\/1989\/revisions\/3976"}],"up":[{"embeddable":true,"href":"https:\/\/joukkosieessa.fi\/index.php\/wp-json\/wp\/v2\/pages\/1952"}],"wp:attachment":[{"href":"https:\/\/joukkosieessa.fi\/index.php\/wp-json\/wp\/v2\/media?parent=1989"}],"curies":[{"name":"wp","href":"https:\/\/api.w.org\/{rel}","templated":true}]}}