{"id":1991,"date":"2020-01-06T13:21:10","date_gmt":"2020-01-06T13:21:10","guid":{"rendered":"https:\/\/joukkosieessa.fi\/?page_id=1991"},"modified":"2020-09-21T08:46:20","modified_gmt":"2020-09-21T08:46:20","slug":"heina-elokuu-1943","status":"publish","type":"page","link":"https:\/\/joukkosieessa.fi\/index.php\/sodan-aika\/jatkosota\/asemasota\/heina-elokuu-1943\/","title":{"rendered":"Hein\u00e4-, elokuu 1943"},"content":{"rendered":"<div id='full_slider_1'  class='avia-fullwidth-slider main_color avia-shadow   avia-builder-el-0  el_before_av_one_full  avia-builder-el-first   container_wrap sidebar_right'  >\n<style type=\"text\/css\" data-created_by=\"avia_inline_auto\" id=\"style-css-av-akhp-b6f614b8154ad80be0284d699659eb53\">\n#top .avia-slideshow .av-slideshow-caption.av-akhp-b6f614b8154ad80be0284d699659eb53__0 .avia-caption-content{\nfont-size:14px;\n}\n#top .avia-slideshow .av-slideshow-caption.av-akhp-b6f614b8154ad80be0284d699659eb53__0 .avia-caption-content p{\nfont-size:14px;\n}\n<\/style>\n<div  class='avia-slideshow av-akhp-b6f614b8154ad80be0284d699659eb53 avia-slideshow-featured av_slideshow_full avia-slide-slider av-slideshow-ui av-control-default av-slideshow-manual av-loop-once av-loop-manual-endless av-default-height-applied   avia-slideshow-1' data-slideshow-options=\"{&quot;animation&quot;:&quot;slide&quot;,&quot;autoplay&quot;:false,&quot;loop_autoplay&quot;:&quot;once&quot;,&quot;interval&quot;:5,&quot;loop_manual&quot;:&quot;manual-endless&quot;,&quot;autoplay_stopper&quot;:false,&quot;noNavigation&quot;:false,&quot;bg_slider&quot;:false,&quot;keep_padding&quot;:false,&quot;hoverpause&quot;:false,&quot;show_slide_delay&quot;:0}\"  itemprop=\"image\" itemscope=\"itemscope\" itemtype=\"https:\/\/schema.org\/ImageObject\" ><ul class='avia-slideshow-inner ' style='padding-bottom: 28.666666666667%;'><li  class='avia-slideshow-slide av-akhp-b6f614b8154ad80be0284d699659eb53__0  av-single-slide slide-1 slide-odd'><div data-rel='slideshow-1' class='avia-slide-wrap '   ><div class='av-slideshow-caption av-akhp-b6f614b8154ad80be0284d699659eb53__0 caption_fullwidth caption_bottom caption_bottom_framed caption_framed'><div class=\"container caption_container\"><div class=\"slideshow_caption\"><div class=\"slideshow_inner_caption\"><div class=\"slideshow_align_caption\"><div class='avia-caption-content '  itemprop=\"description\" ><p>KAPTEENILUUTNANTTI OSMO KIVILINNA (8.MEK) ILMOITTAA MIINALAIVA RIILAHDEN YLIP\u00c4\u00c4LLIK\u00d6LLE T\u00c4M\u00c4N<br \/>\nTARKASTAESSA KEVYEN LAIVASTO-OSASTON HAMINASSA 15.7.1943.<\/p>\n<\/div><\/div><\/div><\/div><\/div><\/div><img fetchpriority=\"high\" class=\"wp-image-3425 avia-img-lazy-loading-not-3425\"  src='https:\/\/joukkosieessa.fi\/wp-content\/uploads\/2020\/03\/Asemasota_Elokuu_1943-1-1500x430.jpg' width='1500' height='430' title='Asemasota_Elokuu_1943' alt=''  itemprop=\"thumbnailUrl\"   \/><\/div><\/li><\/ul><\/div><\/div><div id='after_full_slider_1'  class='main_color av_default_container_wrap container_wrap sidebar_right'  ><div class='container av-section-cont-open' ><div class='template-page content  av-content-small alpha units'><div class='post-entry post-entry-type-page post-entry-1991'><div class='entry-content-wrapper clearfix'>\n\n<style type=\"text\/css\" data-created_by=\"avia_inline_auto\" id=\"style-css-av-4k1r-3ed26eaf4f9e1fe5afee569a008105ec\">\n.flex_column.av-4k1r-3ed26eaf4f9e1fe5afee569a008105ec{\nborder-radius:0px 0px 0px 0px;\npadding:0px 0px 10px 10px;\n}\n<\/style>\n<div  class='flex_column av-4k1r-3ed26eaf4f9e1fe5afee569a008105ec av_one_full  avia-builder-el-1  el_after_av_slideshow_full  el_before_av_one_half  avia-builder-el-first  first flex_column_div  '     ><p>\n<style type=\"text\/css\" data-created_by=\"avia_inline_auto\" id=\"style-css-av-av_heading-0be58ea3c1ced85094d77ecbbc8cf5b0\">\n#top .av-special-heading.av-av_heading-0be58ea3c1ced85094d77ecbbc8cf5b0{\nmargin:0 0 -5px 0;\npadding-bottom:0;\n}\nbody .av-special-heading.av-av_heading-0be58ea3c1ced85094d77ecbbc8cf5b0 .av-special-heading-tag .heading-char{\nfont-size:25px;\n}\n.av-special-heading.av-av_heading-0be58ea3c1ced85094d77ecbbc8cf5b0 .av-subheading{\nfont-size:15px;\n}\n<\/style>\n<div  class='av-special-heading av-av_heading-0be58ea3c1ced85094d77ecbbc8cf5b0 av-special-heading-h1  avia-builder-el-2  el_before_av_heading  avia-builder-el-first '><h1 class='av-special-heading-tag'  itemprop=\"headline\"  >Hein\u00e4-, elokuu 1943<\/h1><div class=\"special-heading-border\"><div class=\"special-heading-inner-border\"><\/div><\/div><\/div><br \/>\n\n<style type=\"text\/css\" data-created_by=\"avia_inline_auto\" id=\"style-css-av-kfcac8uq-63d852b02a03f20df62bbc521cdce9e4\">\n#top .av-special-heading.av-kfcac8uq-63d852b02a03f20df62bbc521cdce9e4{\nmargin:0 0 10px 0;\npadding-bottom:10px;\n}\nbody .av-special-heading.av-kfcac8uq-63d852b02a03f20df62bbc521cdce9e4 .av-special-heading-tag .heading-char{\nfont-size:25px;\n}\n.av-special-heading.av-kfcac8uq-63d852b02a03f20df62bbc521cdce9e4 .av-subheading{\nfont-size:15px;\n}\n<\/style>\n<div  class='av-special-heading av-kfcac8uq-63d852b02a03f20df62bbc521cdce9e4 av-special-heading-h2  avia-builder-el-3  el_after_av_heading  el_before_av_textblock '><h2 class='av-special-heading-tag'  itemprop=\"headline\"  >MENEHTYNEET KADETTIUPSEERIT JA KADETIT<\/h2><div class=\"special-heading-border\"><div class=\"special-heading-inner-border\"><\/div><\/div><\/div><br \/>\n\n<style type=\"text\/css\" data-created_by=\"avia_inline_auto\" id=\"style-css-av-3o2n-f8ecf9facd2b0c750a152e7b87905b4d\">\n#top .av_textblock_section.av-3o2n-f8ecf9facd2b0c750a152e7b87905b4d .avia_textblock{\nfont-size:15px;\n}\n<\/style>\n<section  class='av_textblock_section av-3o2n-f8ecf9facd2b0c750a152e7b87905b4d '   itemscope=\"itemscope\" itemtype=\"https:\/\/schema.org\/CreativeWork\" ><div class='avia_textblock'  itemprop=\"text\" ><p><img loading=\"lazy\" decoding=\"async\" class=\"wp-image-2298 alignright\" src=\"https:\/\/joukkosieessa.fi\/wp-content\/uploads\/2020\/01\/Huoponen_Arsi-231x300.jpg\" alt=\"\" width=\"118\" height=\"153\" srcset=\"https:\/\/joukkosieessa.fi\/wp-content\/uploads\/2020\/01\/Huoponen_Arsi-231x300.jpg 231w, https:\/\/joukkosieessa.fi\/wp-content\/uploads\/2020\/01\/Huoponen_Arsi-768x999.jpg 768w, https:\/\/joukkosieessa.fi\/wp-content\/uploads\/2020\/01\/Huoponen_Arsi-792x1030.jpg 792w, https:\/\/joukkosieessa.fi\/wp-content\/uploads\/2020\/01\/Huoponen_Arsi-1153x1500.jpg 1153w, https:\/\/joukkosieessa.fi\/wp-content\/uploads\/2020\/01\/Huoponen_Arsi-542x705.jpg 542w, https:\/\/joukkosieessa.fi\/wp-content\/uploads\/2020\/01\/Huoponen_Arsi-450x585.jpg 450w, https:\/\/joukkosieessa.fi\/wp-content\/uploads\/2020\/01\/Huoponen_Arsi.jpg 1677w\" sizes=\"auto, (max-width: 118px) 100vw, 118px\" \/><\/p>\n<h4><strong>372. Luutnantti Arsi Huoponen, 26.kadk, 2219<\/strong><\/h4>\n<ul>\n<li><strong>Joukkueen johtaja, 4.K\/II\/JR45 (8.D\/VI AK\/AunR)<\/strong><\/li>\n<li><strong>Hukkui Pisinjoki, Pisi, Laatokka 1.7.1943<\/strong><\/li>\n<\/ul>\n<p>Luutnantti Huoponen l\u00e4hti 1.7.43 aamulla Pisinjoen suulla kovan tuulen vallitessa nostamaan rapumertoja noin\u00a0200 metrin p\u00e4\u00e4st\u00e4 rannasta, kun h\u00e4nen veneens\u00e4 t\u00e4yttyi vedell\u00e4 ja upposi. Mukana ollut sotamies p\u00e4\u00e4si rantaan, mutta Huoponen hukkui. H\u00e4nen ruumiinsa saatiin nostettua vedest\u00e4 seuraavana p\u00e4iv\u00e4n\u00e4.<\/p>\n<hr \/>\n<p><img loading=\"lazy\" decoding=\"async\" class=\"wp-image-2131 alignright\" src=\"https:\/\/joukkosieessa.fi\/wp-content\/uploads\/2020\/01\/Salonen_Eino-244x300.jpg\" alt=\"\" width=\"118\" height=\"145\" srcset=\"https:\/\/joukkosieessa.fi\/wp-content\/uploads\/2020\/01\/Salonen_Eino-244x300.jpg 244w, https:\/\/joukkosieessa.fi\/wp-content\/uploads\/2020\/01\/Salonen_Eino-768x946.jpg 768w, https:\/\/joukkosieessa.fi\/wp-content\/uploads\/2020\/01\/Salonen_Eino-836x1030.jpg 836w, https:\/\/joukkosieessa.fi\/wp-content\/uploads\/2020\/01\/Salonen_Eino-1218x1500.jpg 1218w, https:\/\/joukkosieessa.fi\/wp-content\/uploads\/2020\/01\/Salonen_Eino-572x705.jpg 572w, https:\/\/joukkosieessa.fi\/wp-content\/uploads\/2020\/01\/Salonen_Eino-450x554.jpg 450w, https:\/\/joukkosieessa.fi\/wp-content\/uploads\/2020\/01\/Salonen_Eino.jpg 1710w\" sizes=\"auto, (max-width: 118px) 100vw, 118px\" \/><\/p>\n<h4><strong>373. Luutnantti Eino Salonen, 24.kadk, 1937<\/strong><\/h4>\n<ul>\n<li><strong>Patterin p\u00e4\u00e4llikk\u00f6, 2.Ptri\/Maasel\u00e4n kannaksen LinnPsto1 (MaaR)<\/strong><\/li>\n<li><strong>Haavoittui Krivi, Maaselk\u00e4 6.7.1943, kuoli 33.KS 6.7.1943<\/strong><\/li>\n<\/ul>\n<p>Luutnantti Salonen haavoittui 6.7.43 kello 1430 vatsaan tarkka-ampujan luodista ollessaan Krivill\u00e4 etulinjassa mittaamassa suuntia ja et\u00e4isyyksi\u00e4\u00a0vihollisen pes\u00e4kkeisiin. Salonen kuoli matkalla kentt\u00e4sairaalaan.<\/p>\n<hr \/>\n<p><img loading=\"lazy\" decoding=\"async\" class=\"wp-image-2540 alignright\" src=\"https:\/\/joukkosieessa.fi\/wp-content\/uploads\/2020\/01\/Ker%C3%A4nen-Martti-090307-256x300.jpg\" alt=\"\" width=\"118\" height=\"138\" \/><\/p>\n<h4><strong>374. Kapteeni Martti Ker\u00e4nen, 17.kadk, 1157<\/strong><\/h4>\n<ul>\n<li><strong>Osaston komentaja, ErOsSau<\/strong><\/li>\n<li><strong>Itsemurha Niemijoki, Savukoski, Salla 23.7.1943<\/strong><\/li>\n<\/ul>\n<p>Erillisosasto Savukosken komentaja, kapteeni Ker\u00e4nen, ampui itsens\u00e4 23.7.43 illalla ollessaan tarkastamassa Niemijoen alueella kentt\u00e4vartiota.<\/p>\n<hr \/>\n<p><img loading=\"lazy\" decoding=\"async\" class=\"wp-image-2332 alignright\" src=\"https:\/\/joukkosieessa.fi\/wp-content\/uploads\/2020\/01\/alfthan_georg-238x300.jpg\" alt=\"\" width=\"118\" height=\"149\" srcset=\"https:\/\/joukkosieessa.fi\/wp-content\/uploads\/2020\/01\/alfthan_georg-238x300.jpg 238w, https:\/\/joukkosieessa.fi\/wp-content\/uploads\/2020\/01\/alfthan_georg-768x967.jpg 768w, https:\/\/joukkosieessa.fi\/wp-content\/uploads\/2020\/01\/alfthan_georg-818x1030.jpg 818w, https:\/\/joukkosieessa.fi\/wp-content\/uploads\/2020\/01\/alfthan_georg-1192x1500.jpg 1192w, https:\/\/joukkosieessa.fi\/wp-content\/uploads\/2020\/01\/alfthan_georg-560x705.jpg 560w, https:\/\/joukkosieessa.fi\/wp-content\/uploads\/2020\/01\/alfthan_georg-450x566.jpg 450w, https:\/\/joukkosieessa.fi\/wp-content\/uploads\/2020\/01\/alfthan_georg.jpg 1412w\" sizes=\"auto, (max-width: 118px) 100vw, 118px\" \/><\/p>\n<h4><strong>375. Luutnantti Georg Alfthan, 25.kadk, 1988<\/strong><\/h4>\n<ul>\n<li><strong>Komppanian p\u00e4\u00e4llikk\u00f6, 10.K\/III\/JR49 (2.D\/KanR)<\/strong><\/li>\n<li><strong>Kaatui Ohta, Lempaala 3.8.1943<\/strong><\/li>\n<\/ul>\n<p>Luutnantti Alfthan oli 3.8.43 heti puolen y\u00f6n j\u00e4lkeen valvomassa etulinjan varustelut\u00f6it\u00e4 Ohdan pohjoislohkolla, kun vihollisen Ojasen bunkkerista\u00a0ampumasta konekiv\u00e4\u00e4risarjasta osui luoti h\u00e4nen p\u00e4\u00e4h\u00e4ns\u00e4.<\/p>\n<hr \/>\n<p><img loading=\"lazy\" decoding=\"async\" class=\"wp-image-2133 alignright\" src=\"https:\/\/joukkosieessa.fi\/wp-content\/uploads\/2020\/01\/Hurttila_Olavi-248x300.jpg\" alt=\"\" width=\"118\" height=\"143\" srcset=\"https:\/\/joukkosieessa.fi\/wp-content\/uploads\/2020\/01\/Hurttila_Olavi-248x300.jpg 248w, https:\/\/joukkosieessa.fi\/wp-content\/uploads\/2020\/01\/Hurttila_Olavi-768x930.jpg 768w, https:\/\/joukkosieessa.fi\/wp-content\/uploads\/2020\/01\/Hurttila_Olavi-851x1030.jpg 851w, https:\/\/joukkosieessa.fi\/wp-content\/uploads\/2020\/01\/Hurttila_Olavi-1239x1500.jpg 1239w, https:\/\/joukkosieessa.fi\/wp-content\/uploads\/2020\/01\/Hurttila_Olavi-582x705.jpg 582w, https:\/\/joukkosieessa.fi\/wp-content\/uploads\/2020\/01\/Hurttila_Olavi-450x545.jpg 450w, https:\/\/joukkosieessa.fi\/wp-content\/uploads\/2020\/01\/Hurttila_Olavi.jpg 1512w\" sizes=\"auto, (max-width: 118px) 100vw, 118px\" \/><\/p>\n<h4><strong>376. Luutnantti Olavi Hurttila, 26.kadk, 2220<\/strong><\/h4>\n<ul>\n<li><strong>Ohjaaja, 2.Ltue\/LeLv30\/LeR5<\/strong><\/li>\n<li><strong>Katosi Peninsaari, Suomenlahti 5.8.1943<\/strong><\/li>\n<\/ul>\n<p>Luutnantti Hurttila oli 5.8.43 Polikarpov IT-29:lla tiedustelulennolla it\u00e4isell\u00e4 Suomenlahdella, kun h\u00e4nen siipikoneensa menetti kello 1300 huonoissa\u00a0s\u00e4\u00e4olosuhteissa Peninsaaren yl\u00e4puolella n\u00e4k\u00f6yhteyden Hurttilan koneeseen. Hurttila todenn\u00e4k\u00f6isesti tuli Peninsaaressa olleen kiivaan ilmatorjunnan alas ampumaksi.<\/p>\n<hr \/>\n<p><img loading=\"lazy\" decoding=\"async\" class=\"wp-image-2134 alignright\" src=\"https:\/\/joukkosieessa.fi\/wp-content\/uploads\/2020\/01\/Hankom%C3%A4ki_Kauko-242x300.jpg\" alt=\"\" width=\"118\" height=\"146\" \/><\/p>\n<h4><strong>377. Luutnantti Kauko Hankom\u00e4ki, 26.kadk, 2394<\/strong><\/h4>\n<ul>\n<li><strong>Komppanian p\u00e4\u00e4llik\u00f6n sij. (komppanian varap\u00e4\u00e4llikk\u00f6), 6.K\/II\/JR10 (14.D)<\/strong><\/li>\n<li><strong>Kaatui Ontrosenvaara, Rukaj\u00e4rvi 12.8.1943<\/strong><\/li>\n<\/ul>\n<p>Vihollinen suoritti 12.8.43 kello 0200 usean komppanian voimin hy\u00f6kk\u00e4yksen noin kuusi kilometri\u00e4 Ontrosenvaaran koillispuolella Tsirkka-Kemijoen\u00a0toisella puolella ollutta Jalkav\u00e4kirykmentti 10:n 6. komppanian kentt\u00e4vartio \u201dJokea\u201d vastaan, jota puolustamassa oli noin 25 suomalaista. Komppanian p\u00e4\u00e4llik\u00f6n lomasijaisena toiminut luutnantti Hankom\u00e4ki suoritti yhdell\u00e4 joukkueella vastahy\u00f6kk\u00e4yksen ylitt\u00e4en joen kello 0425. Joukkueen edetty\u00e4 huoltopolkua noin 700 metri\u00e4 se sai kosketuksen viholliseen, ja puoli tuntia kest\u00e4neen taistelun aikana Honkam\u00e4ki kaatui.<\/p>\n<hr \/>\n<p><img loading=\"lazy\" decoding=\"async\" class=\"wp-image-3080 alignright\" src=\"https:\/\/joukkosieessa.fi\/wp-content\/uploads\/2020\/02\/Eino_Sorsa-214x300.jpg\" alt=\"\" width=\"107\" height=\"150\" srcset=\"https:\/\/joukkosieessa.fi\/wp-content\/uploads\/2020\/02\/Eino_Sorsa-214x300.jpg 214w, https:\/\/joukkosieessa.fi\/wp-content\/uploads\/2020\/02\/Eino_Sorsa.jpg 373w\" sizes=\"auto, (max-width: 107px) 100vw, 107px\" \/><\/p>\n<h4><strong>378. Majuri Eino Sorsa, 12.kadk, 762<\/strong><\/h4>\n<ul>\n<li><strong>Patteriston komentaja, III\/KTR5 (1.D\/MaaR)<\/strong><\/li>\n<li><strong>Haavoittui oman vartiomiehen ampumana Pintuinen, Karhum\u00e4ki, Maaselk\u00e4 15.8.1943, kuoli 16.KS 18.8.1943<\/strong><\/li>\n<\/ul>\n<p>Majuri Sorsa haavoittui vatsaan vartiomiehen luodista 15.8.43 kello 0130 ollessaan tarkastusmatkalla Pintuisissa, Karhum\u00e4en it\u00e4puolella, kuollen kolme\u00a0p\u00e4iv\u00e4\u00e4 my\u00f6hemmin kentt\u00e4sairaalassa.<\/p>\n<hr \/>\n<p><img loading=\"lazy\" decoding=\"async\" class=\"wp-image-2135 alignright\" src=\"https:\/\/joukkosieessa.fi\/wp-content\/uploads\/2020\/01\/Tervo_Altto-245x300.jpg\" alt=\"\" width=\"118\" height=\"144\" srcset=\"https:\/\/joukkosieessa.fi\/wp-content\/uploads\/2020\/01\/Tervo_Altto-245x300.jpg 245w, https:\/\/joukkosieessa.fi\/wp-content\/uploads\/2020\/01\/Tervo_Altto-768x942.jpg 768w, https:\/\/joukkosieessa.fi\/wp-content\/uploads\/2020\/01\/Tervo_Altto-840x1030.jpg 840w, https:\/\/joukkosieessa.fi\/wp-content\/uploads\/2020\/01\/Tervo_Altto-1224x1500.jpg 1224w, https:\/\/joukkosieessa.fi\/wp-content\/uploads\/2020\/01\/Tervo_Altto-575x705.jpg 575w, https:\/\/joukkosieessa.fi\/wp-content\/uploads\/2020\/01\/Tervo_Altto-450x552.jpg 450w, https:\/\/joukkosieessa.fi\/wp-content\/uploads\/2020\/01\/Tervo_Altto.jpg 1518w\" sizes=\"auto, (max-width: 118px) 100vw, 118px\" \/><\/p>\n<h4><strong>379. Luutnantti Altto Tervo, 25.kadk, 1956<\/strong><\/h4>\n<ul>\n<li><strong>Ohjaaja, 1.Ltue\/LeLv34\/LeR3<\/strong><\/li>\n<li><strong>Kaatui Lavansaari, Suomenlahti 20.8.1943<\/strong><\/li>\n<\/ul>\n<p>Luutnantti Tervo oli siipimiehens\u00e4 kanssa torjuntalennolla Suomenlahdelle 20.8.43 kello 1840, kun siipimies joutui moottorih\u00e4iri\u00f6n vuoksi palaamaan\u00a0takaisin. Tervo jatkoi yksin Messerschmitt MT-219-koneellaan kohdaten Lavansaaren l\u00e4nsipuolella vihollisen h\u00e4vitt\u00e4ji\u00e4 ja pommikoneita. Somerista saatujen havaintojen mukaan Tervo ampui yhden h\u00e4vitt\u00e4jist\u00e4 alas, mutta joutui samalla itse alasammutuksi h\u00e4nen koneensa sy\u00f6ksyess\u00e4 Lavansaareen kello 1918. Tervon ruumis j\u00e4i kent\u00e4lle.<\/p>\n<hr \/>\n<p><img loading=\"lazy\" decoding=\"async\" class=\"wp-image-2348 alignright\" src=\"https:\/\/joukkosieessa.fi\/wp-content\/uploads\/2020\/01\/Charpentier-Claes-H%C3%A5kan-150105-223x300.jpg\" alt=\"\" width=\"118\" height=\"159\" \/><\/p>\n<h4><strong>380. Majuri H\u00e5kan Charpentier, 10.kadk, 581<\/strong><\/h4>\n<ul>\n<li><strong>Komendantti, Helsingin varuskunta<\/strong><\/li>\n<li><strong>Kuoli sairauteen 1.SotaS Helsinki 20.8.1943<\/strong><\/li>\n<\/ul>\n<p>Majuri Charpentier kuoli 20.8.43 keuhkokuumeeseen sotasairaalassa.<\/p>\n<hr \/>\n<p><img loading=\"lazy\" decoding=\"async\" class=\"wp-image-2542 alignright\" src=\"https:\/\/joukkosieessa.fi\/wp-content\/uploads\/2020\/01\/Kivilinna-Osmo-291110-232x300.jpg\" alt=\"\" width=\"118\" height=\"153\" srcset=\"https:\/\/joukkosieessa.fi\/wp-content\/uploads\/2020\/01\/Kivilinna-Osmo-291110-232x300.jpg 232w, https:\/\/joukkosieessa.fi\/wp-content\/uploads\/2020\/01\/Kivilinna-Osmo-291110.jpg 320w\" sizes=\"auto, (max-width: 118px) 100vw, 118px\" \/><\/p>\n<h4><strong>381. Kapteeniluutnantti, Mannerheim-ristin ritari Osmo Kivilinna, <\/strong><strong>mek, 161 me<\/strong><\/h4>\n<ul>\n<li><strong>Aluksen p\u00e4\u00e4llikk\u00f6 sek\u00e4 laivueen komentaja, miinalaiva Riilahti\/Miinalaivue (KevLOs\/Laiv\/Meriv)<\/strong><\/li>\n<li><strong>Haavoittui Tiiskerin edusta, Suomenlahti 23.8.1943, kuoli 53.SotaS Helsinki 23.8.1943<\/strong><\/li>\n<\/ul>\n<p>Vihollisen moottoritorpedoveneet p\u00e4\u00e4siv\u00e4t yll\u00e4tt\u00e4m\u00e4\u00e4n ja torpedoivat vedenalaista kuuntelua pys\u00e4ytetyin konein suorittamassa olleen miinalaiva Riilahden 23.8.43 kello 0200 noin viisi meripeninkulmaa Tiiskerin kaakkoispuolella. Alus katkesi, kaatui ja upposi kahdessa minuutissa. Vatsaan ja alaraajoihin pahasti haavoittunut kapteeniluutnantti Kivilinna saatiin evakuoitua Helsinkiin sotasairaalaan, jossa h\u00e4n kuoli leikkaussaliin viet\u00e4ess\u00e4.<strong>\u00a0<\/strong><\/p>\n<div id=\"attachment_3542\" style=\"width: 606px\" class=\"wp-caption aligncenter\"><img loading=\"lazy\" decoding=\"async\" aria-describedby=\"caption-attachment-3542\" class=\"wp-image-3542\" src=\"https:\/\/joukkosieessa.fi\/wp-content\/uploads\/2020\/03\/Jatkosota14-300x172.jpg\" alt=\"\" width=\"596\" height=\"342\" srcset=\"https:\/\/joukkosieessa.fi\/wp-content\/uploads\/2020\/03\/Jatkosota14-300x172.jpg 300w, https:\/\/joukkosieessa.fi\/wp-content\/uploads\/2020\/03\/Jatkosota14-1030x590.jpg 1030w, https:\/\/joukkosieessa.fi\/wp-content\/uploads\/2020\/03\/Jatkosota14-768x440.jpg 768w, https:\/\/joukkosieessa.fi\/wp-content\/uploads\/2020\/03\/Jatkosota14-1536x880.jpg 1536w, https:\/\/joukkosieessa.fi\/wp-content\/uploads\/2020\/03\/Jatkosota14-1500x859.jpg 1500w, https:\/\/joukkosieessa.fi\/wp-content\/uploads\/2020\/03\/Jatkosota14-705x404.jpg 705w, https:\/\/joukkosieessa.fi\/wp-content\/uploads\/2020\/03\/Jatkosota14-450x258.jpg 450w, https:\/\/joukkosieessa.fi\/wp-content\/uploads\/2020\/03\/Jatkosota14.jpg 1577w\" sizes=\"auto, (max-width: 596px) 100vw, 596px\" \/><p id=\"caption-attachment-3542\" class=\"wp-caption-text\">Sa-kuva 131805: Suomen Marsalkka tervehtii Mannerheim-ristin ritaria kapteeniluutnantti Kivilinnaa.<\/p><\/div>\n<p>Kapteeniluutnantti Osmo Kivilinna (8.mek) ilmoittaa miinalaiva Riilahden ylip\u00e4\u00e4llik\u00f6lle t\u00e4m\u00e4n tarkastaessa Kevyen Laivasto-osaston Haminassa 15.7.1943. Kivilinna kaatui reilua kuukautta my\u00f6hemmin Riilahden tultua torpedoiduksi Tiiskerin edustalla 23.8.1943.<a href=\"#_ednref1\" name=\"_edn1\"><\/a><\/p>\n<\/div><\/section><br \/>\n\n<style type=\"text\/css\" data-created_by=\"avia_inline_auto\" id=\"style-css-av-av_heading-5499b5c920e3bd77c1b5b84f0a9a30a8\">\n#top .av-special-heading.av-av_heading-5499b5c920e3bd77c1b5b84f0a9a30a8{\nmargin:0 0 10px 0;\npadding-bottom:10px;\n}\nbody .av-special-heading.av-av_heading-5499b5c920e3bd77c1b5b84f0a9a30a8 .av-special-heading-tag .heading-char{\nfont-size:25px;\n}\n.av-special-heading.av-av_heading-5499b5c920e3bd77c1b5b84f0a9a30a8 .av-subheading{\nfont-size:15px;\n}\n<\/style>\n<div  class='av-special-heading av-av_heading-5499b5c920e3bd77c1b5b84f0a9a30a8 av-special-heading-h2  avia-builder-el-5  el_after_av_textblock  el_before_av_textblock '><h2 class='av-special-heading-tag'  itemprop=\"headline\"  >L\u00e4hteet<\/h2><div class=\"special-heading-border\"><div class=\"special-heading-inner-border\"><\/div><\/div><\/div><br \/>\n<section  class='av_textblock_section av-k7ntg673-841289558666a0a3a25b68b25a57bce7 '   itemscope=\"itemscope\" itemtype=\"https:\/\/schema.org\/CreativeWork\" ><div class='avia_textblock'  itemprop=\"text\" ><p>L\u00e4hteet esitetty kirjassa ja sen s\u00e4hk\u00f6isess\u00e4 versiossa (PDF) joka on ladattavissa Kadettikunnan ja t\u00e4m\u00e4n sivuston verkkosivuilta.<\/p>\n<\/div><\/section><br \/>\n\n<style type=\"text\/css\" data-created_by=\"avia_inline_auto\" id=\"style-css-av-k47j6vg7-d3fd1f40b5858f4982ee5b8d5d9dc574\">\n#top .avia_search_element.av-k47j6vg7-d3fd1f40b5858f4982ee5b8d5d9dc574 .av_searchform_wrapper{\nborder-radius:0px 0px 0px 0px;\n}\n#top .avia_search_element.av-k47j6vg7-d3fd1f40b5858f4982ee5b8d5d9dc574 #s.av-input-field{\nborder-radius:0px 0px 0px 0px;\n}\n#top .avia_search_element.av-k47j6vg7-d3fd1f40b5858f4982ee5b8d5d9dc574 .av_searchsubmit_wrapper{\nborder-radius:0px 0px 0px 0px;\n}\n#top .avia_search_element.av-k47j6vg7-d3fd1f40b5858f4982ee5b8d5d9dc574 #searchsubmit{\nborder-radius:0px 0px 0px 0px;\n}\n.ajax_search_response.av-k47j6vg7-d3fd1f40b5858f4982ee5b8d5d9dc574{\npadding:0px 0px 0px 0px;\nmargin:0px 0px 0px 0px;\n}\n<\/style>\n<div  class='avia_search_element av-k47j6vg7-d3fd1f40b5858f4982ee5b8d5d9dc574  avia-builder-el-7  el_after_av_textblock  avia-builder-el-last '><form action='https:\/\/joukkosieessa.fi\/' id='searchform_element' method='get' class='' data-element_id='av-k47j6vg7-d3fd1f40b5858f4982ee5b8d5d9dc574' ><div class='av_searchform_wrapper'><input type='text' value='' id='s' name='s' placeholder='Haku artikkeleista...' class='av-input-field av-input-hasicon' \/><span class='av-input-field-icon av-search-icon avia-font-entypo-fontello'>\ue803<\/span><div class='av_searchsubmit_wrapper '><input type='submit' value='HAE' id='searchsubmit' class='button ' \/><\/div><input type='hidden' name='numberposts' value='5' \/><input type='hidden' name='post_type' value='post' \/><input type='hidden' name='results_hide_fields' value='' \/><\/div><\/form><\/div><\/p><\/div>\n<style type=\"text\/css\" data-created_by=\"avia_inline_auto\" id=\"style-css-av-4lh9ev-d4599d8089c4a6624e8ceb3cff68ad2f\">\n.flex_column.av-4lh9ev-d4599d8089c4a6624e8ceb3cff68ad2f{\nborder-radius:0px 0px 0px 0px;\npadding:0px 0px 0px 0px;\n}\n<\/style>\n<div  class='flex_column av-4lh9ev-d4599d8089c4a6624e8ceb3cff68ad2f av_one_half  avia-builder-el-8  el_after_av_one_full  el_before_av_one_half  first flex_column_div av-zero-column-padding  column-top-margin'     ><div  class='avia-button-wrap av-k7nqlsks-5ea40e7229ac001edf38d30e2a5ae00e-wrap avia-button-left  avia-builder-el-9  avia-builder-el-no-sibling '><a href='https:\/\/joukkosieessa.fi\/index.php\/sodan-aika\/jatkosota\/asemasota\/touko-kesakuu-1943\/'  class='avia-button av-k7nqlsks-5ea40e7229ac001edf38d30e2a5ae00e avia-icon_select-no avia-size-small avia-position-left avia-color-theme-color-highlight'  ><span class='avia_iconbox_title' >Touko-, kes\u00e4kuu 1943<\/span><\/a><\/div><\/div><\/p>\n\n<style type=\"text\/css\" data-created_by=\"avia_inline_auto\" id=\"style-css-av-b17dj-087eb43ca4983fcc3fa2343f13d151bd\">\n.flex_column.av-b17dj-087eb43ca4983fcc3fa2343f13d151bd{\nborder-radius:0px 0px 0px 0px;\npadding:0px 0px 0px 0px;\n}\n<\/style>\n<div  class='flex_column av-b17dj-087eb43ca4983fcc3fa2343f13d151bd av_one_half  avia-builder-el-10  el_after_av_one_half  avia-builder-el-last  flex_column_div av-zero-column-padding  column-top-margin'     ><div  class='avia-button-wrap av-k7nqm6kw-2b5bd7fada91e9fb7554b95a8f064638-wrap avia-button-right  avia-builder-el-11  avia-builder-el-no-sibling '><a href='https:\/\/joukkosieessa.fi\/index.php\/sodan-aika\/jatkosota\/asemasota\/loka-marraskuu-1943\/'  class='avia-button av-k7nqm6kw-2b5bd7fada91e9fb7554b95a8f064638 avia-icon_select-no avia-size-small avia-position-right avia-color-theme-color-highlight'  ><span class='avia_iconbox_title' >Loka-, marraskuu 1943<\/span><\/a><\/div><\/div>\n","protected":false},"excerpt":{"rendered":"","protected":false},"author":1,"featured_media":0,"parent":1952,"menu_order":11,"comment_status":"closed","ping_status":"closed","template":"","meta":{"footnotes":""},"class_list":["post-1991","page","type-page","status-publish","hentry"],"_links":{"self":[{"href":"https:\/\/joukkosieessa.fi\/index.php\/wp-json\/wp\/v2\/pages\/1991","targetHints":{"allow":["GET"]}}],"collection":[{"href":"https:\/\/joukkosieessa.fi\/index.php\/wp-json\/wp\/v2\/pages"}],"about":[{"href":"https:\/\/joukkosieessa.fi\/index.php\/wp-json\/wp\/v2\/types\/page"}],"author":[{"embeddable":true,"href":"https:\/\/joukkosieessa.fi\/index.php\/wp-json\/wp\/v2\/users\/1"}],"replies":[{"embeddable":true,"href":"https:\/\/joukkosieessa.fi\/index.php\/wp-json\/wp\/v2\/comments?post=1991"}],"version-history":[{"count":21,"href":"https:\/\/joukkosieessa.fi\/index.php\/wp-json\/wp\/v2\/pages\/1991\/revisions"}],"predecessor-version":[{"id":3978,"href":"https:\/\/joukkosieessa.fi\/index.php\/wp-json\/wp\/v2\/pages\/1991\/revisions\/3978"}],"up":[{"embeddable":true,"href":"https:\/\/joukkosieessa.fi\/index.php\/wp-json\/wp\/v2\/pages\/1952"}],"wp:attachment":[{"href":"https:\/\/joukkosieessa.fi\/index.php\/wp-json\/wp\/v2\/media?parent=1991"}],"curies":[{"name":"wp","href":"https:\/\/api.w.org\/{rel}","templated":true}]}}