{"id":1993,"date":"2020-01-06T13:26:45","date_gmt":"2020-01-06T13:26:45","guid":{"rendered":"https:\/\/joukkosieessa.fi\/?page_id=1993"},"modified":"2020-09-21T08:48:50","modified_gmt":"2020-09-21T08:48:50","slug":"loka-marraskuu-1943","status":"publish","type":"page","link":"https:\/\/joukkosieessa.fi\/index.php\/sodan-aika\/jatkosota\/asemasota\/loka-marraskuu-1943\/","title":{"rendered":"Loka-, marraskuu 1943"},"content":{"rendered":"<div id='full_slider_1'  class='avia-fullwidth-slider main_color avia-shadow   avia-builder-el-0  el_before_av_one_full  avia-builder-el-first   container_wrap sidebar_right'  >\n<style type=\"text\/css\" data-created_by=\"avia_inline_auto\" id=\"style-css-av-akhp-b6f614b8154ad80be0284d699659eb53\">\n#top .avia-slideshow .av-slideshow-caption.av-akhp-b6f614b8154ad80be0284d699659eb53__0 .avia-caption-content{\nfont-size:14px;\n}\n#top .avia-slideshow .av-slideshow-caption.av-akhp-b6f614b8154ad80be0284d699659eb53__0 .avia-caption-content p{\nfont-size:14px;\n}\n<\/style>\n<div  class='avia-slideshow av-akhp-b6f614b8154ad80be0284d699659eb53 avia-slideshow-featured av_slideshow_full avia-slide-slider av-slideshow-ui av-control-default av-slideshow-manual av-loop-once av-loop-manual-endless av-default-height-applied   avia-slideshow-1' data-slideshow-options=\"{&quot;animation&quot;:&quot;slide&quot;,&quot;autoplay&quot;:false,&quot;loop_autoplay&quot;:&quot;once&quot;,&quot;interval&quot;:5,&quot;loop_manual&quot;:&quot;manual-endless&quot;,&quot;autoplay_stopper&quot;:false,&quot;noNavigation&quot;:false,&quot;bg_slider&quot;:false,&quot;keep_padding&quot;:false,&quot;hoverpause&quot;:false,&quot;show_slide_delay&quot;:0}\"  itemprop=\"image\" itemscope=\"itemscope\" itemtype=\"https:\/\/schema.org\/ImageObject\" ><ul class='avia-slideshow-inner ' style='padding-bottom: 27.6%;'><li  class='avia-slideshow-slide av-akhp-b6f614b8154ad80be0284d699659eb53__0  av-single-slide slide-1 slide-odd'><div data-rel='slideshow-1' class='avia-slide-wrap '   ><div class='av-slideshow-caption av-akhp-b6f614b8154ad80be0284d699659eb53__0 caption_fullwidth caption_bottom caption_bottom_framed caption_framed'><div class=\"container caption_container\"><div class=\"slideshow_caption\"><div class=\"slideshow_inner_caption\"><div class=\"slideshow_align_caption\"><div class='avia-caption-content '  itemprop=\"description\" ><p>Asemasodan hiljaiselon keskeyttiv\u00e4t silloin t\u00e4ll\u00f6in lyhyet, rajut taistelut. Vihollisen onnistui<br \/>\nvallata Rukaj\u00e4rvell\u00e4 26.6.1943 aamulla Jalkav\u00e4kirykmentti 52:n Pallo-tukikohta, jonka omistuksesta k\u00e4ytiin kaksi ja puoli vuorokautta kest\u00e4v\u00e4 taistelu.<\/p>\n<\/div><\/div><\/div><\/div><\/div><\/div><img fetchpriority=\"high\" class=\"wp-image-3337 avia-img-lazy-loading-not-3337\"  src='https:\/\/joukkosieessa.fi\/wp-content\/uploads\/2020\/03\/Asemasota_Joulukuu_1942-1-1500x414.jpg' width='1500' height='414' title='Asemasota_Joulukuu_1942' alt=''  itemprop=\"thumbnailUrl\"   \/><\/div><\/li><\/ul><\/div><\/div><div id='after_full_slider_1'  class='main_color av_default_container_wrap container_wrap sidebar_right'  ><div class='container av-section-cont-open' ><div class='template-page content  av-content-small alpha units'><div class='post-entry post-entry-type-page post-entry-1993'><div class='entry-content-wrapper clearfix'>\n\n<style type=\"text\/css\" data-created_by=\"avia_inline_auto\" id=\"style-css-av-4k1r-3ed26eaf4f9e1fe5afee569a008105ec\">\n.flex_column.av-4k1r-3ed26eaf4f9e1fe5afee569a008105ec{\nborder-radius:0px 0px 0px 0px;\npadding:0px 0px 10px 10px;\n}\n<\/style>\n<div  class='flex_column av-4k1r-3ed26eaf4f9e1fe5afee569a008105ec av_one_full  avia-builder-el-1  el_after_av_slideshow_full  el_before_av_one_half  avia-builder-el-first  first flex_column_div  '     ><p>\n<style type=\"text\/css\" data-created_by=\"avia_inline_auto\" id=\"style-css-av-av_heading-9b2e3b7b7fbf6b034ae8ef4e0e979a5d\">\n#top .av-special-heading.av-av_heading-9b2e3b7b7fbf6b034ae8ef4e0e979a5d{\nmargin:0 0 -5px 0;\npadding-bottom:0;\n}\nbody .av-special-heading.av-av_heading-9b2e3b7b7fbf6b034ae8ef4e0e979a5d .av-special-heading-tag .heading-char{\nfont-size:25px;\n}\n.av-special-heading.av-av_heading-9b2e3b7b7fbf6b034ae8ef4e0e979a5d .av-subheading{\nfont-size:15px;\n}\n<\/style>\n<div  class='av-special-heading av-av_heading-9b2e3b7b7fbf6b034ae8ef4e0e979a5d av-special-heading-h1  avia-builder-el-2  el_before_av_heading  avia-builder-el-first '><h1 class='av-special-heading-tag'  itemprop=\"headline\"  >Loka-, marraskuu 1943<\/h1><div class=\"special-heading-border\"><div class=\"special-heading-inner-border\"><\/div><\/div><\/div><br \/>\n\n<style type=\"text\/css\" data-created_by=\"avia_inline_auto\" id=\"style-css-av-kfcafgcm-b43bce3292ee7a1556545f5eae0a4ce8\">\n#top .av-special-heading.av-kfcafgcm-b43bce3292ee7a1556545f5eae0a4ce8{\nmargin:0 0 10px 0;\npadding-bottom:10px;\n}\nbody .av-special-heading.av-kfcafgcm-b43bce3292ee7a1556545f5eae0a4ce8 .av-special-heading-tag .heading-char{\nfont-size:25px;\n}\n.av-special-heading.av-kfcafgcm-b43bce3292ee7a1556545f5eae0a4ce8 .av-subheading{\nfont-size:15px;\n}\n<\/style>\n<div  class='av-special-heading av-kfcafgcm-b43bce3292ee7a1556545f5eae0a4ce8 av-special-heading-h2  avia-builder-el-3  el_after_av_heading  el_before_av_textblock '><h2 class='av-special-heading-tag'  itemprop=\"headline\"  >MENEHTYNEET KADETTIUPSEERIT JA KADETIT<\/h2><div class=\"special-heading-border\"><div class=\"special-heading-inner-border\"><\/div><\/div><\/div><br \/>\n\n<style type=\"text\/css\" data-created_by=\"avia_inline_auto\" id=\"style-css-av-3o2n-f8ecf9facd2b0c750a152e7b87905b4d\">\n#top .av_textblock_section.av-3o2n-f8ecf9facd2b0c750a152e7b87905b4d .avia_textblock{\nfont-size:15px;\n}\n<\/style>\n<section  class='av_textblock_section av-3o2n-f8ecf9facd2b0c750a152e7b87905b4d '   itemscope=\"itemscope\" itemtype=\"https:\/\/schema.org\/CreativeWork\" ><div class='avia_textblock'  itemprop=\"text\" ><p><img loading=\"lazy\" decoding=\"async\" class=\"wp-image-2137 alignright\" src=\"https:\/\/joukkosieessa.fi\/wp-content\/uploads\/2020\/01\/Pet%C3%A4j%C3%A4_Paavo-231x300.jpg\" alt=\"\" width=\"118\" height=\"153\" \/><\/p>\n<h4><strong>382. Luutnantti Paavo Pet\u00e4j\u00e4, 26.kadk, 2561<\/strong><\/h4>\n<ul>\n<li><strong>Joukkueen johtaja, J\u00e4\u00e4kJ\/I\/JR44 (5.D\/VI AK\/AunR)<\/strong><\/li>\n<li><strong>Kaatui Pirkinitsi, Lotinapelto, Syv\u00e4ri 5.10.1943<\/strong><\/li>\n<\/ul>\n<p>Luutnantti Pet\u00e4j\u00e4n johtama partio ylitti Syv\u00e4rin 4.\/5.10.43 puolilta\u00f6in Pirkinitsiss\u00e4, Lotinapellon ja Syv\u00e4rinkaupungin v\u00e4liss\u00e4, joutuen heti vastarannalla\u00a0kello 0037 vihollisen miinakentt\u00e4\u00e4n. Luutnantti Pet\u00e4j\u00e4 astui miinaan, jolloin h\u00e4nen ja h\u00e4nt\u00e4 seuranneen sotamiehen repuissa olleet r\u00e4j\u00e4hdysaineet r\u00e4j\u00e4htiv\u00e4t heid\u00e4n kaatuessa heti. Pet\u00e4j\u00e4n l\u00e4hes kokonaan tuhoutunut ruumis j\u00e4i kent\u00e4lle.<\/p>\n<hr \/>\n<p><img loading=\"lazy\" decoding=\"async\" class=\"wp-image-2138 alignright\" src=\"https:\/\/joukkosieessa.fi\/wp-content\/uploads\/2020\/01\/Viitanen_Kaarlo-234x300.jpg\" alt=\"\" width=\"118\" height=\"151\" srcset=\"https:\/\/joukkosieessa.fi\/wp-content\/uploads\/2020\/01\/Viitanen_Kaarlo-234x300.jpg 234w, https:\/\/joukkosieessa.fi\/wp-content\/uploads\/2020\/01\/Viitanen_Kaarlo-768x983.jpg 768w, https:\/\/joukkosieessa.fi\/wp-content\/uploads\/2020\/01\/Viitanen_Kaarlo-805x1030.jpg 805w, https:\/\/joukkosieessa.fi\/wp-content\/uploads\/2020\/01\/Viitanen_Kaarlo-1172x1500.jpg 1172w, https:\/\/joukkosieessa.fi\/wp-content\/uploads\/2020\/01\/Viitanen_Kaarlo-551x705.jpg 551w, https:\/\/joukkosieessa.fi\/wp-content\/uploads\/2020\/01\/Viitanen_Kaarlo-450x576.jpg 450w, https:\/\/joukkosieessa.fi\/wp-content\/uploads\/2020\/01\/Viitanen_Kaarlo.jpg 1613w\" sizes=\"auto, (max-width: 118px) 100vw, 118px\" \/><\/p>\n<h4><strong>383. Luutnantti Kaarlo Viitanen, 26.kadk, 2350<\/strong><\/h4>\n<ul>\n<li><strong>Komppanian p\u00e4\u00e4llik\u00f6n sij. (komppanian varap\u00e4\u00e4llikk\u00f6), 5.K\/JR25 (4.D\/MaaR)<\/strong><\/li>\n<li><strong>Kaatui Suurlahti, Maaselk\u00e4 11.10.1943<\/strong><\/li>\n<\/ul>\n<p>Jalkav\u00e4kirykmentti 25:n 5. komppanian p\u00e4\u00e4llik\u00f6n sijaisena toiminut luutnantti Viitanen kaatui 11.10.43 kello 1445 tarkka-ampujan luodin osumasta p\u00e4\u00e4h\u00e4n Suurlahdessa ollessaan tarkastamassa etulinjan tukikohtaa.<\/p>\n<hr \/>\n<p><strong><img loading=\"lazy\" decoding=\"async\" class=\"wp-image-3082 alignright\" style=\"font-weight: 400;\" src=\"https:\/\/joukkosieessa.fi\/wp-content\/uploads\/2020\/02\/Suomalainen_Toimi-228x300.jpg\" alt=\"\" width=\"114\" height=\"150\" srcset=\"https:\/\/joukkosieessa.fi\/wp-content\/uploads\/2020\/02\/Suomalainen_Toimi-228x300.jpg 228w, https:\/\/joukkosieessa.fi\/wp-content\/uploads\/2020\/02\/Suomalainen_Toimi-768x1011.jpg 768w, https:\/\/joukkosieessa.fi\/wp-content\/uploads\/2020\/02\/Suomalainen_Toimi-783x1030.jpg 783w, https:\/\/joukkosieessa.fi\/wp-content\/uploads\/2020\/02\/Suomalainen_Toimi-1140x1500.jpg 1140w, https:\/\/joukkosieessa.fi\/wp-content\/uploads\/2020\/02\/Suomalainen_Toimi-536x705.jpg 536w, https:\/\/joukkosieessa.fi\/wp-content\/uploads\/2020\/02\/Suomalainen_Toimi-450x592.jpg 450w, https:\/\/joukkosieessa.fi\/wp-content\/uploads\/2020\/02\/Suomalainen_Toimi.jpg 1227w\" sizes=\"auto, (max-width: 114px) 100vw, 114px\" \/><\/strong><\/p>\n<h4><strong>384. Kapteeni Toimi Suomalainen, 19.kadk, 1384<\/strong><\/h4>\n<ul>\n<li><strong>Pataljoonan komentaja, VP24 (18.D\/KanR)<\/strong><\/li>\n<li><strong>Loukkaantui auto-onnettomuudessa Terijoki 5.11.1943, kuoli 39.KS Muolaa 5.11.1943<\/strong><\/li>\n<\/ul>\n<p>Kapteeni Suomalainen loukkaantui vaikeasti auto-onnettomuudessa Terijoella 5.11.43 kello 0745 ja kuoli kentt\u00e4sairaalaan tuotaessa.<\/p>\n<hr \/>\n<p><img loading=\"lazy\" decoding=\"async\" class=\"wp-image-2544 alignright\" src=\"https:\/\/joukkosieessa.fi\/wp-content\/uploads\/2020\/01\/Lehonkoski-Otso-220521-269x300.jpg\" alt=\"\" width=\"118\" height=\"132\" srcset=\"https:\/\/joukkosieessa.fi\/wp-content\/uploads\/2020\/01\/Lehonkoski-Otso-220521-269x300.jpg 269w, https:\/\/joukkosieessa.fi\/wp-content\/uploads\/2020\/01\/Lehonkoski-Otso-220521.jpg 370w\" sizes=\"auto, (max-width: 118px) 100vw, 118px\" \/><\/p>\n<h4><strong>385. Luutnantti Otso Lehonkoski, 15.mek, 356 me<\/strong><\/h4>\n<ul>\n<li><strong>Oppilasupseeri, MeriSK<\/strong><\/li>\n<li><strong>Katosi Helsinki 7.11.1943<\/strong><\/li>\n<\/ul>\n<p>Luutnantti Lehonkoski katosi (todenn\u00e4k\u00f6isesti hukkui) Helsingiss\u00e4 7.11.43 ollessaan oppilaana Merisotakoulussa v\u00e4litt\u00f6m\u00e4sti kadettikurssin p\u00e4\u00e4ttymisen\u00a0j\u00e4lkeen pidetyll\u00e4 upseerien t\u00e4ydennyskurssilla.<\/p>\n<hr \/>\n<p><img loading=\"lazy\" decoding=\"async\" class=\"wp-image-2140 alignright\" src=\"https:\/\/joukkosieessa.fi\/wp-content\/uploads\/2020\/01\/Tanninen_Veli-239x300.jpg\" alt=\"\" width=\"118\" height=\"148\" srcset=\"https:\/\/joukkosieessa.fi\/wp-content\/uploads\/2020\/01\/Tanninen_Veli-239x300.jpg 239w, https:\/\/joukkosieessa.fi\/wp-content\/uploads\/2020\/01\/Tanninen_Veli-768x965.jpg 768w, https:\/\/joukkosieessa.fi\/wp-content\/uploads\/2020\/01\/Tanninen_Veli-820x1030.jpg 820w, https:\/\/joukkosieessa.fi\/wp-content\/uploads\/2020\/01\/Tanninen_Veli-1194x1500.jpg 1194w, https:\/\/joukkosieessa.fi\/wp-content\/uploads\/2020\/01\/Tanninen_Veli-561x705.jpg 561w, https:\/\/joukkosieessa.fi\/wp-content\/uploads\/2020\/01\/Tanninen_Veli-450x566.jpg 450w, https:\/\/joukkosieessa.fi\/wp-content\/uploads\/2020\/01\/Tanninen_Veli.jpg 1581w\" sizes=\"auto, (max-width: 118px) 100vw, 118px\" \/><\/p>\n<h4><strong>386. Luutnantti Veli Tanninen, 26.kadk, 2637<\/strong><\/h4>\n<ul>\n<li><strong>Toipilas (nuorempi upseeri, E\/I\/JvKoulKesk22)<\/strong><\/li>\n<li><strong>Kuoli sairauteen 8.SotaS Nastola 10.11.1943<\/strong><\/li>\n<\/ul>\n<p>Luutnantti Tanninen sairastui syyskuussa -43 keltatautiin ja kuoli siihen Nastolan parantolassa 10.11.43.<\/p>\n<hr \/>\n<p><img loading=\"lazy\" decoding=\"async\" class=\"wp-image-2779 alignright\" src=\"https:\/\/joukkosieessa.fi\/wp-content\/uploads\/2020\/01\/Raevaara_Raimo-223x300.jpg\" alt=\"\" width=\"118\" height=\"159\" srcset=\"https:\/\/joukkosieessa.fi\/wp-content\/uploads\/2020\/01\/Raevaara_Raimo-223x300.jpg 223w, https:\/\/joukkosieessa.fi\/wp-content\/uploads\/2020\/01\/Raevaara_Raimo-768x1033.jpg 768w, https:\/\/joukkosieessa.fi\/wp-content\/uploads\/2020\/01\/Raevaara_Raimo-765x1030.jpg 765w, https:\/\/joukkosieessa.fi\/wp-content\/uploads\/2020\/01\/Raevaara_Raimo-1115x1500.jpg 1115w, https:\/\/joukkosieessa.fi\/wp-content\/uploads\/2020\/01\/Raevaara_Raimo-524x705.jpg 524w, https:\/\/joukkosieessa.fi\/wp-content\/uploads\/2020\/01\/Raevaara_Raimo-450x606.jpg 450w, https:\/\/joukkosieessa.fi\/wp-content\/uploads\/2020\/01\/Raevaara_Raimo.jpg 1308w\" sizes=\"auto, (max-width: 118px) 100vw, 118px\" \/><\/p>\n<h4><strong>387. Kapteeni Raimo Raevaara, 22.kadk, 1656<\/strong><\/h4>\n<ul>\n<li><strong>Komppanian p\u00e4\u00e4llikk\u00f6, 3.K\/I\/JR10 (14.D)<\/strong><\/li>\n<li><strong>Haavoittui Rukaj\u00e4rvi 14.11.1943, kuoli 35.KS 14.11.1943<\/strong><\/li>\n<\/ul>\n<p>Kapteeni Raevaaran komppania miehitti Rukaj\u00e4rvelt\u00e4 noin kahdeksan kilometri\u00e4 koilliseen olevan Pallo-tukikohdan 13.11.43. Seuraavana aamuna kello 0950 Raevaara oli tukikohdan etel\u00e4osassa opastamassa uusien piikkilankaesteiden rakentamista. Raevaaran pys\u00e4htyess\u00e4 pes\u00e4kkeeseen ja levitt\u00e4ess\u00e4\u00e4n karttaa eteens\u00e4, osui vihollisen tarkka-ampuja h\u00e4nt\u00e4 p\u00e4\u00e4h\u00e4n. Raevaara kuoli matkalla kentt\u00e4sairaalaan.<\/p>\n<p>Raevaaran veli, luutnantti Esko Raevaara (kadk 21), kaatui 13.7.41.<\/p>\n<hr \/>\n<p><img loading=\"lazy\" decoding=\"async\" class=\"wp-image-2412 alignright\" src=\"https:\/\/joukkosieessa.fi\/wp-content\/uploads\/2020\/01\/aalto_mauri-240x300.png\" alt=\"\" width=\"118\" height=\"148\" srcset=\"https:\/\/joukkosieessa.fi\/wp-content\/uploads\/2020\/01\/aalto_mauri-240x300.png 240w, https:\/\/joukkosieessa.fi\/wp-content\/uploads\/2020\/01\/aalto_mauri-768x961.png 768w, https:\/\/joukkosieessa.fi\/wp-content\/uploads\/2020\/01\/aalto_mauri-823x1030.png 823w, https:\/\/joukkosieessa.fi\/wp-content\/uploads\/2020\/01\/aalto_mauri-563x705.png 563w, https:\/\/joukkosieessa.fi\/wp-content\/uploads\/2020\/01\/aalto_mauri-450x563.png 450w, https:\/\/joukkosieessa.fi\/wp-content\/uploads\/2020\/01\/aalto_mauri.png 855w\" sizes=\"auto, (max-width: 118px) 100vw, 118px\" \/><\/p>\n<h4><strong>388. Luutnantti Mauri Aalto, 26.kadk, 2193<\/strong><\/h4>\n<ul>\n<li><strong>Ohjaaja, 2.Ltue\/LeLv32\/LeR1<\/strong><\/li>\n<li><strong>Kuoli lento-onnettomuudessa Pieniselk\u00e4, Nurmoila, Aunus 17.11.1943<\/strong><\/li>\n<\/ul>\n<p>Luutnantti Aallon kuuden Curtiss-koneen osasto oli suojaamassa Sammatuksessa tiedustelulennolla ollutta Blenheim-konetta iltap\u00e4iv\u00e4ll\u00e4 17.11.43. Paluulennolla Aallon vaihtaessa asemaa Blenheimin oikealta puolelta vasemmalle, h\u00e4nen CU-506-koneensa per\u00e4sin osui kello 1510 Blenheimin potkuriin murskautuen. Aalto ei jostain syyst\u00e4 pelastautunut laskuvarjolla, vaan sy\u00f6ksyi koneen mukana maahan Pienisel\u00e4n kyl\u00e4n l\u00e4helle.<\/p>\n<hr \/>\n<h4><strong>\u00a0<\/strong><img loading=\"lazy\" decoding=\"async\" class=\"wp-image-2141 alignright\" src=\"https:\/\/joukkosieessa.fi\/wp-content\/uploads\/2020\/01\/Nissinen_Alpo-241x300.jpg\" alt=\"\" width=\"118\" height=\"147\" srcset=\"https:\/\/joukkosieessa.fi\/wp-content\/uploads\/2020\/01\/Nissinen_Alpo-241x300.jpg 241w, https:\/\/joukkosieessa.fi\/wp-content\/uploads\/2020\/01\/Nissinen_Alpo-768x955.jpg 768w, https:\/\/joukkosieessa.fi\/wp-content\/uploads\/2020\/01\/Nissinen_Alpo-829x1030.jpg 829w, https:\/\/joukkosieessa.fi\/wp-content\/uploads\/2020\/01\/Nissinen_Alpo-1207x1500.jpg 1207w, https:\/\/joukkosieessa.fi\/wp-content\/uploads\/2020\/01\/Nissinen_Alpo-567x705.jpg 567w, https:\/\/joukkosieessa.fi\/wp-content\/uploads\/2020\/01\/Nissinen_Alpo-450x559.jpg 450w, https:\/\/joukkosieessa.fi\/wp-content\/uploads\/2020\/01\/Nissinen_Alpo.jpg 1568w\" sizes=\"auto, (max-width: 118px) 100vw, 118px\" \/><strong>389. Kapteeniluutnantti Alpo Nissinen, 9.mek, 207 me<\/strong><\/h4>\n<ul>\n<li><strong>Toipilas (Toimistoupseeri, LaivE (Laiv\/Meriv))<\/strong><\/li>\n<li><strong>Kuoli sairauteen Tanska 27.11.1943<\/strong><\/li>\n<\/ul>\n<p>Kapteeniluutnantti Nissinen oli hoidettavana keuhkotaudin vuoksi sotasairaalassa elokuusta -41 syyskuuhun -43, jonka j\u00e4lkeen h\u00e4net siirrettiin\u00a0jatkohoitoon Tanskaan, jossa h\u00e4n kuoli tautiin 27.11.43.<\/p>\n<hr \/>\n<h4><\/h4>\n<div id=\"attachment_3545\" style=\"width: 536px\" class=\"wp-caption aligncenter\"><img loading=\"lazy\" decoding=\"async\" aria-describedby=\"caption-attachment-3545\" class=\"wp-image-3545\" src=\"https:\/\/joukkosieessa.fi\/wp-content\/uploads\/2020\/03\/Jatkosota14-1-300x210.jpg\" alt=\"\" width=\"526\" height=\"368\" srcset=\"https:\/\/joukkosieessa.fi\/wp-content\/uploads\/2020\/03\/Jatkosota14-1-300x210.jpg 300w, https:\/\/joukkosieessa.fi\/wp-content\/uploads\/2020\/03\/Jatkosota14-1-1030x721.jpg 1030w, https:\/\/joukkosieessa.fi\/wp-content\/uploads\/2020\/03\/Jatkosota14-1-768x538.jpg 768w, https:\/\/joukkosieessa.fi\/wp-content\/uploads\/2020\/03\/Jatkosota14-1-705x494.jpg 705w, https:\/\/joukkosieessa.fi\/wp-content\/uploads\/2020\/03\/Jatkosota14-1-450x315.jpg 450w, https:\/\/joukkosieessa.fi\/wp-content\/uploads\/2020\/03\/Jatkosota14-1.jpg 1190w\" sizes=\"auto, (max-width: 526px) 100vw, 526px\" \/><p id=\"caption-attachment-3545\" class=\"wp-caption-text\">Sa-kuva 107436: Mannerheim-ristien jakotilaisuus p\u00e4\u00e4majassa. Vas: Everstiluutnantti Gr\u00f6nvall, kenraaliluutnantti Tuompo, kenraali Heinrichs ja Suomen Marsalkka. Mannerheim-ristin ritarit vas: v\u00e4nrikki Paavo Konstantin Nuotio, v\u00e4nrikki Ahto Kullervo Kaj Sippola, ylikersantti Arvo M\u00f6r\u00f6, ylikersantti Paavo Lauri Matias Suoranta, majuri Arvo Herman Toivo Maunula, kadetti Yrj\u00f6 Ilmari Keinonen.<\/p><\/div>\n<p><strong>Majuri Auvo Maunula (10.kadk) saa Mannerheim-ristin ylip\u00e4\u00e4llik\u00f6lt\u00e4 P\u00e4\u00e4majassa 15.9.1942, vieress\u00e4\u00e4n kadetti, reservin kapteeni ja tuleva jalkav\u00e4en kenraali ja puolustusvoimain komentaja Yrj\u00f6 Keinonen (26.kadk). Maunula kuoli lento-onnettomuudessa Hirvaksessa 17.5.1944.<\/strong><a href=\"#_ednref1\" name=\"_edn1\"><\/a><\/p>\n<\/div><\/section><br \/>\n\n<style type=\"text\/css\" data-created_by=\"avia_inline_auto\" id=\"style-css-av-av_heading-5499b5c920e3bd77c1b5b84f0a9a30a8\">\n#top .av-special-heading.av-av_heading-5499b5c920e3bd77c1b5b84f0a9a30a8{\nmargin:0 0 10px 0;\npadding-bottom:10px;\n}\nbody .av-special-heading.av-av_heading-5499b5c920e3bd77c1b5b84f0a9a30a8 .av-special-heading-tag .heading-char{\nfont-size:25px;\n}\n.av-special-heading.av-av_heading-5499b5c920e3bd77c1b5b84f0a9a30a8 .av-subheading{\nfont-size:15px;\n}\n<\/style>\n<div  class='av-special-heading av-av_heading-5499b5c920e3bd77c1b5b84f0a9a30a8 av-special-heading-h2  avia-builder-el-5  el_after_av_textblock  el_before_av_textblock '><h2 class='av-special-heading-tag'  itemprop=\"headline\"  >L\u00e4hteet<\/h2><div class=\"special-heading-border\"><div class=\"special-heading-inner-border\"><\/div><\/div><\/div><br \/>\n<section  class='av_textblock_section av-k7ntiuce-9d35cd909cf7a0745acddde31dccb572 '   itemscope=\"itemscope\" itemtype=\"https:\/\/schema.org\/CreativeWork\" ><div class='avia_textblock'  itemprop=\"text\" ><p>L\u00e4hteet esitetty kirjassa ja sen s\u00e4hk\u00f6isess\u00e4 versiossa (PDF) joka on ladattavissa Kadettikunnan ja t\u00e4m\u00e4n sivuston verkkosivuilta.<\/p>\n<\/div><\/section><br \/>\n\n<style type=\"text\/css\" data-created_by=\"avia_inline_auto\" id=\"style-css-av-k47j6vg7-d3fd1f40b5858f4982ee5b8d5d9dc574\">\n#top .avia_search_element.av-k47j6vg7-d3fd1f40b5858f4982ee5b8d5d9dc574 .av_searchform_wrapper{\nborder-radius:0px 0px 0px 0px;\n}\n#top .avia_search_element.av-k47j6vg7-d3fd1f40b5858f4982ee5b8d5d9dc574 #s.av-input-field{\nborder-radius:0px 0px 0px 0px;\n}\n#top .avia_search_element.av-k47j6vg7-d3fd1f40b5858f4982ee5b8d5d9dc574 .av_searchsubmit_wrapper{\nborder-radius:0px 0px 0px 0px;\n}\n#top .avia_search_element.av-k47j6vg7-d3fd1f40b5858f4982ee5b8d5d9dc574 #searchsubmit{\nborder-radius:0px 0px 0px 0px;\n}\n.ajax_search_response.av-k47j6vg7-d3fd1f40b5858f4982ee5b8d5d9dc574{\npadding:0px 0px 0px 0px;\nmargin:0px 0px 0px 0px;\n}\n<\/style>\n<div  class='avia_search_element av-k47j6vg7-d3fd1f40b5858f4982ee5b8d5d9dc574  avia-builder-el-7  el_after_av_textblock  avia-builder-el-last '><form action='https:\/\/joukkosieessa.fi\/' id='searchform_element' method='get' class='' data-element_id='av-k47j6vg7-d3fd1f40b5858f4982ee5b8d5d9dc574' ><div class='av_searchform_wrapper'><input type='text' value='' id='s' name='s' placeholder='Haku artikkeleista...' class='av-input-field av-input-hasicon' \/><span class='av-input-field-icon av-search-icon avia-font-entypo-fontello'>\ue803<\/span><div class='av_searchsubmit_wrapper '><input type='submit' value='HAE' id='searchsubmit' class='button ' \/><\/div><input type='hidden' name='numberposts' value='5' \/><input type='hidden' name='post_type' value='post' \/><input type='hidden' name='results_hide_fields' value='' \/><\/div><\/form><\/div><\/p><\/div>\n<style type=\"text\/css\" data-created_by=\"avia_inline_auto\" id=\"style-css-av-3h9n7t-5308711fc3c052a020e8b97a76e63f8f\">\n.flex_column.av-3h9n7t-5308711fc3c052a020e8b97a76e63f8f{\nborder-radius:0px 0px 0px 0px;\npadding:0px 0px 0px 0px;\n}\n<\/style>\n<div  class='flex_column av-3h9n7t-5308711fc3c052a020e8b97a76e63f8f av_one_half  avia-builder-el-8  el_after_av_one_full  el_before_av_one_half  first flex_column_div av-zero-column-padding  column-top-margin'     ><div  class='avia-button-wrap av-k7nqo0dg-fe5ebeecdd882f9784d3fdf457563e09-wrap avia-button-left  avia-builder-el-9  avia-builder-el-no-sibling '><a href='https:\/\/joukkosieessa.fi\/index.php\/sodan-aika\/jatkosota\/asemasota\/heina-elokuu-1943\/'  class='avia-button av-k7nqo0dg-fe5ebeecdd882f9784d3fdf457563e09 avia-icon_select-no avia-size-small avia-position-left avia-color-theme-color-highlight'  ><span class='avia_iconbox_title' >Hein\u00e4-, elokuu 1943<\/span><\/a><\/div><\/div><\/p>\n\n<style type=\"text\/css\" data-created_by=\"avia_inline_auto\" id=\"style-css-av-2et995-2ed27697c01e7c0f8baee7e1583759af\">\n.flex_column.av-2et995-2ed27697c01e7c0f8baee7e1583759af{\nborder-radius:0px 0px 0px 0px;\npadding:0px 0px 0px 0px;\n}\n<\/style>\n<div  class='flex_column av-2et995-2ed27697c01e7c0f8baee7e1583759af av_one_half  avia-builder-el-10  el_after_av_one_half  avia-builder-el-last  flex_column_div av-zero-column-padding  column-top-margin'     ><div  class='avia-button-wrap av-k7nqogp4-b6d7f2586720ea74b561d7efb4d9f2cb-wrap avia-button-right  avia-builder-el-11  avia-builder-el-no-sibling '><a href='https:\/\/joukkosieessa.fi\/index.php\/sodan-aika\/jatkosota\/asemasota\/tammi-helmikuu-1944\/'  class='avia-button av-k7nqogp4-b6d7f2586720ea74b561d7efb4d9f2cb avia-icon_select-no avia-size-small avia-position-right avia-color-theme-color-highlight'  ><span class='avia_iconbox_title' >Tammi-, helmikuu 1944<\/span><\/a><\/div><\/div>\n","protected":false},"excerpt":{"rendered":"","protected":false},"author":1,"featured_media":0,"parent":1952,"menu_order":12,"comment_status":"closed","ping_status":"closed","template":"","meta":{"footnotes":""},"class_list":["post-1993","page","type-page","status-publish","hentry"],"_links":{"self":[{"href":"https:\/\/joukkosieessa.fi\/index.php\/wp-json\/wp\/v2\/pages\/1993","targetHints":{"allow":["GET"]}}],"collection":[{"href":"https:\/\/joukkosieessa.fi\/index.php\/wp-json\/wp\/v2\/pages"}],"about":[{"href":"https:\/\/joukkosieessa.fi\/index.php\/wp-json\/wp\/v2\/types\/page"}],"author":[{"embeddable":true,"href":"https:\/\/joukkosieessa.fi\/index.php\/wp-json\/wp\/v2\/users\/1"}],"replies":[{"embeddable":true,"href":"https:\/\/joukkosieessa.fi\/index.php\/wp-json\/wp\/v2\/comments?post=1993"}],"version-history":[{"count":19,"href":"https:\/\/joukkosieessa.fi\/index.php\/wp-json\/wp\/v2\/pages\/1993\/revisions"}],"predecessor-version":[{"id":3981,"href":"https:\/\/joukkosieessa.fi\/index.php\/wp-json\/wp\/v2\/pages\/1993\/revisions\/3981"}],"up":[{"embeddable":true,"href":"https:\/\/joukkosieessa.fi\/index.php\/wp-json\/wp\/v2\/pages\/1952"}],"wp:attachment":[{"href":"https:\/\/joukkosieessa.fi\/index.php\/wp-json\/wp\/v2\/media?parent=1993"}],"curies":[{"name":"wp","href":"https:\/\/api.w.org\/{rel}","templated":true}]}}