{"id":1997,"date":"2020-01-06T13:38:42","date_gmt":"2020-01-06T13:38:42","guid":{"rendered":"https:\/\/joukkosieessa.fi\/?page_id=1997"},"modified":"2020-09-21T08:49:24","modified_gmt":"2020-09-21T08:49:24","slug":"maalis-huhtikuu-1944","status":"publish","type":"page","link":"https:\/\/joukkosieessa.fi\/index.php\/sodan-aika\/jatkosota\/asemasota\/maalis-huhtikuu-1944\/","title":{"rendered":"Maalis-, huhtikuu 1944"},"content":{"rendered":"<div id='full_slider_1'  class='avia-fullwidth-slider main_color avia-shadow   avia-builder-el-0  el_before_av_one_full  avia-builder-el-first   container_wrap sidebar_right'  >\n<style type=\"text\/css\" data-created_by=\"avia_inline_auto\" id=\"style-css-av-akhp-b6f614b8154ad80be0284d699659eb53\">\n#top .avia-slideshow .av-slideshow-caption.av-akhp-b6f614b8154ad80be0284d699659eb53__0 .avia-caption-content{\nfont-size:14px;\n}\n#top .avia-slideshow .av-slideshow-caption.av-akhp-b6f614b8154ad80be0284d699659eb53__0 .avia-caption-content p{\nfont-size:14px;\n}\n<\/style>\n<div  class='avia-slideshow av-akhp-b6f614b8154ad80be0284d699659eb53 avia-slideshow-featured av_slideshow_full avia-slide-slider av-slideshow-ui av-control-default av-slideshow-manual av-loop-once av-loop-manual-endless av-default-height-applied   avia-slideshow-1' data-slideshow-options=\"{&quot;animation&quot;:&quot;slide&quot;,&quot;autoplay&quot;:false,&quot;loop_autoplay&quot;:&quot;once&quot;,&quot;interval&quot;:5,&quot;loop_manual&quot;:&quot;manual-endless&quot;,&quot;autoplay_stopper&quot;:false,&quot;noNavigation&quot;:false,&quot;bg_slider&quot;:false,&quot;keep_padding&quot;:false,&quot;hoverpause&quot;:false,&quot;show_slide_delay&quot;:0}\"  itemprop=\"image\" itemscope=\"itemscope\" itemtype=\"https:\/\/schema.org\/ImageObject\" ><ul class='avia-slideshow-inner ' style='padding-bottom: 28.666666666667%;'><li  class='avia-slideshow-slide av-akhp-b6f614b8154ad80be0284d699659eb53__0  av-single-slide slide-1 slide-odd'><div data-rel='slideshow-1' class='avia-slide-wrap '   ><div class='av-slideshow-caption av-akhp-b6f614b8154ad80be0284d699659eb53__0 caption_fullwidth caption_bottom caption_bottom_framed caption_framed'><div class=\"container caption_container\"><div class=\"slideshow_caption\"><div class=\"slideshow_inner_caption\"><div class=\"slideshow_align_caption\"><div class='avia-caption-content '  itemprop=\"description\" ><p>Bl-kone (Bristol Blenheim) laskeutuu Luonetj\u00e4rven lentokent\u00e4lle. T\u00e4ydennyslentolaivue 17. Kuvattu ajalla 28.-31.3.1944.<\/p>\n<\/div><\/div><\/div><\/div><\/div><\/div><img fetchpriority=\"high\" class=\"wp-image-3430 avia-img-lazy-loading-not-3430\"  src='https:\/\/joukkosieessa.fi\/wp-content\/uploads\/2020\/03\/Maaliskuu_1943-1500x430.jpg' width='1500' height='430' title='Maaliskuu_1943' alt=''  itemprop=\"thumbnailUrl\"   \/><\/div><\/li><\/ul><\/div><\/div><div id='after_full_slider_1'  class='main_color av_default_container_wrap container_wrap sidebar_right'  ><div class='container av-section-cont-open' ><div class='template-page content  av-content-small alpha units'><div class='post-entry post-entry-type-page post-entry-1997'><div class='entry-content-wrapper clearfix'>\n\n<style type=\"text\/css\" data-created_by=\"avia_inline_auto\" id=\"style-css-av-79f1-1280664b05e2eaf6fd9346541c87cb15\">\n.flex_column.av-79f1-1280664b05e2eaf6fd9346541c87cb15{\nborder-radius:0px 0px 0px 0px;\npadding:0px 0px 0px 0px;\n}\n<\/style>\n<div  class='flex_column av-79f1-1280664b05e2eaf6fd9346541c87cb15 av_one_full  avia-builder-el-1  el_after_av_slideshow_full  el_before_av_one_full  avia-builder-el-first  first flex_column_div av-zero-column-padding  '     ><style type=\"text\/css\" data-created_by=\"avia_inline_auto\" id=\"style-css-av-k52hms5m-7142cb444f0563575123ca65593fece0\">\n#top .av-special-heading.av-k52hms5m-7142cb444f0563575123ca65593fece0{\nmargin:0 0 -5px 0;\npadding-bottom:0;\n}\nbody .av-special-heading.av-k52hms5m-7142cb444f0563575123ca65593fece0 .av-special-heading-tag .heading-char{\nfont-size:25px;\n}\n.av-special-heading.av-k52hms5m-7142cb444f0563575123ca65593fece0 .av-subheading{\nfont-size:15px;\n}\n<\/style>\n<div  class='av-special-heading av-k52hms5m-7142cb444f0563575123ca65593fece0 av-special-heading-h1  avia-builder-el-2  avia-builder-el-no-sibling '><h1 class='av-special-heading-tag'  itemprop=\"headline\"  >Maalis-, huhtikuu 1944<\/h1><div class=\"special-heading-border\"><div class=\"special-heading-inner-border\"><\/div><\/div><\/div><\/div>\n\n<style type=\"text\/css\" data-created_by=\"avia_inline_auto\" id=\"style-css-av-4k1r-3ed26eaf4f9e1fe5afee569a008105ec\">\n.flex_column.av-4k1r-3ed26eaf4f9e1fe5afee569a008105ec{\nborder-radius:0px 0px 0px 0px;\npadding:0px 0px 10px 10px;\n}\n<\/style>\n<div  class='flex_column av-4k1r-3ed26eaf4f9e1fe5afee569a008105ec av_one_full  avia-builder-el-3  el_after_av_one_full  el_before_av_one_half  first flex_column_div  column-top-margin'     ><p>\n<style type=\"text\/css\" data-created_by=\"avia_inline_auto\" id=\"style-css-av-3o2n-f8ecf9facd2b0c750a152e7b87905b4d\">\n#top .av_textblock_section.av-3o2n-f8ecf9facd2b0c750a152e7b87905b4d .avia_textblock{\nfont-size:15px;\n}\n<\/style>\n<section  class='av_textblock_section av-3o2n-f8ecf9facd2b0c750a152e7b87905b4d '   itemscope=\"itemscope\" itemtype=\"https:\/\/schema.org\/CreativeWork\" ><div class='avia_textblock'  itemprop=\"text\" ><\/div><\/section><br \/>\n\n<style type=\"text\/css\" data-created_by=\"avia_inline_auto\" id=\"style-css-av-kfcag723-33545cc0eba7584d3471355f5d5598d3\">\n#top .av-special-heading.av-kfcag723-33545cc0eba7584d3471355f5d5598d3{\nmargin:0 0 10px 0;\npadding-bottom:10px;\n}\nbody .av-special-heading.av-kfcag723-33545cc0eba7584d3471355f5d5598d3 .av-special-heading-tag .heading-char{\nfont-size:25px;\n}\n.av-special-heading.av-kfcag723-33545cc0eba7584d3471355f5d5598d3 .av-subheading{\nfont-size:15px;\n}\n<\/style>\n<div  class='av-special-heading av-kfcag723-33545cc0eba7584d3471355f5d5598d3 av-special-heading-h2  avia-builder-el-5  el_after_av_textblock  el_before_av_textblock '><h2 class='av-special-heading-tag'  itemprop=\"headline\"  >MENEHTYNEET KADETTIUPSEERIT JA KADETIT<\/h2><div class=\"special-heading-border\"><div class=\"special-heading-inner-border\"><\/div><\/div><\/div><br \/>\n\n<style type=\"text\/css\" data-created_by=\"avia_inline_auto\" id=\"style-css-av-3o2n-f8ecf9facd2b0c750a152e7b87905b4d\">\n#top .av_textblock_section.av-3o2n-f8ecf9facd2b0c750a152e7b87905b4d .avia_textblock{\nfont-size:15px;\n}\n<\/style>\n<section  class='av_textblock_section av-3o2n-f8ecf9facd2b0c750a152e7b87905b4d '   itemscope=\"itemscope\" itemtype=\"https:\/\/schema.org\/CreativeWork\" ><div class='avia_textblock'  itemprop=\"text\" ><p><img loading=\"lazy\" decoding=\"async\" class=\"wp-image-2146 alignright\" src=\"https:\/\/joukkosieessa.fi\/wp-content\/uploads\/2020\/01\/Silvennoinen_Eero-238x300.jpg\" alt=\"\" width=\"118\" height=\"149\" srcset=\"https:\/\/joukkosieessa.fi\/wp-content\/uploads\/2020\/01\/Silvennoinen_Eero-238x300.jpg 238w, https:\/\/joukkosieessa.fi\/wp-content\/uploads\/2020\/01\/Silvennoinen_Eero-768x966.jpg 768w, https:\/\/joukkosieessa.fi\/wp-content\/uploads\/2020\/01\/Silvennoinen_Eero-818x1030.jpg 818w, https:\/\/joukkosieessa.fi\/wp-content\/uploads\/2020\/01\/Silvennoinen_Eero-1192x1500.jpg 1192w, https:\/\/joukkosieessa.fi\/wp-content\/uploads\/2020\/01\/Silvennoinen_Eero-560x705.jpg 560w, https:\/\/joukkosieessa.fi\/wp-content\/uploads\/2020\/01\/Silvennoinen_Eero-450x566.jpg 450w, https:\/\/joukkosieessa.fi\/wp-content\/uploads\/2020\/01\/Silvennoinen_Eero.jpg 1540w\" sizes=\"auto, (max-width: 118px) 100vw, 118px\" \/><\/p>\n<h4><strong>396. Kapteeni Eero Silvennoinen, 24.kadk, 1951<\/strong><\/h4>\n<ul>\n<li><strong>Komppanian p\u00e4\u00e4llikk\u00f6, 3.K\/RajaJP1 (17.D\/VI AK\/AunR)<\/strong><\/li>\n<li><strong>Haavoittui Pitk\u00e4j\u00e4rvi, Podporoze, Syv\u00e4ri 13.3.1944, kuoli 38.KS Vaaseni 13.3.1944<\/strong><\/li>\n<\/ul>\n<p>Rajaj\u00e4\u00e4k\u00e4ripataljoona 1:n 3. komppania teki 13.3.44 heti puoleny\u00f6n j\u00e4lkeen vanginsieppausyrityksen Vartiokukkulalle, Pitk\u00e4j\u00e4rven lohkolla. Oppaan\u00a0tukikohdasta toimintaa seurannut kapteeni Silvennoinen haavoittui kello 0020 vihollisen suorasuuntaustykin kranaatin sirpaleista oikeaan k\u00e4teen ja vatsaan kuollen illalla Vaasenin kentt\u00e4sairaalassa leikkauksen j\u00e4lkeen.<\/p>\n<hr \/>\n<p><strong><img loading=\"lazy\" decoding=\"async\" class=\"wp-image-3086 alignright\" style=\"font-weight: 400;\" src=\"https:\/\/joukkosieessa.fi\/wp-content\/uploads\/2020\/02\/Hyv\u00f6nen_Pentti-223x300.jpg\" alt=\"\" width=\"112\" height=\"151\" srcset=\"https:\/\/joukkosieessa.fi\/wp-content\/uploads\/2020\/02\/Hyv\u00f6nen_Pentti-223x300.jpg 223w, https:\/\/joukkosieessa.fi\/wp-content\/uploads\/2020\/02\/Hyv\u00f6nen_Pentti-768x1031.jpg 768w, https:\/\/joukkosieessa.fi\/wp-content\/uploads\/2020\/02\/Hyv\u00f6nen_Pentti-767x1030.jpg 767w, https:\/\/joukkosieessa.fi\/wp-content\/uploads\/2020\/02\/Hyv\u00f6nen_Pentti-1117x1500.jpg 1117w, https:\/\/joukkosieessa.fi\/wp-content\/uploads\/2020\/02\/Hyv\u00f6nen_Pentti-525x705.jpg 525w, https:\/\/joukkosieessa.fi\/wp-content\/uploads\/2020\/02\/Hyv\u00f6nen_Pentti-450x604.jpg 450w, https:\/\/joukkosieessa.fi\/wp-content\/uploads\/2020\/02\/Hyv\u00f6nen_Pentti.jpg 1279w\" sizes=\"auto, (max-width: 112px) 100vw, 112px\" \/><\/strong><\/p>\n<h4><strong>397. Kapteeni Pentti Hyv\u00f6nen, 16.kadk, 1107<\/strong><\/h4>\n<ul>\n<li><strong>Kurssin johtaja, Ohjaajakurssi 6\/LentoSK<\/strong><\/li>\n<li><strong>Kuoli lento-onnettomuudessa Ylikyl\u00e4, Kauhava 3.4.1944<\/strong><\/li>\n<\/ul>\n<p>Kapteeni Hyv\u00f6nen l\u00e4hti mekaanikko Niemi mukanaan harjoituslennolle 3.4.44 iltap\u00e4iv\u00e4ll\u00e4. Kauhavan Ylikyl\u00e4ss\u00e4 Niemen kotitalon luona Hyv\u00f6nen teki Stieglitz SZ-31-koneella eritt\u00e4in matalalla useita per\u00e4kk\u00e4isi\u00e4 vaakakierteit\u00e4, jolloin kone osui maahan murskautuen ja syttyen palamaan. Molemmat koneessa olleet saivat heti surmansa.<\/p>\n<hr \/>\n<p><strong><img loading=\"lazy\" decoding=\"async\" class=\"wp-image-2552 alignright\" style=\"font-weight: 400;\" src=\"https:\/\/joukkosieessa.fi\/wp-content\/uploads\/2020\/01\/M%C3%A4kel%C3%A4inen-Tuovi-260303-231x300.jpg\" alt=\"\" width=\"116\" height=\"150\" \/><\/strong><\/p>\n<h4><strong>398. Majuri Tuovi M\u00e4kel\u00e4inen, 7.kadk, 405<\/strong><\/h4>\n<ul>\n<li><strong>Patteriston komentaja, KevPsto17 (7.VuorD\/XXXVI VuorAK\/20.VuorA)<\/strong><\/li>\n<li><strong>Loukkaantui tykist\u00f6keskityksess\u00e4 Valkeaj\u00e4rvi, Uhtua 4.4.1944, kuoli 7.VuorD KS 18.4.1944<\/strong><\/li>\n<\/ul>\n<p>Majuri M\u00e4kel\u00e4inen joutui 4.4.44 ratsain liikkuessaan tykist\u00f6keskitykseen Valkeaj\u00e4rvell\u00e4, Uhtuan ja Malviaisten puoliv\u00e4liss\u00e4 ja loukkaantui vaikeasti\u00a0pudotessaan satulasta. M\u00e4kel\u00e4inen kuoli saksalaisen 7. Vuoristodivisioonan p\u00e4\u00e4sidontapaikalla 18.4.44.<\/p>\n<p>M\u00e4kel\u00e4inen ylennettiin everstiluutnantiksi ennen kuolemaansa 11.4.<\/p>\n<hr \/>\n<p><img loading=\"lazy\" decoding=\"async\" class=\"wp-image-2916 alignright\" src=\"https:\/\/joukkosieessa.fi\/wp-content\/uploads\/2020\/02\/haaksalo_uno-233x300.jpg\" alt=\"\" width=\"120\" height=\"155\" srcset=\"https:\/\/joukkosieessa.fi\/wp-content\/uploads\/2020\/02\/haaksalo_uno-233x300.jpg 233w, https:\/\/joukkosieessa.fi\/wp-content\/uploads\/2020\/02\/haaksalo_uno.jpg 430w\" sizes=\"auto, (max-width: 120px) 100vw, 120px\" \/><\/p>\n<h4><strong>399. Luutnantti Uno Haaksalo, 26.kadk, 2387<\/strong><\/h4>\n<ul>\n<li><strong>Ohjaaja, 2.Ltue\/PLeLv48\/LeR4<\/strong><\/li>\n<li><strong>Kuoli lento-onnettomuudessa Kuusvesi, Laukaa 11.4.1944<\/strong><\/li>\n<\/ul>\n<p>Luutnantti Haaksalon ohjaama Blenheim BL-183 l\u00e4hti Onttolasta siirtolennolle kohti Luonetj\u00e4rve\u00e4 11.4.44 iltap\u00e4iv\u00e4ll\u00e4 huolimatta tiedossa olleesta\u00a0huonosta lentos\u00e4\u00e4st\u00e4. Koneen lent\u00e4ess\u00e4 kello 1732 vain noin 20 metrin korkeudella Laukaan pit\u00e4j\u00e4n Kuusveden yl\u00e4puolella, sen vasempaan moottoriin tuli h\u00e4iri\u00f6 ja kone sy\u00f6ksyi j\u00e4rven j\u00e4\u00e4lle murskautuen t\u00e4ysin kaikkien miehist\u00f6n j\u00e4senten saadessa surmansa.<\/p>\n<hr \/>\n<p><img loading=\"lazy\" decoding=\"async\" class=\"wp-image-2553 alignright\" src=\"https:\/\/joukkosieessa.fi\/wp-content\/uploads\/2020\/01\/Kuikka-Viktor-100420-189x300.jpg\" alt=\"\" width=\"118\" height=\"187\" srcset=\"https:\/\/joukkosieessa.fi\/wp-content\/uploads\/2020\/01\/Kuikka-Viktor-100420-189x300.jpg 189w, https:\/\/joukkosieessa.fi\/wp-content\/uploads\/2020\/01\/Kuikka-Viktor-100420.jpg 260w\" sizes=\"auto, (max-width: 118px) 100vw, 118px\" \/><\/p>\n<h4><strong>400. Luutnantti Viktor Kuikka, 15.mek, 372 me<\/strong><\/h4>\n<ul>\n<li><strong>Patterin p\u00e4\u00e4llikk\u00f6, 4. MtKPtri\/RTR13 (LaaRPr)<\/strong><\/li>\n<li><strong>Hukkui Tuulos, Vitele 29.4.1944<\/strong><\/li>\n<\/ul>\n<p>Luutnantti Kuikka l\u00e4hti varoituksista huolimatta 29.4.44 kello 1000 hiiht\u00e4m\u00e4\u00e4n Tuulosjoen suun heikoille j\u00e4ille ampuakseen hylkeit\u00e4. H\u00e4n vajosi j\u00e4\u00e4n\u00a0alle ja pitk\u00e4llisist\u00e4 elvytysyrityksist\u00e4 huolimatta menehtyi.<a href=\"#_ednref1\" name=\"_edn1\"><\/a><\/p>\n<\/div><\/section><br \/>\n\n<style type=\"text\/css\" data-created_by=\"avia_inline_auto\" id=\"style-css-av-av_heading-5499b5c920e3bd77c1b5b84f0a9a30a8\">\n#top .av-special-heading.av-av_heading-5499b5c920e3bd77c1b5b84f0a9a30a8{\nmargin:0 0 10px 0;\npadding-bottom:10px;\n}\nbody .av-special-heading.av-av_heading-5499b5c920e3bd77c1b5b84f0a9a30a8 .av-special-heading-tag .heading-char{\nfont-size:25px;\n}\n.av-special-heading.av-av_heading-5499b5c920e3bd77c1b5b84f0a9a30a8 .av-subheading{\nfont-size:15px;\n}\n<\/style>\n<div  class='av-special-heading av-av_heading-5499b5c920e3bd77c1b5b84f0a9a30a8 av-special-heading-h2  avia-builder-el-7  el_after_av_textblock  el_before_av_textblock '><h2 class='av-special-heading-tag'  itemprop=\"headline\"  >L\u00e4hteet<\/h2><div class=\"special-heading-border\"><div class=\"special-heading-inner-border\"><\/div><\/div><\/div><br \/>\n<section  class='av_textblock_section av-k7ntkttx-9f5bbaa1217145e00e631fe738afd3e5 '   itemscope=\"itemscope\" itemtype=\"https:\/\/schema.org\/CreativeWork\" ><div class='avia_textblock'  itemprop=\"text\" ><p>L\u00e4hteet esitetty kirjassa ja sen s\u00e4hk\u00f6isess\u00e4 versiossa (PDF) joka on ladattavissa Kadettikunnan ja t\u00e4m\u00e4n sivuston verkkosivuilta.<\/p>\n<\/div><\/section><br \/>\n\n<style type=\"text\/css\" data-created_by=\"avia_inline_auto\" id=\"style-css-av-k47j6vg7-d3fd1f40b5858f4982ee5b8d5d9dc574\">\n#top .avia_search_element.av-k47j6vg7-d3fd1f40b5858f4982ee5b8d5d9dc574 .av_searchform_wrapper{\nborder-radius:0px 0px 0px 0px;\n}\n#top .avia_search_element.av-k47j6vg7-d3fd1f40b5858f4982ee5b8d5d9dc574 #s.av-input-field{\nborder-radius:0px 0px 0px 0px;\n}\n#top .avia_search_element.av-k47j6vg7-d3fd1f40b5858f4982ee5b8d5d9dc574 .av_searchsubmit_wrapper{\nborder-radius:0px 0px 0px 0px;\n}\n#top .avia_search_element.av-k47j6vg7-d3fd1f40b5858f4982ee5b8d5d9dc574 #searchsubmit{\nborder-radius:0px 0px 0px 0px;\n}\n.ajax_search_response.av-k47j6vg7-d3fd1f40b5858f4982ee5b8d5d9dc574{\npadding:0px 0px 0px 0px;\nmargin:0px 0px 0px 0px;\n}\n<\/style>\n<div  class='avia_search_element av-k47j6vg7-d3fd1f40b5858f4982ee5b8d5d9dc574  avia-builder-el-9  el_after_av_textblock  avia-builder-el-last '><form action='https:\/\/joukkosieessa.fi\/' id='searchform_element' method='get' class='' data-element_id='av-k47j6vg7-d3fd1f40b5858f4982ee5b8d5d9dc574' ><div class='av_searchform_wrapper'><input type='text' value='' id='s' name='s' placeholder='Haku artikkeleista...' class='av-input-field av-input-hasicon' \/><span class='av-input-field-icon av-search-icon avia-font-entypo-fontello'>\ue803<\/span><div class='av_searchsubmit_wrapper '><input type='submit' value='HAE' id='searchsubmit' class='button ' \/><\/div><input type='hidden' name='numberposts' value='5' \/><input type='hidden' name='post_type' value='post' \/><input type='hidden' name='results_hide_fields' value='' \/><\/div><\/form><\/div><\/p><\/div>\n<style type=\"text\/css\" data-created_by=\"avia_inline_auto\" id=\"style-css-av-4q3l2l-c18182c0b982fe0919aa7809c544a6ff\">\n.flex_column.av-4q3l2l-c18182c0b982fe0919aa7809c544a6ff{\nborder-radius:0px 0px 0px 0px;\npadding:0px 0px 0px 0px;\n}\n<\/style>\n<div  class='flex_column av-4q3l2l-c18182c0b982fe0919aa7809c544a6ff av_one_half  avia-builder-el-10  el_after_av_one_full  el_before_av_one_half  first flex_column_div av-zero-column-padding  column-top-margin'     ><div  class='avia-button-wrap av-k7nqxc8r-698483777e52b73bcc6f15b69dab4666-wrap avia-button-left  avia-builder-el-11  avia-builder-el-no-sibling '><a href='https:\/\/joukkosieessa.fi\/index.php\/sodan-aika\/jatkosota\/asemasota\/tammi-helmikuu-1944\/'  class='avia-button av-k7nqxc8r-698483777e52b73bcc6f15b69dab4666 avia-icon_select-no avia-size-small avia-position-left avia-color-theme-color-highlight'  ><span class='avia_iconbox_title' >Tammi-, helmikuu 1944<\/span><\/a><\/div><\/div><\/p>\n\n<style type=\"text\/css\" data-created_by=\"avia_inline_auto\" id=\"style-css-av-31lav1-59c6b2c45c93cd3f1d1d6c50fdf4b028\">\n.flex_column.av-31lav1-59c6b2c45c93cd3f1d1d6c50fdf4b028{\nborder-radius:0px 0px 0px 0px;\npadding:0px 0px 0px 0px;\n}\n<\/style>\n<div  class='flex_column av-31lav1-59c6b2c45c93cd3f1d1d6c50fdf4b028 av_one_half  avia-builder-el-12  el_after_av_one_half  avia-builder-el-last  flex_column_div av-zero-column-padding  column-top-margin'     ><div  class='avia-button-wrap av-k7nqxs4m-0651842f98989903080116ff86f7b444-wrap avia-button-right  avia-builder-el-13  avia-builder-el-no-sibling '><a href='https:\/\/joukkosieessa.fi\/index.php\/sodan-aika\/jatkosota\/asemasota\/touko-kesakuu-1944\/'  class='avia-button av-k7nqxs4m-0651842f98989903080116ff86f7b444 avia-icon_select-no avia-size-small avia-position-right avia-color-theme-color-highlight'  ><span class='avia_iconbox_title' >Touko-, kes\u00e4kuu 1944<\/span><\/a><\/div><\/div>\n","protected":false},"excerpt":{"rendered":"","protected":false},"author":1,"featured_media":0,"parent":1952,"menu_order":14,"comment_status":"closed","ping_status":"closed","template":"","meta":{"footnotes":""},"class_list":["post-1997","page","type-page","status-publish","hentry"],"_links":{"self":[{"href":"https:\/\/joukkosieessa.fi\/index.php\/wp-json\/wp\/v2\/pages\/1997","targetHints":{"allow":["GET"]}}],"collection":[{"href":"https:\/\/joukkosieessa.fi\/index.php\/wp-json\/wp\/v2\/pages"}],"about":[{"href":"https:\/\/joukkosieessa.fi\/index.php\/wp-json\/wp\/v2\/types\/page"}],"author":[{"embeddable":true,"href":"https:\/\/joukkosieessa.fi\/index.php\/wp-json\/wp\/v2\/users\/1"}],"replies":[{"embeddable":true,"href":"https:\/\/joukkosieessa.fi\/index.php\/wp-json\/wp\/v2\/comments?post=1997"}],"version-history":[{"count":15,"href":"https:\/\/joukkosieessa.fi\/index.php\/wp-json\/wp\/v2\/pages\/1997\/revisions"}],"predecessor-version":[{"id":3985,"href":"https:\/\/joukkosieessa.fi\/index.php\/wp-json\/wp\/v2\/pages\/1997\/revisions\/3985"}],"up":[{"embeddable":true,"href":"https:\/\/joukkosieessa.fi\/index.php\/wp-json\/wp\/v2\/pages\/1952"}],"wp:attachment":[{"href":"https:\/\/joukkosieessa.fi\/index.php\/wp-json\/wp\/v2\/media?parent=1997"}],"curies":[{"name":"wp","href":"https:\/\/api.w.org\/{rel}","templated":true}]}}